000
CDUS41 KBGM 290553
CLIBGM


CLIMATE REPORT
NATIONAL WEATHER SERVICE BINGHAMTON NY
152 AM EDT SAT AUG 29 2015


...................................

...THE BINGHAMTON NY CLIMATE SUMMARY FOR AUGUST 28 2015...

CLIMATE NORMAL PERIOD 1981 TO 2010
CLIMATE RECORD PERIOD 1951 TO 2015


WEATHER ITEM   OBSERVED TIME   RECORD YEAR NORMAL DEPARTURE LAST
                VALUE   (LST)  VALUE       VALUE  FROM      YEAR
                                                  NORMAL
..................................................................
TEMPERATURE (F)
 YESTERDAY
  MAXIMUM         71    149 PM  91    1953  75     -4       68
  MINIMUM         50    623 AM  42    1982  57     -7       55
  AVERAGE         61                        66     -5       62

PRECIPITATION (IN)
  YESTERDAY        0.00          2.71 2011   0.11  -0.11     0.00
  MONTH TO DATE    3.08                      3.13  -0.05     5.06
  SINCE JUN 1     17.97                     11.14   6.83    13.27
  SINCE JAN 1     31.52                     25.89   5.63    28.63

SNOWFALL (IN)
  YESTERDAY        0.0           0.0  2002   0.0    0.0      0.0
                                      2001
                                      2000
  MONTH TO DATE    0.0                       0.0    0.0      0.0
  SINCE JUN 1      T                         0.0    0.0       T
  SINCE JUL 1      T                         0.0    0.0       T
  SNOW DEPTH       0

DEGREE DAYS
 HEATING
  YESTERDAY        4                         2      2        3
  MONTH TO DATE   25                        33     -8       34
  SINCE JUN 1    126                       148    -22      104
  SINCE JUL 1     49                        57     -8       59

 COOLING
  YESTERDAY        0                         3     -3        0
  MONTH TO DATE   86                       103    -17       64
  SINCE JUN 1    255                       315    -60      272
  SINCE JAN 1    328                       338    -10      297
..................................................................


WIND (MPH)
  HIGHEST WIND SPEED     8   HIGHEST WIND DIRECTION     W (260)
  HIGHEST GUST SPEED    10   HIGHEST GUST DIRECTION     W (250)
  AVERAGE WIND SPEED     2.6


SKY COVER
  AVERAGE SKY COVER 0.5


WEATHER CONDITIONS
 THE FOLLOWING WEATHER WAS RECORDED YESTERDAY.
  FOG
  FOG W/VISIBILITY <= 1/4 MILE


RELATIVE HUMIDITY (PERCENT)
 HIGHEST   100           400 AM
 LOWEST     53           200 PM
 AVERAGE    77

..........................................................


THE BINGHAMTON NY CLIMATE NORMALS FOR TODAY
                         NORMAL    RECORD    YEAR
 MAXIMUM TEMPERATURE (F)   74        91      1953
 MINIMUM TEMPERATURE (F)   56        38      1982


SUNRISE AND SUNSET
AUGUST 29 2015........SUNRISE   626 AM EDT   SUNSET   743 PM EDT
AUGUST 30 2015........SUNRISE   627 AM EDT   SUNSET   742 PM EDT


-  INDICATES NEGATIVE NUMBERS.
R  INDICATES RECORD WAS SET OR TIED.
MM INDICATES DATA IS MISSING.
T  INDICATES TRACE AMOUNT.




$$
