000
CDUS41 KBGM 210559
CLIBGM


CLIMATE REPORT
NATIONAL WEATHER SERVICE BINGHAMTON NY
158 AM EDT THU AUG 21 2014


...................................

...THE BINGHAMTON NY CLIMATE SUMMARY FOR AUGUST 20 2014...

CLIMATE NORMAL PERIOD 1981 TO 2010
CLIMATE RECORD PERIOD 1951 TO 2014


WEATHER ITEM   OBSERVED TIME   RECORD YEAR NORMAL DEPARTURE LAST
                VALUE   (LST)  VALUE       VALUE  FROM      YEAR
                                                  NORMAL
..................................................................
TEMPERATURE (F)
 YESTERDAY
  MAXIMUM         77   1240 PM  91    1962  76      1       79
                                      1955
  MINIMUM         63    502 AM  45    1998  58      5       60
  AVERAGE         70                        67      3       70

PRECIPITATION (IN)
  YESTERDAY        0.94          1.09 1991   0.11   0.83     0.00
  MONTH TO DATE    3.95                      2.24   1.71     3.84
  SINCE JUN 1     12.16                     10.25   1.91    15.60
  SINCE JAN 1     27.52                     25.00   2.52    28.76

SNOWFALL (IN)
  YESTERDAY        0.0           T    1962   0.0    0.0      0.0
  MONTH TO DATE    0.0                       0.0    0.0      0.0
  SINCE JUN 1      T                         0.0    0.0      0.0
  SINCE JUL 1      T                         0.0    0.0      0.0
  SNOW DEPTH       0

DEGREE DAYS
 HEATING
  YESTERDAY        0                         1     -1        0
  MONTH TO DATE   29                        20      9       34
  SINCE JUN 1     99                       135    -36      135
  SINCE JUL 1     54                        44     10       48

 COOLING
  YESTERDAY        5                         3      2        5
  MONTH TO DATE   46                        79    -33       25
  SINCE JUN 1    254                       291    -37      328
  SINCE JAN 1    279                       314    -35      371
..................................................................


WIND (MPH)
  HIGHEST WIND SPEED    22   HIGHEST WIND DIRECTION    SW (210)
  HIGHEST GUST SPEED    26   HIGHEST GUST DIRECTION     S (200)
  AVERAGE WIND SPEED     5.1


SKY COVER
  AVERAGE SKY COVER 0.7


WEATHER CONDITIONS
 THE FOLLOWING WEATHER WAS RECORDED YESTERDAY.
  THUNDERSTORM
  HEAVY RAIN
  RAIN
  LIGHT RAIN
  FOG
  FOG W/VISIBILITY <= 1/4 MILE


RELATIVE HUMIDITY (PERCENT)
 HIGHEST   100           800 PM
 LOWEST     74           100 PM
 AVERAGE    87

..........................................................


THE BINGHAMTON NY CLIMATE NORMALS FOR TODAY
                         NORMAL    RECORD    YEAR
 MAXIMUM TEMPERATURE (F)   76        89      1955
 MINIMUM TEMPERATURE (F)   58        43      1992


SUNRISE AND SUNSET
AUGUST 21 2014........SUNRISE   618 AM EDT   SUNSET   756 PM EDT
AUGUST 22 2014........SUNRISE   619 AM EDT   SUNSET   754 PM EDT


-  INDICATES NEGATIVE NUMBERS.
R  INDICATES RECORD WAS SET OR TIED.
MM INDICATES DATA IS MISSING.
T  INDICATES TRACE AMOUNT.




$$
