000
CDUS41 KBGM 160218
CLIBGM


CLIMATE REPORT
NATIONAL WEATHER SERVICE BINGHAMTON NY
1018 PM EDT SAT JUL 15 2017


...................................

...THE BINGHAMTON NY CLIMATE SUMMARY FOR JULY 15 2017...
VALID AS OF 1000 PM LOCAL TIME.

CLIMATE NORMAL PERIOD 1981 TO 2010
CLIMATE RECORD PERIOD 1951 TO 2017


WEATHER ITEM   OBSERVED TIME   RECORD YEAR NORMAL DEPARTURE LAST
                VALUE   (LST)  VALUE       VALUE  FROM      YEAR
                                                  NORMAL
..................................................................
TEMPERATURE (F)
 TODAY
  MAXIMUM         72    211 PM  96    1995  78     -6       87
                                      1983
  MINIMUM         61    659 AM  51    2009  60      1       65
                                      1989
                                      1986
  AVERAGE         67                        69     -2       76

PRECIPITATION (IN)
  TODAY            0.00          1.08 2000   0.12  -0.12     0.05
  MONTH TO DATE    2.76                      1.82   0.94     0.46
  SINCE JUN 1      8.50                      6.13   2.37     3.50
  SINCE JAN 1     32.95                     20.88  12.07    15.89

SNOWFALL (IN)
  TODAY            0.0           0.0  2002   0.0    0.0      0.0
                                      2000
                                      2001
  MONTH TO DATE    0.0                       0.0    0.0      0.0
  SINCE JUN 1      T                         0.0    0.0      0.0
  SINCE JUL 1      0.0                       0.0    0.0      0.0
  SNOW DEPTH       0

DEGREE DAYS
 HEATING
  TODAY            0                         1     -1        0
  MONTH TO DATE    1                        15    -14        3
  SINCE JUN 1     96                       106    -10       72
  SINCE JUL 1      1                        15    -14        3

 COOLING
  TODAY            2                         5     -3       11
  MONTH TO DATE   53                        66    -13       94
  SINCE JUN 1    126                       140    -14      157
  SINCE JAN 1    147                       163    -16      203
..................................................................


WIND (MPH)
  HIGHEST WIND SPEED    14   HIGHEST WIND DIRECTION     W (280)
  HIGHEST GUST SPEED    20   HIGHEST GUST DIRECTION    NW (300)
  AVERAGE WIND SPEED     7.0


SKY COVER
  AVERAGE SKY COVER 0.9


WEATHER CONDITIONS
 THE FOLLOWING WEATHER WAS RECORDED TODAY.
  FOG
  FOG W/VISIBILITY <= 1/4 MILE


RELATIVE HUMIDITY (PERCENT)
 HIGHEST   100          1200 AM
 LOWEST     70           300 PM
 AVERAGE    85

..........................................................


THE BINGHAMTON NY CLIMATE NORMALS FOR TOMORROW
                         NORMAL    RECORD    YEAR
 MAXIMUM TEMPERATURE (F)   78        98      1988
 MINIMUM TEMPERATURE (F)   60        49      2015


SUNRISE AND SUNSET
JULY 15 2017..........SUNRISE   541 AM EDT   SUNSET   838 PM EDT
JULY 16 2017..........SUNRISE   542 AM EDT   SUNSET   838 PM EDT


-  INDICATES NEGATIVE NUMBERS.
R  INDICATES RECORD WAS SET OR TIED.
MM INDICATES DATA IS MISSING.
T  INDICATES TRACE AMOUNT.




$$
