000
CDUS41 KBGM 062122
CLIBGM


CLIMATE REPORT
NATIONAL WEATHER SERVICE BINGHAMTON NY
522 PM EDT FRI OCT 6 2017


...................................

...THE BINGHAMTON NY CLIMATE SUMMARY FOR OCTOBER 6 2017...
VALID AS OF 0500 PM LOCAL TIME.

CLIMATE NORMAL PERIOD 1981 TO 2010
CLIMATE RECORD PERIOD 1951 TO 2017


WEATHER ITEM   OBSERVED TIME   RECORD YEAR NORMAL DEPARTURE LAST
                VALUE   (LST)  VALUE       VALUE  FROM      YEAR
                                                  NORMAL
..................................................................
TEMPERATURE (F)
 TODAY
  MAXIMUM         68    248 PM  82    2007  60      8       70
  MINIMUM         52    602 AM  25    1958  43      9       43
  AVERAGE         60                        52      8       57

PRECIPITATION (IN)
  TODAY            0.01          1.52 1959   0.11  -0.10     0.00
  MONTH TO DATE    0.04                      0.67  -0.63     0.41
  SINCE SEP 1      1.30                      4.30  -3.00     1.44
  SINCE JAN 1     41.04                     30.51  10.53    24.99

SNOWFALL (IN)
  TODAY            0.0           0.0  2002   0.0    0.0      0.0
                                      2000
  MONTH TO DATE    0.0                       0.0    0.0      0.0
  SINCE SEP 1      0.0                       0.0    0.0      0.0
  SINCE JUL 1      0.0                       0.0    0.0      0.0
  SNOW DEPTH       0

DEGREE DAYS
 HEATING
  TODAY            5                        13     -8        8
  MONTH TO DATE   42                        75    -33       55
  SINCE SEP 1    197                       269    -72      169
  SINCE JUL 1    278                       332    -54      178

 COOLING
  TODAY            0                         0      0        0
  MONTH TO DATE    0                         0      0        0
  SINCE SEP 1     69                        31     38       48
  SINCE JAN 1    340                       379    -39      559
..................................................................


WIND (MPH)
  HIGHEST WIND SPEED     9   HIGHEST WIND DIRECTION     S (200)
  HIGHEST GUST SPEED    12   HIGHEST GUST DIRECTION     W (250)
  AVERAGE WIND SPEED     4.8


SKY COVER
  AVERAGE SKY COVER 0.7


WEATHER CONDITIONS
 THE FOLLOWING WEATHER WAS RECORDED TODAY.
  LIGHT RAIN


RELATIVE HUMIDITY (PERCENT)
 HIGHEST    93           300 AM
 LOWEST     58           200 PM
 AVERAGE    76

..........................................................


THE BINGHAMTON NY CLIMATE NORMALS FOR TOMORROW
                         NORMAL    RECORD    YEAR
 MAXIMUM TEMPERATURE (F)   60        82      1963
 MINIMUM TEMPERATURE (F)   43        27      1999


SUNRISE AND SUNSET
OCTOBER  6 2017.......SUNRISE   707 AM EDT   SUNSET   636 PM EDT
OCTOBER  7 2017.......SUNRISE   708 AM EDT   SUNSET   635 PM EDT


-  INDICATES NEGATIVE NUMBERS.
R  INDICATES RECORD WAS SET OR TIED.
MM INDICATES DATA IS MISSING.
T  INDICATES TRACE AMOUNT.




$$
