000
CDUS41 KBGM 072128
CLIBGM


CLIMATE REPORT
NATIONAL WEATHER SERVICE BINGHAMTON NY
528 PM EDT MON AUG 7 2017


...................................

...THE BINGHAMTON NY CLIMATE SUMMARY FOR AUGUST 7 2017...
VALID TODAY AS OF 0500 PM LOCAL TIME.

CLIMATE NORMAL PERIOD 1981 TO 2010
CLIMATE RECORD PERIOD 1951 TO 2017


WEATHER ITEM   OBSERVED TIME   RECORD YEAR NORMAL DEPARTURE LAST
                VALUE   (LST)  VALUE       VALUE  FROM      YEAR
                                                  NORMAL
..................................................................
TEMPERATURE (F)
 TODAY
  MAXIMUM         62    334 PM  90    2001  78    -16       79
                                      1966
                                      1965
  MINIMUM         56    325 AM  47    1979  59     -3       58
  AVERAGE         59                        68     -9       69

PRECIPITATION (IN)
  TODAY            T             1.74 2011   0.11  -0.11     0.00
  MONTH TO DATE    0.54                      0.80  -0.26     0.72
  SINCE JUN 1     13.21                      8.81   4.40     6.65
  SINCE JAN 1     37.66                     23.56  14.10    19.04

SNOWFALL (IN)
  TODAY            0.0           0.0  2002   0.0    0.0      0.0
                                      2001
                                      2000
  MONTH TO DATE    0.0                       0.0    0.0      0.0
  SINCE JUN 1      T                         0.0    0.0      0.0
  SINCE JUL 1      0.0                       0.0    0.0      0.0
  SNOW DEPTH       0

DEGREE DAYS
 HEATING
  TODAY            6                         1      5        0
  MONTH TO DATE   14                         7      7        0
  SINCE JUN 1    117                       122     -5       72
  SINCE JUL 1     22                        31     -9        3

 COOLING
  TODAY            0                         4     -4        4
  MONTH TO DATE   26                        28     -2       35
  SINCE JUN 1    206                       240    -34      315
  SINCE JAN 1    227                       263    -36      361
..................................................................


WIND (MPH)
  HIGHEST WIND SPEED    14   HIGHEST WIND DIRECTION     S (160)
  HIGHEST GUST SPEED    19   HIGHEST GUST DIRECTION    SE (140)
  AVERAGE WIND SPEED     6.8


SKY COVER
  AVERAGE SKY COVER 0.7


WEATHER CONDITIONS
 THE FOLLOWING WEATHER WAS RECORDED TODAY.
  LIGHT RAIN
  FOG


RELATIVE HUMIDITY (PERCENT)
 HIGHEST    93           200 AM
 LOWEST     78          1000 AM
 AVERAGE    86

..........................................................


THE BINGHAMTON NY CLIMATE NORMALS FOR TOMORROW
                         NORMAL    RECORD    YEAR
 MAXIMUM TEMPERATURE (F)   78        91      2001
 MINIMUM TEMPERATURE (F)   59        45      1989


SUNRISE AND SUNSET
AUGUST  7 2017........SUNRISE   603 AM EDT   SUNSET   815 PM EDT
AUGUST  8 2017........SUNRISE   604 AM EDT   SUNSET   814 PM EDT


-  INDICATES NEGATIVE NUMBERS.
R  INDICATES RECORD WAS SET OR TIED.
MM INDICATES DATA IS MISSING.
T  INDICATES TRACE AMOUNT.




$$
