000
CDUS41 KBGM 140545
CLIBGM


CLIMATE REPORT
NATIONAL WEATHER SERVICE BINGHAMTON NY
145 AM EDT TUE MAR 14 2017


...................................

...THE BINGHAMTON NY CLIMATE SUMMARY FOR MARCH 13 2017...

CLIMATE NORMAL PERIOD 1981 TO 2010
CLIMATE RECORD PERIOD 1951 TO 2017


WEATHER ITEM   OBSERVED TIME   RECORD YEAR NORMAL DEPARTURE LAST
                VALUE   (LST)  VALUE       VALUE  FROM      YEAR
                                                  NORMAL
..................................................................
TEMPERATURE (F)
 YESTERDAY
  MAXIMUM         27    505 PM  75    1990  40    -13       53
  MINIMUM          6R   532 AM   6    2014  23    -17       40
  AVERAGE         17                        32    -15       47

PRECIPITATION (IN)
  YESTERDAY        0.00          1.29 1977   0.10  -0.10      T
  MONTH TO DATE    0.82                      1.15  -0.33     0.57
  SINCE MAR 1      0.82                      1.15  -0.33     0.57
  SINCE JAN 1      7.09                      5.91   1.18     5.88

SNOWFALL (IN)
  YESTERDAY        0.0          18.6  1993   0.5   -0.5      0.0
  MONTH TO DATE    2.9                       7.8   -4.9      0.6
  SINCE MAR 1      2.9                       7.8   -4.9      0.6
  SINCE JUL 1     96.4                      71.7   24.7     22.3
  SNOW DEPTH       0

DEGREE DAYS
 HEATING
  YESTERDAY       48                        33     15       18
  MONTH TO DATE  499                       459     40      341
  SINCE MAR 1    499                       459     40      341
  SINCE JUL 1   5112                      5658   -546     4699

 COOLING
  YESTERDAY        0                         0      0        0
  MONTH TO DATE    0                         0      0        0
  SINCE MAR 1      0                         0      0        0
  SINCE JAN 1      0                         0      0        0
..................................................................


WIND (MPH)
  HIGHEST WIND SPEED    13   HIGHEST WIND DIRECTION    SE (140)
  HIGHEST GUST SPEED    16   HIGHEST GUST DIRECTION    SE (140)
  AVERAGE WIND SPEED     4.0


SKY COVER
  AVERAGE SKY COVER 0.4


WEATHER CONDITIONS
 THE FOLLOWING WEATHER WAS RECORDED YESTERDAY.
  NO SIGNIFICANT WEATHER WAS OBSERVED.


RELATIVE HUMIDITY (PERCENT)
 HIGHEST    88           300 AM
 LOWEST     32           600 PM
 AVERAGE    60

..........................................................


THE BINGHAMTON NY CLIMATE NORMALS FOR TODAY
                         NORMAL    RECORD    YEAR
 MAXIMUM TEMPERATURE (F)   40        78      1990
 MINIMUM TEMPERATURE (F)   24         4      1993


SUNRISE AND SUNSET
MARCH 14 2017.........SUNRISE   717 AM EDT   SUNSET   710 PM EDT
MARCH 15 2017.........SUNRISE   715 AM EDT   SUNSET   711 PM EDT


-  INDICATES NEGATIVE NUMBERS.
R  INDICATES RECORD WAS SET OR TIED.
MM INDICATES DATA IS MISSING.
T  INDICATES TRACE AMOUNT.




$$
