000
CDUS41 KBGM 190543
CLIBGM


CLIMATE REPORT
NATIONAL WEATHER SERVICE BINGHAMTON NY
1242 AM EST WED NOV 19 2014


...................................

...THE BINGHAMTON NY CLIMATE SUMMARY FOR NOVEMBER 18 2014...

CLIMATE NORMAL PERIOD 1981 TO 2010
CLIMATE RECORD PERIOD 1951 TO 2014


WEATHER ITEM   OBSERVED TIME   RECORD YEAR NORMAL DEPARTURE LAST
                VALUE   (LST)  VALUE       VALUE  FROM      YEAR
                                                  NORMAL
..................................................................
TEMPERATURE (F)
 YESTERDAY
  MAXIMUM         31   1220 AM  65    1958  44    -13       57
  MINIMUM         14   1159 PM  11    1959  31    -17       35
  AVERAGE         23                        37    -14       46

PRECIPITATION (IN)
  YESTERDAY        T             0.96 1968   0.11  -0.11     0.27
  MONTH TO DATE    1.15                      1.96  -0.81     1.56
  SINCE SEP 1      6.35                      8.92  -2.57     7.28
  SINCE JAN 1     35.38                     35.13   0.25    37.57

SNOWFALL (IN)
  YESTERDAY        T             5.5  1986   0.2   -0.2       T
  MONTH TO DATE    2.9                       2.4    0.5      2.0
  SINCE SEP 1      2.9                       3.4   -0.5      2.0
  SINCE JUL 1      2.9                       3.4   -0.5      2.0
  SNOW DEPTH       T

DEGREE DAYS
 HEATING
  YESTERDAY       42                        28     14       19
  MONTH TO DATE  475                       442     33      445
  SINCE SEP 1   1059                      1151    -92     1078
  SINCE JUL 1   1125                      1214    -89     1129

 COOLING
  YESTERDAY        0                         0      0        0
  MONTH TO DATE    0                         0      0        0
  SINCE SEP 1     39                        33      6       53
  SINCE JAN 1    341                       381    -40      480
..................................................................


WIND (MPH)
  HIGHEST WIND SPEED    26   HIGHEST WIND DIRECTION     W (260)
  HIGHEST GUST SPEED    37   HIGHEST GUST DIRECTION     W (280)
  AVERAGE WIND SPEED    16.8


SKY COVER
  AVERAGE SKY COVER 0.3


WEATHER CONDITIONS
 THE FOLLOWING WEATHER WAS RECORDED YESTERDAY.
  LIGHT SNOW


RELATIVE HUMIDITY (PERCENT)
 HIGHEST    92          1200 AM
 LOWEST     45           100 PM
 AVERAGE    69

..........................................................


THE BINGHAMTON NY CLIMATE NORMALS FOR TODAY
                         NORMAL    RECORD    YEAR
 MAXIMUM TEMPERATURE (F)   44        70      1991
 MINIMUM TEMPERATURE (F)   30        13      1986


SUNRISE AND SUNSET
NOVEMBER 19 2014......SUNRISE   659 AM EST   SUNSET   439 PM EST
NOVEMBER 20 2014......SUNRISE   700 AM EST   SUNSET   438 PM EST


-  INDICATES NEGATIVE NUMBERS.
R  INDICATES RECORD WAS SET OR TIED.
MM INDICATES DATA IS MISSING.
T  INDICATES TRACE AMOUNT.

$$
