000
CDUS41 KBGM 140536
CLIBGM


CLIMATE REPORT
NATIONAL WEATHER SERVICE BINGHAMTON NY
136 AM EDT SAT MAY 14 2016


...................................

...THE BINGHAMTON NY CLIMATE SUMMARY FOR MAY 13 2016...

CLIMATE NORMAL PERIOD 1981 TO 2010
CLIMATE RECORD PERIOD 1951 TO 2016


WEATHER ITEM   OBSERVED TIME   RECORD YEAR NORMAL DEPARTURE LAST
                VALUE   (LST)  VALUE       VALUE  FROM      YEAR
                                                  NORMAL
..................................................................
TEMPERATURE (F)
 YESTERDAY
  MAXIMUM         68    409 PM  83    1985  65      3       49
  MINIMUM         53   1157 PM  29    2005  45      8       41
  AVERAGE         61                        55      6       45

PRECIPITATION (IN)
  YESTERDAY        0.83          1.36 1964   0.11   0.72      T
  MONTH TO DATE    2.12                      1.41   0.71     0.25
  SINCE MAR 1      6.35                      7.83  -1.48     6.45
  SINCE JAN 1     11.66                     12.59  -0.93    10.39

SNOWFALL (IN)
  YESTERDAY        0.0           T    2013   0.0    0.0      0.0
  MONTH TO DATE    0.0                       0.1   -0.1      0.0
  SINCE MAR 1     10.3                      19.5   -9.2     17.6
  SINCE JUL 1     32.0                      83.4  -51.4     93.4
  SNOW DEPTH       0

DEGREE DAYS
 HEATING
  YESTERDAY        4                        11     -7       20
  MONTH TO DATE  190                       161     29       52
  SINCE MAR 1   1640                      1761   -121     1825
  SINCE JUL 1   5998                      6960   -962     7357

 COOLING
  YESTERDAY        0                         1     -1        0
  MONTH TO DATE    0                         1     -1       31
  SINCE MAR 1      0                         5     -5       31
  SINCE JAN 1      0                         5     -5       31
..................................................................


WIND (MPH)
  HIGHEST WIND SPEED    16   HIGHEST WIND DIRECTION    NW (330)
  HIGHEST GUST SPEED    24   HIGHEST GUST DIRECTION     S (160)
  AVERAGE WIND SPEED     8.0


SKY COVER
  AVERAGE SKY COVER 0.7


WEATHER CONDITIONS
 THE FOLLOWING WEATHER WAS RECORDED YESTERDAY.
  HEAVY RAIN
  RAIN
  LIGHT RAIN
  FOG


RELATIVE HUMIDITY (PERCENT)
 HIGHEST   100           700 AM
 LOWEST     55           400 PM
 AVERAGE    78

..........................................................


THE BINGHAMTON NY CLIMATE NORMALS FOR TODAY
                         NORMAL    RECORD    YEAR
 MAXIMUM TEMPERATURE (F)   65        81      1956
 MINIMUM TEMPERATURE (F)   46        30      2013
                                             1996


SUNRISE AND SUNSET
MAY 14 2016...........SUNRISE   543 AM EDT   SUNSET   818 PM EDT
MAY 15 2016...........SUNRISE   542 AM EDT   SUNSET   819 PM EDT


-  INDICATES NEGATIVE NUMBERS.
R  INDICATES RECORD WAS SET OR TIED.
MM INDICATES DATA IS MISSING.
T  INDICATES TRACE AMOUNT.




$$
