000
CDUS41 KBGM 120326
CLIBGM


CLIMATE REPORT
NATIONAL WEATHER SERVICE BINGHAMTON NY
1026 PM EST WED JAN 11 2017


...................................

...THE BINGHAMTON NY CLIMATE SUMMARY FOR JANUARY 11 2017...
VALID AS OF 1000 PM LOCAL TIME.

CLIMATE NORMAL PERIOD 1981 TO 2010
CLIMATE RECORD PERIOD 1951 TO 2017


WEATHER ITEM   OBSERVED TIME   RECORD YEAR NORMAL DEPARTURE LAST
                VALUE   (LST)  VALUE       VALUE  FROM      YEAR
                                                  NORMAL
..................................................................
TEMPERATURE (F)
 TODAY
  MAXIMUM         43    923 PM  62    1975  29     14       27
  MINIMUM         27   1219 AM  -9    1981  16     11       12
  AVERAGE         35                        22     13       20

PRECIPITATION (IN)
  TODAY            0.04          0.94 2014   0.08  -0.04      T
  MONTH TO DATE    0.89                      0.87   0.02     0.75
  SINCE DEC 1      4.48                      3.70   0.78     4.36
  SINCE JAN 1      0.89                      0.87   0.02     0.75

SNOWFALL (IN)
  TODAY            T             6.7  1976   0.8   -0.8      0.2
  MONTH TO DATE    1.0                       7.8   -6.8      1.0
  SINCE DEC 1     30.8                      25.6    5.2      3.2
  SINCE JUL 1     59.4                      32.4   27.0      4.3
  SNOW DEPTH       T

DEGREE DAYS
 HEATING
  TODAY           30                        43    -13       45
  MONTH TO DATE  471                       467      4      439
  SINCE DEC 1   1647                      1637     10     1194
  SINCE JUL 1   2996                      3212   -216     2464

 COOLING
  TODAY            0                         0      0        0
  MONTH TO DATE    0                         0      0        0
  SINCE DEC 1      0                         0      0        0
  SINCE JAN 1      0                         0      0        0
..................................................................


WIND (MPH)
  HIGHEST WIND SPEED    23   HIGHEST WIND DIRECTION    SW (220)
  HIGHEST GUST SPEED    32   HIGHEST GUST DIRECTION     S (180)
  AVERAGE WIND SPEED    11.3


SKY COVER
  AVERAGE SKY COVER 0.2


WEATHER CONDITIONS
 THE FOLLOWING WEATHER WAS RECORDED TODAY.
  LIGHT RAIN
  FREEZING RAIN
  LT FREEZING RAIN
  FOG


RELATIVE HUMIDITY (PERCENT)
 HIGHEST    92          1200 AM
 LOWEST     62           300 PM
 AVERAGE    77

..........................................................


THE BINGHAMTON NY CLIMATE NORMALS FOR TOMORROW
                         NORMAL    RECORD    YEAR
 MAXIMUM TEMPERATURE (F)   28        49      2006
 MINIMUM TEMPERATURE (F)   16       -13      1968


SUNRISE AND SUNSET
JANUARY 11 2017.......SUNRISE   731 AM EST   SUNSET   453 PM EST
JANUARY 12 2017.......SUNRISE   731 AM EST   SUNSET   454 PM EST


-  INDICATES NEGATIVE NUMBERS.
R  INDICATES RECORD WAS SET OR TIED.
MM INDICATES DATA IS MISSING.
T  INDICATES TRACE AMOUNT.




$$
