000
CDUS41 KBGM 080548
CLIBGM


CLIMATE REPORT
NATIONAL WEATHER SERVICE BINGHAMTON NY
1248 AM EST WED FEB 8 2017


...................................

...THE BINGHAMTON NY CLIMATE SUMMARY FOR FEBRUARY 7 2017...

CLIMATE NORMAL PERIOD 1981 TO 2010
CLIMATE RECORD PERIOD 1951 TO 2017


WEATHER ITEM   OBSERVED TIME   RECORD YEAR NORMAL DEPARTURE LAST
                VALUE   (LST)  VALUE       VALUE  FROM      YEAR
                                                  NORMAL
..................................................................
TEMPERATURE (F)
 YESTERDAY
  MAXIMUM         41   1158 PM  49    2005  30     11       43
  MINIMUM         28    251 AM  -8    1993  16     12       25
  AVERAGE         35                        23     12       34

PRECIPITATION (IN)
  YESTERDAY        0.44          0.60 1986   0.08   0.36     0.00
  MONTH TO DATE    0.53                      0.56  -0.03     0.78
  SINCE DEC 1      7.91                      5.84   2.07     5.70
  SINCE JAN 1      4.32                      3.01   1.31     2.09

SNOWFALL (IN)
  YESTERDAY        0.0           8.3  1986   0.6   -0.6      0.0
  MONTH TO DATE    2.1                       4.3   -2.2       T
  SINCE DEC 1     43.9                      44.3   -0.4     12.4
  SINCE JUL 1     72.5                      51.1   21.4     13.5
  SNOW DEPTH       5

DEGREE DAYS
 HEATING
  YESTERDAY       30                        42    -12       31
  MONTH TO DATE  282                       294    -12      206
  SINCE DEC 1   2615                      2791   -176     2214
  SINCE JUL 1   3964                      4366   -402     3484

 COOLING
  YESTERDAY        0                         0      0        0
  MONTH TO DATE    0                         0      0        0
  SINCE DEC 1      0                         0      0        0
  SINCE JAN 1      0                         0      0        0
..................................................................


WIND (MPH)
  HIGHEST WIND SPEED    20   HIGHEST WIND DIRECTION    SE (140)
  HIGHEST GUST SPEED    26   HIGHEST GUST DIRECTION    SE (150)
  AVERAGE WIND SPEED     9.9


SKY COVER
  AVERAGE SKY COVER 0.9


WEATHER CONDITIONS
 THE FOLLOWING WEATHER WAS RECORDED YESTERDAY.
  RAIN
  LIGHT RAIN
  FOG
  FOG W/VISIBILITY <= 1/4 MILE
  HAZE


RELATIVE HUMIDITY (PERCENT)
 HIGHEST   100           900 AM
 LOWEST     61           100 AM
 AVERAGE    81

..........................................................


THE BINGHAMTON NY CLIMATE NORMALS FOR TODAY
                         NORMAL    RECORD    YEAR
 MAXIMUM TEMPERATURE (F)   31        46      2009
 MINIMUM TEMPERATURE (F)   16       -14      1963


SUNRISE AND SUNSET
FEBRUARY  8 2017......SUNRISE   709 AM EST   SUNSET   528 PM EST
FEBRUARY  9 2017......SUNRISE   708 AM EST   SUNSET   529 PM EST


-  INDICATES NEGATIVE NUMBERS.
R  INDICATES RECORD WAS SET OR TIED.
MM INDICATES DATA IS MISSING.
T  INDICATES TRACE AMOUNT.




$$
