000
CDUS41 KBGM 250220
CLIBGM


CLIMATE REPORT
NATIONAL WEATHER SERVICE BINGHAMTON NY
1019 PM EDT THU JUL 24 2014


...................................

...THE BINGHAMTON NY CLIMATE SUMMARY FOR JULY 24 2014...
VALID AS OF 1000 PM LOCAL TIME.

CLIMATE NORMAL PERIOD 1981 TO 2010
CLIMATE RECORD PERIOD 1951 TO 2014


WEATHER ITEM   OBSERVED TIME   RECORD YEAR NORMAL DEPARTURE LAST
                VALUE   (LST)  VALUE       VALUE  FROM      YEAR
                                                  NORMAL
..................................................................
TEMPERATURE (F)
 TODAY
  MAXIMUM         69    236 PM  88    2001  78     -9       66
                                      1987
  MINIMUM         58    859 PM  49    1985  60     -2       51
                                      1981
  AVERAGE         64                        69     -5       59

PRECIPITATION (IN)
  TODAY            0.00          1.51 1975   0.12  -0.12     0.02
  MONTH TO DATE    3.76                      2.88   0.88     5.92
  SINCE JUN 1      8.13                      7.19   0.94    11.16
  SINCE JAN 1     23.49                     21.94   1.55    24.32

SNOWFALL (IN)
  TODAY            0.0           0.0  2002   0.0    0.0      0.0
                                      2000
                                      2001
  MONTH TO DATE    T                         0.0    0.0      0.0
  SINCE JUN 1      T                         0.0    0.0      0.0
  SINCE JUL 1      T                         0.0    0.0      0.0
  SNOW DEPTH       0

DEGREE DAYS
 HEATING
  TODAY            1                         1      0        6
  MONTH TO DATE    9                        24    -15        6
  SINCE JUN 1     54                       115    -61       93
  SINCE JUL 1      9                        24    -15        6

 COOLING
  TODAY            0                         5     -5        0
  MONTH TO DATE  113                       111      2      217
  SINCE JUN 1    198                       185     13      300
  SINCE JAN 1    223                       208     15      343
..................................................................


WIND (MPH)
  HIGHEST WIND SPEED    16   HIGHEST WIND DIRECTION     N (360)
  HIGHEST GUST SPEED    22   HIGHEST GUST DIRECTION     N (350)
  AVERAGE WIND SPEED     9.4


SKY COVER
  AVERAGE SKY COVER 0.3


WEATHER CONDITIONS
 THE FOLLOWING WEATHER WAS RECORDED TODAY.
  NO SIGNIFICANT WEATHER WAS OBSERVED.


RELATIVE HUMIDITY (PERCENT)
 HIGHEST   100           500 AM
 LOWEST     52           500 PM
 AVERAGE    76

..........................................................


THE BINGHAMTON NY CLIMATE NORMALS FOR TOMORROW
                         NORMAL    RECORD    YEAR
 MAXIMUM TEMPERATURE (F)   78        88      2005
                                             1966
 MINIMUM TEMPERATURE (F)   60        45      1953


SUNRISE AND SUNSET
JULY 24 2014..........SUNRISE   549 AM EDT   SUNSET   831 PM EDT
JULY 25 2014..........SUNRISE   550 AM EDT   SUNSET   830 PM EDT


-  INDICATES NEGATIVE NUMBERS.
R  INDICATES RECORD WAS SET OR TIED.
MM INDICATES DATA IS MISSING.
T  INDICATES TRACE AMOUNT.

$$
