000
CDUS41 KBGM 070609
CLIBGM


CLIMATE REPORT
NATIONAL WEATHER SERVICE BINGHAMTON NY
108 AM EST TUE FEB 7 2017


...................................

...THE BINGHAMTON NY CLIMATE SUMMARY FOR FEBRUARY 6 2017...

CLIMATE NORMAL PERIOD 1981 TO 2010
CLIMATE RECORD PERIOD 1951 TO 2017


WEATHER ITEM   OBSERVED TIME   RECORD YEAR NORMAL DEPARTURE LAST
                VALUE   (LST)  VALUE       VALUE  FROM      YEAR
                                                  NORMAL
..................................................................
TEMPERATURE (F)
 YESTERDAY
  MAXIMUM         36    451 PM  50    2012  30      6       39
                                      2005
  MINIMUM         21    839 AM  -7    1995  16      5       20
  AVERAGE         29                        23      6       30

PRECIPITATION (IN)
  YESTERDAY        T             1.24 1955   0.08  -0.08     0.00
  MONTH TO DATE    0.09                      0.48  -0.39     0.78
  SINCE DEC 1      7.47                      5.76   1.71     5.70
  SINCE JAN 1      3.88                      2.93   0.95     2.09

SNOWFALL (IN)
  YESTERDAY        T             7.3  1978   0.6   -0.6      0.0
  MONTH TO DATE    2.1                       3.7   -1.6       T
  SINCE DEC 1     43.9                      43.7    0.2     12.4
  SINCE JUL 1     72.5                      50.5   22.0     13.5
  SNOW DEPTH       5

DEGREE DAYS
 HEATING
  YESTERDAY       36                        42     -6       35
  MONTH TO DATE  252                       252      0      175
  SINCE DEC 1   2585                      2749   -164     2183
  SINCE JUL 1   3934                      4324   -390     3453

 COOLING
  YESTERDAY        0                         0      0        0
  MONTH TO DATE    0                         0      0        0
  SINCE DEC 1      0                         0      0        0
  SINCE JAN 1      0                         0      0        0
..................................................................


WIND (MPH)
  HIGHEST WIND SPEED    17   HIGHEST WIND DIRECTION    NW (310)
  HIGHEST GUST SPEED    24   HIGHEST GUST DIRECTION    NW (330)
  AVERAGE WIND SPEED     7.1


SKY COVER
  AVERAGE SKY COVER 0.7


WEATHER CONDITIONS
 THE FOLLOWING WEATHER WAS RECORDED YESTERDAY.
  LIGHT SNOW


RELATIVE HUMIDITY (PERCENT)
 HIGHEST    84           900 AM
 LOWEST     44           500 PM
 AVERAGE    64

..........................................................


THE BINGHAMTON NY CLIMATE NORMALS FOR TODAY
                         NORMAL    RECORD    YEAR
 MAXIMUM TEMPERATURE (F)   30        49      2005
 MINIMUM TEMPERATURE (F)   16        -8      1993


SUNRISE AND SUNSET
FEBRUARY  7 2017......SUNRISE   710 AM EST   SUNSET   527 PM EST
FEBRUARY  8 2017......SUNRISE   709 AM EST   SUNSET   528 PM EST


-  INDICATES NEGATIVE NUMBERS.
R  INDICATES RECORD WAS SET OR TIED.
MM INDICATES DATA IS MISSING.
T  INDICATES TRACE AMOUNT.




$$
