000
CDUS41 KBGM 120601
CLIBGM


CLIMATE REPORT
NATIONAL WEATHER SERVICE BINGHAMTON NY
200 AM EDT FRI AUG 12 2016


...................................

...THE BINGHAMTON NY CLIMATE SUMMARY FOR AUGUST 11 2016...

CLIMATE NORMAL PERIOD 1981 TO 2010
CLIMATE RECORD PERIOD 1951 TO 2016


WEATHER ITEM   OBSERVED TIME   RECORD YEAR NORMAL DEPARTURE LAST
                VALUE   (LST)  VALUE       VALUE  FROM      YEAR
                                                  NORMAL
..................................................................
TEMPERATURE (F)
 YESTERDAY
  MAXIMUM         85   1241 PM  89    1988  77      8       74
  MINIMUM         68   1110 PM  47    1972  59      9       62
                                      1968
  AVERAGE         77                        68      9       68

PRECIPITATION (IN)
  YESTERDAY        0.26          1.33 2015   0.10   0.16     1.33
  MONTH TO DATE    2.34                      1.24   1.10     1.63
  SINCE JUN 1      8.27                      9.25  -0.98    16.52
  SINCE JAN 1     20.66                     24.00  -3.34    30.07

SNOWFALL (IN)
  YESTERDAY        0.0           0.0  2002   0.0    0.0      0.0
                                      2001
                                      2000
  MONTH TO DATE    0.0                       0.0    0.0      0.0
  SINCE JUN 1      0.0                       0.0    0.0       T
  SINCE JUL 1      0.0                       0.0    0.0       T
  SNOW DEPTH       0

DEGREE DAYS
 HEATING
  YESTERDAY        0                         1     -1        0
  MONTH TO DATE    0                        11    -11        5
  SINCE JUN 1     72                       126    -54      106
  SINCE JUL 1      3                        35    -32       29

 COOLING
  YESTERDAY       12                         4      8        3
  MONTH TO DATE   64                        44     20       24
  SINCE JUN 1    344                       256     88      193
  SINCE JAN 1    390                       279    111      266
..................................................................


WIND (MPH)
  HIGHEST WIND SPEED    16   HIGHEST WIND DIRECTION    SW (230)
  HIGHEST GUST SPEED    20   HIGHEST GUST DIRECTION    SW (240)
  AVERAGE WIND SPEED     5.9


SKY COVER
  AVERAGE SKY COVER 0.6


WEATHER CONDITIONS
 THE FOLLOWING WEATHER WAS RECORDED YESTERDAY.
  THUNDERSTORM
  RAIN
  LIGHT RAIN
  FOG


RELATIVE HUMIDITY (PERCENT)
 HIGHEST   100           700 PM
 LOWEST     61          1200 PM
 AVERAGE    81

..........................................................


THE BINGHAMTON NY CLIMATE NORMALS FOR TODAY
                         NORMAL    RECORD    YEAR
 MAXIMUM TEMPERATURE (F)   77        91      2002
 MINIMUM TEMPERATURE (F)   59        45      1971


SUNRISE AND SUNSET
AUGUST 12 2016........SUNRISE   609 AM EDT   SUNSET   808 PM EDT
AUGUST 13 2016........SUNRISE   610 AM EDT   SUNSET   807 PM EDT


-  INDICATES NEGATIVE NUMBERS.
R  INDICATES RECORD WAS SET OR TIED.
MM INDICATES DATA IS MISSING.
T  INDICATES TRACE AMOUNT.




$$
