000
CDUS41 KBGM 060651
CLIBGM


CLIMATE REPORT
NATIONAL WEATHER SERVICE BINGHAMTON NY
151 AM EST MON NOV 6 2017


...................................

...THE BINGHAMTON NY CLIMATE SUMMARY FOR NOVEMBER 5 2017...

CLIMATE NORMAL PERIOD 1981 TO 2010
CLIMATE RECORD PERIOD 1951 TO 2017


WEATHER ITEM   OBSERVED TIME   RECORD YEAR NORMAL DEPARTURE LAST
                VALUE   (LST)  VALUE       VALUE  FROM      YEAR
                                                  NORMAL
..................................................................
TEMPERATURE (F)
 YESTERDAY
  MAXIMUM         57   1159 PM  71    2015  50      7       53
  MINIMUM         41    111 AM  15    1951  35      6       36
  AVERAGE         49                        42      7       45

PRECIPITATION (IN)
  YESTERDAY        0.20          0.77 1988   0.11   0.09     0.00
  MONTH TO DATE    0.50                      0.57  -0.07     0.19
  SINCE SEP 1      5.89                      7.53  -1.64     7.05
  SINCE JAN 1     45.63                     33.74  11.89    30.60

SNOWFALL (IN)
  YESTERDAY        0.0           2.5  1976   0.1   -0.1      0.0
  MONTH TO DATE    T                         0.5   -0.5      0.0
  SINCE SEP 1      T                         1.5   -1.5      1.0
  SINCE JUL 1      T                         1.5   -1.5      1.0
  SNOW DEPTH       0

DEGREE DAYS
 HEATING
  YESTERDAY       16                        23     -7       20
  MONTH TO DATE   90                       112    -22       93
  SINCE SEP 1    567                       821   -254      695
  SINCE JUL 1    648                       884   -236      704

 COOLING
  YESTERDAY        0                         0      0        0
  MONTH TO DATE    0                         0      0        0
  SINCE SEP 1     78                        33     45       52
  SINCE JAN 1    349                       381    -32      563
..................................................................


WIND (MPH)
  HIGHEST WIND SPEED    21   HIGHEST WIND DIRECTION     S (160)
  HIGHEST GUST SPEED    31   HIGHEST GUST DIRECTION     S (170)
  AVERAGE WIND SPEED    13.0


SKY COVER
  AVERAGE SKY COVER 1.0


WEATHER CONDITIONS
 THE FOLLOWING WEATHER WAS RECORDED YESTERDAY.
  LIGHT RAIN
  FOG


RELATIVE HUMIDITY (PERCENT)
 HIGHEST   100           700 PM
 LOWEST     86           700 AM
 AVERAGE    93

..........................................................


THE BINGHAMTON NY CLIMATE NORMALS FOR TODAY
                         NORMAL    RECORD    YEAR
 MAXIMUM TEMPERATURE (F)   49        70      2005
                                             1978
 MINIMUM TEMPERATURE (F)   34        12      1951


SUNRISE AND SUNSET
NOVEMBER  6 2017......SUNRISE   643 AM EST   SUNSET   451 PM EST
NOVEMBER  7 2017......SUNRISE   645 AM EST   SUNSET   450 PM EST


-  INDICATES NEGATIVE NUMBERS.
R  INDICATES RECORD WAS SET OR TIED.
MM INDICATES DATA IS MISSING.
T  INDICATES TRACE AMOUNT.




$$
