000
CDUS41 KBGM 170633
CLIBGM


CLIMATE REPORT
NATIONAL WEATHER SERVICE BINGHAMTON NY
131 AM EST SAT FEB 17 2018


...................................

...THE BINGHAMTON NY CLIMATE SUMMARY FOR FEBRUARY 16 2018...

CLIMATE NORMAL PERIOD 1981 TO 2010
CLIMATE RECORD PERIOD 1951 TO 2018


WEATHER ITEM   OBSERVED TIME   RECORD YEAR NORMAL DEPARTURE LAST
                VALUE   (LST)  VALUE       VALUE  FROM      YEAR
                                                  NORMAL
..................................................................
TEMPERATURE (F)
 YESTERDAY
  MAXIMUM         50   1217 AM  66    1954  32     18       23
  MINIMUM         21   1159 PM  -7    2015  17      4       17
                                      1987
  AVERAGE         36                        25     11       20

PRECIPITATION (IN)
  YESTERDAY        0.21          1.55 2016   0.09   0.12      T
  MONTH TO DATE    1.73                      1.29   0.44     1.85
  SINCE DEC 1      5.94                      6.57  -0.63     9.23
  SINCE JAN 1      4.53                      3.74   0.79     5.64

SNOWFALL (IN)
  YESTERDAY        T            10.4  1993   0.6   -0.6      1.1
  MONTH TO DATE   13.6                       9.7    3.9     22.6
  SINCE DEC 1     39.8                      49.7   -9.9     64.4
  SINCE JUL 1     41.6                      56.5  -14.9     93.0
  SNOW DEPTH       T

DEGREE DAYS
 HEATING
  YESTERDAY       29                        40    -11       45
  MONTH TO DATE  620                       662    -42      635
  SINCE DEC 1   3242                      3159     83     2968
  SINCE JUL 1   4640                      4734    -94     4317

 COOLING
  YESTERDAY        0                         0      0        0
  MONTH TO DATE    0                         0      0        0
  SINCE DEC 1      0                         0      0        0
  SINCE JAN 1      0                         0      0        0
..................................................................


WIND (MPH)
  HIGHEST WIND SPEED    23   HIGHEST WIND DIRECTION    NW (330)
  HIGHEST GUST SPEED    33   HIGHEST GUST DIRECTION    NW (330)
  AVERAGE WIND SPEED    10.5


SKY COVER
  AVERAGE SKY COVER 0.8


WEATHER CONDITIONS
 THE FOLLOWING WEATHER WAS RECORDED YESTERDAY.
  RAIN
  LIGHT RAIN
  LIGHT SNOW
  FOG
  FOG W/VISIBILITY <= 1/4 MILE


RELATIVE HUMIDITY (PERCENT)
 HIGHEST   100           100 AM
 LOWEST     58           600 PM
 AVERAGE    79

..........................................................


THE BINGHAMTON NY CLIMATE NORMALS FOR TODAY
                         NORMAL    RECORD    YEAR
 MAXIMUM TEMPERATURE (F)   33        55      2011
                                             1981
 MINIMUM TEMPERATURE (F)   18       -15      1979


SUNRISE AND SUNSET
FEBRUARY 17 2018......SUNRISE   657 AM EST   SUNSET   539 PM EST
FEBRUARY 18 2018......SUNRISE   656 AM EST   SUNSET   540 PM EST


-  INDICATES NEGATIVE NUMBERS.
R  INDICATES RECORD WAS SET OR TIED.
MM INDICATES DATA IS MISSING.
T  INDICATES TRACE AMOUNT.

$$
