000
CDUS41 KBGM 160531
CLIBGM


CLIMATE REPORT
NATIONAL WEATHER SERVICE BINGHAMTON NY
130 AM EDT FRI JUN 16 2017


...................................

...THE BINGHAMTON NY CLIMATE SUMMARY FOR JUNE 15 2017...

CLIMATE NORMAL PERIOD 1981 TO 2010
CLIMATE RECORD PERIOD 1951 TO 2017


WEATHER ITEM   OBSERVED TIME   RECORD YEAR NORMAL DEPARTURE LAST
                VALUE   (LST)  VALUE       VALUE  FROM      YEAR
                                                  NORMAL
..................................................................
TEMPERATURE (F)
 YESTERDAY
  MAXIMUM         74    510 PM  90    1988  74      0       78
  MINIMUM         53    432 AM  39    1958  55     -2       48
  AVERAGE         64                        64      0       63

PRECIPITATION (IN)
  YESTERDAY        T             0.93 1972   0.15  -0.15      T
  MONTH TO DATE    2.53                      2.16   0.37     1.76
  SINCE JUN 1      2.53                      2.16   0.37     1.76
  SINCE JAN 1     26.98                     16.91  10.07    14.15

SNOWFALL (IN)
  YESTERDAY        0.0           T    1993   0.0    0.0      0.0
  MONTH TO DATE    0.0                       0.0    0.0      0.0
  SINCE JUN 1      0.0                       0.0    0.0      0.0
  SINCE JUL 1    135.2                      83.4   51.8     32.0
  SNOW DEPTH       0

DEGREE DAYS
 HEATING
  YESTERDAY        1                         3     -2        2
  MONTH TO DATE   71                        63      8       68
  SINCE JUN 1     71                        63      8       68
  SINCE JUL 1   6587                      7167   -580     6197

 COOLING
  YESTERDAY        0                         2     -2        0
  MONTH TO DATE   33                        27      6       10
  SINCE JUN 1     33                        27      6       10
  SINCE JAN 1     54                        50      4       56
..................................................................


WIND (MPH)
  HIGHEST WIND SPEED    16   HIGHEST WIND DIRECTION     S (170)
  HIGHEST GUST SPEED    24   HIGHEST GUST DIRECTION     S (160)
  AVERAGE WIND SPEED     8.5


SKY COVER
  AVERAGE SKY COVER 0.6


WEATHER CONDITIONS
 THE FOLLOWING WEATHER WAS RECORDED YESTERDAY.
  NO SIGNIFICANT WEATHER WAS OBSERVED.


RELATIVE HUMIDITY (PERCENT)
 HIGHEST    87          1000 AM
 LOWEST     55          1200 AM
 AVERAGE    71

..........................................................


THE BINGHAMTON NY CLIMATE NORMALS FOR TODAY
                         NORMAL    RECORD    YEAR
 MAXIMUM TEMPERATURE (F)   74        89      1994
                                             1983
 MINIMUM TEMPERATURE (F)   56        40      1964


SUNRISE AND SUNSET
JUNE 16 2017..........SUNRISE   527 AM EDT   SUNSET   842 PM EDT
JUNE 17 2017..........SUNRISE   527 AM EDT   SUNSET   843 PM EDT


-  INDICATES NEGATIVE NUMBERS.
R  INDICATES RECORD WAS SET OR TIED.
MM INDICATES DATA IS MISSING.
T  INDICATES TRACE AMOUNT.




$$
