000
CDUS41 KBGM 050218
CLIBGM


CLIMATE REPORT
NATIONAL WEATHER SERVICE BINGHAMTON NY
1018 PM EDT WED OCT 4 2017


...................................

...THE BINGHAMTON NY CLIMATE SUMMARY FOR OCTOBER 4 2017...
VALID AS OF 1000 PM LOCAL TIME.

CLIMATE NORMAL PERIOD 1981 TO 2010
CLIMATE RECORD PERIOD 1951 TO 2017


WEATHER ITEM   OBSERVED TIME   RECORD YEAR NORMAL DEPARTURE LAST
                VALUE   (LST)  VALUE       VALUE  FROM      YEAR
                                                  NORMAL
..................................................................
TEMPERATURE (F)
 TODAY
  MAXIMUM         78R   259 PM  78    2007  61     17       61
  MINIMUM         49    622 AM  24    1974  44      5       49
  AVERAGE         64                        52     12       55

PRECIPITATION (IN)
  TODAY            T             0.95 1962   0.11  -0.11     0.00
  MONTH TO DATE    T                         0.44  -0.44     0.41
  SINCE SEP 1      1.26                      4.07  -2.81     1.44
  SINCE JAN 1     41.00                     30.28  10.72    24.99

SNOWFALL (IN)
  TODAY           MM             0.1  1965   0.0   MM        0.0
  MONTH TO DATE    0.0                       0.0    0.0      0.0
  SINCE SEP 1      0.0                       0.0    0.0      0.0
  SINCE JUL 1      0.0                       0.0    0.0      0.0
  SNOW DEPTH       0

DEGREE DAYS
 HEATING
  TODAY            1                        13    -12       10
  MONTH TO DATE   37                        49    -12       36
  SINCE SEP 1    192                       243    -51      150
  SINCE JUL 1    273                       306    -33      159

 COOLING
  TODAY            0                         0      0        0
  MONTH TO DATE    0                         0      0        0
  SINCE SEP 1     69                        31     38       48
  SINCE JAN 1    340                       379    -39      559
..................................................................


WIND (MPH)
  HIGHEST WIND SPEED    16   HIGHEST WIND DIRECTION    SW (220)
  HIGHEST GUST SPEED    21   HIGHEST GUST DIRECTION    SW (220)
  AVERAGE WIND SPEED     8.7


SKY COVER
  AVERAGE SKY COVER 0.1


WEATHER CONDITIONS
 THE FOLLOWING WEATHER WAS RECORDED TODAY.
  NO SIGNIFICANT WEATHER WAS OBSERVED.


RELATIVE HUMIDITY (PERCENT)
 HIGHEST    93           600 AM
 LOWEST     43           200 PM
 AVERAGE    68

..........................................................


THE BINGHAMTON NY CLIMATE NORMALS FOR TOMORROW
                         NORMAL    RECORD    YEAR
 MAXIMUM TEMPERATURE (F)   61        85      1951
 MINIMUM TEMPERATURE (F)   43        27      1996
                                             1965


SUNRISE AND SUNSET
OCTOBER  4 2017.......SUNRISE   704 AM EDT   SUNSET   640 PM EDT
OCTOBER  5 2017.......SUNRISE   706 AM EDT   SUNSET   638 PM EDT


-  INDICATES NEGATIVE NUMBERS.
R  INDICATES RECORD WAS SET OR TIED.
MM INDICATES DATA IS MISSING.
T  INDICATES TRACE AMOUNT.




$$
