357
CDUS41 KBGM 250619
CLIBGM


CLIMATE REPORT
NATIONAL WEATHER SERVICE BINGHAMTON NY
218 AM EDT MON APR 25 2016


...................................

...THE BINGHAMTON NY CLIMATE SUMMARY FOR APRIL 24 2016...

CLIMATE NORMAL PERIOD 1981 TO 2010
CLIMATE RECORD PERIOD 1951 TO 2016


WEATHER ITEM   OBSERVED TIME   RECORD YEAR NORMAL DEPARTURE LAST
                VALUE   (LST)  VALUE       VALUE  FROM      YEAR
                                                  NORMAL
..................................................................
TEMPERATURE (F)
 YESTERDAY
  MAXIMUM         56    347 PM  82    1960  58     -2       34
  MINIMUM         34    553 AM  26    1956  39     -5       28
  AVERAGE         45                        48     -3       31

PRECIPITATION (IN)
  YESTERDAY        0.00          1.74 1961   0.11  -0.11      T
  MONTH TO DATE    2.31                      2.76  -0.45     4.20
  SINCE MAR 1      3.71                      5.75  -2.04     6.19
  SINCE JAN 1      9.02                     10.51  -1.49    10.13

SNOWFALL (IN)
  YESTERDAY        0.0           3.8  1967   0.1   -0.1      0.1
  MONTH TO DATE    9.3                       3.9    5.4      2.8
  SINCE MAR 1     10.3                      19.0   -8.7     17.6
  SINCE JUL 1     32.0                      82.9  -50.9     93.4
  SNOW DEPTH       0

DEGREE DAYS
 HEATING
  YESTERDAY       20                        17      3       34
  MONTH TO DATE  561                       510     51      495
  SINCE MAR 1   1332                      1507   -175     1665
  SINCE JUL 1   5690                      6706  -1016     7197

 COOLING
  YESTERDAY        0                         0      0        0
  MONTH TO DATE    0                         0      0        0
  SINCE MAR 1      0                         0      0        0
  SINCE JAN 1      0                         0      0        0
..................................................................


WIND (MPH)
  HIGHEST WIND SPEED    17   HIGHEST WIND DIRECTION     N (350)
  HIGHEST GUST SPEED    24   HIGHEST GUST DIRECTION    NW (310)
  AVERAGE WIND SPEED     6.7


SKY COVER
  AVERAGE SKY COVER 0.2


WEATHER CONDITIONS
 THE FOLLOWING WEATHER WAS RECORDED YESTERDAY.
  NO SIGNIFICANT WEATHER WAS OBSERVED.


RELATIVE HUMIDITY (PERCENT)
 HIGHEST    56           100 AM
 LOWEST     28          1200 PM
 AVERAGE    42

..........................................................


THE BINGHAMTON NY CLIMATE NORMALS FOR TODAY
                         NORMAL    RECORD    YEAR
 MAXIMUM TEMPERATURE (F)   58        85      2009
 MINIMUM TEMPERATURE (F)   39        25      1967


SUNRISE AND SUNSET
APRIL 25 2016.........SUNRISE   607 AM EDT   SUNSET   757 PM EDT
APRIL 26 2016.........SUNRISE   606 AM EDT   SUNSET   758 PM EDT


-  INDICATES NEGATIVE NUMBERS.
R  INDICATES RECORD WAS SET OR TIED.
MM INDICATES DATA IS MISSING.
T  INDICATES TRACE AMOUNT.




$$
