000
CDUS41 KBGM 090634
CLIBGM


CLIMATE REPORT
NATIONAL WEATHER SERVICE BINGHAMTON NY
233 AM EDT TUE MAY 9 2017


...................................

...THE BINGHAMTON NY CLIMATE SUMMARY FOR MAY 8 2017...

CLIMATE NORMAL PERIOD 1981 TO 2010
CLIMATE RECORD PERIOD 1951 TO 2017


WEATHER ITEM   OBSERVED TIME   RECORD YEAR NORMAL DEPARTURE LAST
                VALUE   (LST)  VALUE       VALUE  FROM      YEAR
                                                  NORMAL
..................................................................
TEMPERATURE (F)
 YESTERDAY
  MAXIMUM         48    449 PM  85    2015  63    -15       54
  MINIMUM         32    514 AM  26    1956  44    -12       40
  AVERAGE         40                        53    -13       47

PRECIPITATION (IN)
  YESTERDAY        0.01          0.80 1972   0.11  -0.10     0.16
  MONTH TO DATE    2.98                      0.87   2.11     1.29
  SINCE MAR 1     14.19                      7.29   6.90     5.52
  SINCE JAN 1     20.46                     12.05   8.41    10.83

SNOWFALL (IN)
  YESTERDAY        0.0           1.4  1989   0.0    0.0      0.0
  MONTH TO DATE    0.0                       0.1   -0.1      0.0
  SINCE MAR 1     41.7                      19.5   22.2     10.3
  SINCE JUL 1    135.2                      83.4   51.8     32.0
  SNOW DEPTH       0

DEGREE DAYS
 HEATING
  YESTERDAY       25                        12     13       18
  MONTH TO DATE  137                       105     32      138
  SINCE MAR 1   1684                      1705    -21     1588
  SINCE JUL 1   6297                      6904   -607     5946

 COOLING
  YESTERDAY        0                         0      0        0
  MONTH TO DATE    0                         0      0        0
  SINCE MAR 1      4                         4      0        0
  SINCE JAN 1      4                         4      0        0
..................................................................


WIND (MPH)
  HIGHEST WIND SPEED    17   HIGHEST WIND DIRECTION    NW (320)
  HIGHEST GUST SPEED    28   HIGHEST GUST DIRECTION     N (340)
  AVERAGE WIND SPEED     9.3


SKY COVER
  AVERAGE SKY COVER 0.7


WEATHER CONDITIONS
 THE FOLLOWING WEATHER WAS RECORDED YESTERDAY.
  LIGHT RAIN
  FOG


RELATIVE HUMIDITY (PERCENT)
 HIGHEST    92           400 AM
 LOWEST     45           300 PM
 AVERAGE    69

..........................................................


THE BINGHAMTON NY CLIMATE NORMALS FOR TODAY
                         NORMAL    RECORD    YEAR
 MAXIMUM TEMPERATURE (F)   64        87      2000
 MINIMUM TEMPERATURE (F)   44        27      1966


SUNRISE AND SUNSET
MAY  9 2017...........SUNRISE   549 AM EDT   SUNSET   812 PM EDT
MAY 10 2017...........SUNRISE   548 AM EDT   SUNSET   813 PM EDT


-  INDICATES NEGATIVE NUMBERS.
R  INDICATES RECORD WAS SET OR TIED.
MM INDICATES DATA IS MISSING.
T  INDICATES TRACE AMOUNT.

$$
