000
CDUS41 KBGM 050633
CLIBGM


CLIMATE REPORT
NATIONAL WEATHER SERVICE BINGHAMTON NY
132 AM EST SUN NOV 5 2017


...................................

...THE BINGHAMTON NY CLIMATE SUMMARY FOR NOVEMBER 4 2017...

CLIMATE NORMAL PERIOD 1981 TO 2010
CLIMATE RECORD PERIOD 1951 TO 2017


WEATHER ITEM   OBSERVED TIME   RECORD YEAR NORMAL DEPARTURE LAST
                VALUE   (LST)  VALUE       VALUE  FROM      YEAR
                                                  NORMAL
..................................................................
TEMPERATURE (F)
 YESTERDAY
  MAXIMUM         48    319 PM  73    2015  50     -2       47
  MINIMUM         33    717 AM  17    1951  35     -2       34
  AVERAGE         41                        42     -1       41

PRECIPITATION (IN)
  YESTERDAY        T             1.66 1982   0.11  -0.11      T
  MONTH TO DATE    0.30                      0.46  -0.16     0.19
  SINCE SEP 1      5.69                      7.42  -1.73     7.05
  SINCE JAN 1     45.43                     33.63  11.80    30.60

SNOWFALL (IN)
  YESTERDAY        0.0           0.5  1983   0.1   -0.1      0.0
  MONTH TO DATE    T                         0.4   -0.4      0.0
  SINCE SEP 1      T                         1.4   -1.4      1.0
  SINCE JUL 1      T                         1.4   -1.4      1.0
  SNOW DEPTH       0

DEGREE DAYS
 HEATING
  YESTERDAY       24                        23      1       24
  MONTH TO DATE   74                        89    -15       73
  SINCE SEP 1    551                       798   -247      675
  SINCE JUL 1    632                       861   -229      684

 COOLING
  YESTERDAY        0                         0      0        0
  MONTH TO DATE    0                         0      0        0
  SINCE SEP 1     78                        33     45       52
  SINCE JAN 1    349                       381    -32      563
..................................................................


WIND (MPH)
  HIGHEST WIND SPEED    15   HIGHEST WIND DIRECTION     S (170)
  HIGHEST GUST SPEED    22   HIGHEST GUST DIRECTION     S (170)
  AVERAGE WIND SPEED     5.8


SKY COVER
  AVERAGE SKY COVER 0.2


WEATHER CONDITIONS
 THE FOLLOWING WEATHER WAS RECORDED YESTERDAY.
  LIGHT RAIN


RELATIVE HUMIDITY (PERCENT)
 HIGHEST    96           500 AM
 LOWEST     53           200 PM
 AVERAGE    75

..........................................................


THE BINGHAMTON NY CLIMATE NORMALS FOR TODAY
                         NORMAL    RECORD    YEAR
 MAXIMUM TEMPERATURE (F)   50        71      2015
 MINIMUM TEMPERATURE (F)   35        15      1951


SUNRISE AND SUNSET
NOVEMBER  5 2017......SUNRISE   642 AM EST   SUNSET   452 PM EST
NOVEMBER  6 2017......SUNRISE   643 AM EST   SUNSET   451 PM EST


-  INDICATES NEGATIVE NUMBERS.
R  INDICATES RECORD WAS SET OR TIED.
MM INDICATES DATA IS MISSING.
T  INDICATES TRACE AMOUNT.




$$
