000
CDUS41 KBGM 180217
CLIBGM


CLIMATE REPORT
NATIONAL WEATHER SERVICE BINGHAMTON NY
1015 PM EDT SUN MAY 17 2015


...................................

...THE BINGHAMTON NY CLIMATE SUMMARY FOR MAY 17 2015...
VALID AS OF 1000 PM LOCAL TIME.

CLIMATE NORMAL PERIOD 1981 TO 2010
CLIMATE RECORD PERIOD 1951 TO 2015


WEATHER ITEM   OBSERVED TIME   RECORD YEAR NORMAL DEPARTURE LAST
                VALUE   (LST)  VALUE       VALUE  FROM      YEAR
                                                  NORMAL
..................................................................
TEMPERATURE (F)
 TODAY
  MAXIMUM         79    352 PM  86    1962  66     13       56
  MINIMUM         61    612 AM  25    1956  46     15       40
  AVERAGE         70                        56     14       48

PRECIPITATION (IN)
  TODAY            0             0.89 1970   0.11  -0.11     0.00
  MONTH TO DATE    1.01                      1.85  -0.84     3.44
  SINCE MAR 1      7.21                      8.27  -1.06     8.89
  SINCE JAN 1     11.15                     13.03  -1.88    14.58

SNOWFALL (IN)
  TODAY            0.0           1.0  1973   0.0    0.0      0.0
  MONTH TO DATE    0.0                       0.1   -0.1      0.0
  SINCE MAR 1     17.6                      19.5   -1.9      2.9
  SINCE JUL 1     93.4                      83.4   10.0     85.4
  SNOW DEPTH       0

DEGREE DAYS
 HEATING
  TODAY            0                         9     -9       17
  MONTH TO DATE   76                       200   -124      136
  SINCE MAR 1   1849                      1800     49     1938
  SINCE JUL 1   7381                      6999    382     7409

 COOLING
  TODAY            5                         1      4        0
  MONTH TO DATE   36                         5     31       13
  SINCE MAR 1     36                         9     27       15
  SINCE JAN 1     36                         9     27       15
..................................................................


WIND (MPH)
  HIGHEST WIND SPEED     9   HIGHEST WIND DIRECTION    NW (300)
  HIGHEST GUST SPEED    14   HIGHEST GUST DIRECTION     W (250)
  AVERAGE WIND SPEED     4.4


SKY COVER
  AVERAGE SKY COVER 0.6


WEATHER CONDITIONS
 THE FOLLOWING WEATHER WAS RECORDED TODAY.
  LIGHT RAIN
  FOG
  FOG W/VISIBILITY <= 1/4 MILE
  HAZE


RELATIVE HUMIDITY (PERCENT)
 HIGHEST   100           100 AM
 LOWEST     54           300 PM
 AVERAGE    77

..........................................................


THE BINGHAMTON NY CLIMATE NORMALS FOR TOMORROW
                         NORMAL    RECORD    YEAR
 MAXIMUM TEMPERATURE (F)   66        87      1962
 MINIMUM TEMPERATURE (F)   47        32      2002
                                             1973


SUNRISE AND SUNSET
MAY 17 2015...........SUNRISE   541 AM EDT   SUNSET   820 PM EDT
MAY 18 2015...........SUNRISE   540 AM EDT   SUNSET   821 PM EDT


-  INDICATES NEGATIVE NUMBERS.
R  INDICATES RECORD WAS SET OR TIED.
MM INDICATES DATA IS MISSING.
T  INDICATES TRACE AMOUNT.




$$
