000
CDUS41 KBGM 140919
CLIBGM


CLIMATE REPORT
NATIONAL WEATHER SERVICE BINGHAMTON NY
519 AM EDT THU JUL 14 2016


...................................

...THE BINGHAMTON NY CLIMATE SUMMARY FOR JULY 13 2016...

CLIMATE NORMAL PERIOD 1981 TO 2010
CLIMATE RECORD PERIOD 1951 TO 2016


WEATHER ITEM   OBSERVED TIME   RECORD YEAR NORMAL DEPARTURE LAST
                VALUE   (LST)  VALUE       VALUE  FROM      YEAR
                                                  NORMAL
..................................................................
TEMPERATURE (F)
 YESTERDAY
  MAXIMUM         85    408 PM  92    1966  78      7       81
  MINIMUM         66    551 AM  51    2009  60      6       61
                                      2001
  AVERAGE         76                        69      7       71

PRECIPITATION (IN)
  YESTERDAY        0.00          1.78 2014   0.12  -0.12     0.00
  MONTH TO DATE    0.29                      1.59  -1.30     1.46
  SINCE JUN 1      3.33                      5.90  -2.57    11.20
  SINCE JAN 1     15.72                     20.65  -4.93    24.75

SNOWFALL (IN)
  YESTERDAY        0.0           0.0  2002   0.0    0.0      0.0
                                      2000
                                      2001
  MONTH TO DATE    0.0                       0.0    0.0      0.0
  SINCE JUN 1      0.0                       0.0    0.0      0.0
  SINCE JUL 1      0.0                       0.0    0.0      0.0
  SNOW DEPTH       0

DEGREE DAYS
 HEATING
  YESTERDAY        0                         1     -1        0
  MONTH TO DATE    3                        13    -10        9
  SINCE JUN 1     72                       104    -32       86
  SINCE JUL 1      3                        13    -10        9

 COOLING
  YESTERDAY       11                         5      6        6
  MONTH TO DATE   71                        56     15       28
  SINCE JUN 1    134                       130      4       78
  SINCE JAN 1    180                       153     27      151
..................................................................


WIND (MPH)
  HIGHEST WIND SPEED    17   HIGHEST WIND DIRECTION    SW (220)
  HIGHEST GUST SPEED    23   HIGHEST GUST DIRECTION    SW (210)
  AVERAGE WIND SPEED     8.2


SKY COVER
  AVERAGE SKY COVER 0.2


WEATHER CONDITIONS
 THE FOLLOWING WEATHER WAS RECORDED YESTERDAY.
  NO SIGNIFICANT WEATHER WAS OBSERVED.


RELATIVE HUMIDITY (PERCENT)
 HIGHEST    97          1100 PM
 LOWEST     55           300 PM
 AVERAGE    76

..........................................................


THE BINGHAMTON NY CLIMATE NORMALS FOR TODAY
                         NORMAL    RECORD    YEAR
 MAXIMUM TEMPERATURE (F)   78        93      1995
                                             1954
 MINIMUM TEMPERATURE (F)   60        50      2009


SUNRISE AND SUNSET
JULY 14 2016..........SUNRISE   541 AM EDT   SUNSET   839 PM EDT
JULY 15 2016..........SUNRISE   541 AM EDT   SUNSET   838 PM EDT


-  INDICATES NEGATIVE NUMBERS.
R  INDICATES RECORD WAS SET OR TIED.
MM INDICATES DATA IS MISSING.
T  INDICATES TRACE AMOUNT.




$$
