444
CDUS41 KBGM 300702
CLIBGM


CLIMATE REPORT
NATIONAL WEATHER SERVICE BINGHAMTON NY
202 AM EST SAT JAN 30 2016


...................................

...THE BINGHAMTON NY CLIMATE SUMMARY FOR JANUARY 29 2016...

CLIMATE NORMAL PERIOD 1981 TO 2010
CLIMATE RECORD PERIOD 1951 TO 2016


WEATHER ITEM   OBSERVED TIME   RECORD YEAR NORMAL DEPARTURE LAST
                VALUE   (LST)  VALUE       VALUE  FROM      YEAR
                                                  NORMAL
..................................................................
TEMPERATURE (F)
 YESTERDAY
  MAXIMUM         31    930 AM  54    2002  29      2       30
  MINIMUM         20   1159 PM -12    1977  16      4        3
  AVERAGE         26                        22      4       17

PRECIPITATION (IN)
  YESTERDAY        T             1.48 1990   0.08  -0.08     0.09
  MONTH TO DATE    1.31                      2.30  -0.99     1.84
  SINCE DEC 1      4.92                      5.13  -0.21     5.14
  SINCE JAN 1      1.31                      2.30  -0.99     1.84

SNOWFALL (IN)
  YESTERDAY        T             5.7  1990   0.6   -0.6      1.2
  MONTH TO DATE   10.2                      20.8  -10.6     14.1
  SINCE DEC 1     12.4                      38.6  -26.2     27.2
  SINCE JUL 1     13.5                      45.4  -31.9     40.9
  SNOW DEPTH       T

DEGREE DAYS
 HEATING
  YESTERDAY       39                        43     -4       48
  MONTH TO DATE 1198                      1241    -43     1356
  SINCE DEC 1   1953                      2411   -458     2425
  SINCE JUL 1   3223                      3986   -763     3960

 COOLING
  YESTERDAY        0                         0      0        0
  MONTH TO DATE    0                         0      0        0
  SINCE DEC 1      0                         0      0        0
  SINCE JAN 1      0                         0      0        0
..................................................................


WIND (MPH)
  HIGHEST WIND SPEED    23   HIGHEST WIND DIRECTION    NW (300)
  HIGHEST GUST SPEED    30   HIGHEST GUST DIRECTION    NW (330)
  AVERAGE WIND SPEED    10.9


SKY COVER
  AVERAGE SKY COVER 1.0


WEATHER CONDITIONS
 THE FOLLOWING WEATHER WAS RECORDED YESTERDAY.
  LIGHT SNOW


RELATIVE HUMIDITY (PERCENT)
 HIGHEST    84          1100 PM
 LOWEST     63          1200 AM
 AVERAGE    74

..........................................................


THE BINGHAMTON NY CLIMATE NORMALS FOR TODAY
                         NORMAL    RECORD    YEAR
 MAXIMUM TEMPERATURE (F)   29        57      2013
 MINIMUM TEMPERATURE (F)   16        -5      1965
                                             1952


SUNRISE AND SUNSET
JANUARY 30 2016.......SUNRISE   720 AM EST   SUNSET   515 PM EST
JANUARY 31 2016.......SUNRISE   719 AM EST   SUNSET   516 PM EST


-  INDICATES NEGATIVE NUMBERS.
R  INDICATES RECORD WAS SET OR TIED.
MM INDICATES DATA IS MISSING.
T  INDICATES TRACE AMOUNT.




$$
