000
CDUS41 KBGM 130530
CLIBGM


CLIMATE REPORT
NATIONAL WEATHER SERVICE BINGHAMTON NY
130 AM EDT WED AUG 13 2014


...................................

...THE BINGHAMTON NY CLIMATE SUMMARY FOR AUGUST 12 2014...

CLIMATE NORMAL PERIOD 1981 TO 2010
CLIMATE RECORD PERIOD 1951 TO 2014


WEATHER ITEM   OBSERVED TIME   RECORD YEAR NORMAL DEPARTURE LAST
                VALUE   (LST)  VALUE       VALUE  FROM      YEAR
                                                  NORMAL
..................................................................
TEMPERATURE (F)
 YESTERDAY
  MAXIMUM         67    657 PM  91    2002  77    -10       76
  MINIMUM         62    607 AM  45    1971  59      3       57
  AVERAGE         65                        68     -3       67

PRECIPITATION (IN)
  YESTERDAY        1.54R         1.29 1952   0.10   1.44     0.00
  MONTH TO DATE    1.77                      1.34   0.43     3.26
  SINCE JUN 1      9.98                      9.35   0.63    15.02
  SINCE JAN 1     25.34                     24.10   1.24    28.18

SNOWFALL (IN)
  YESTERDAY        0.0           0.0  2002   0.0    0.0      0.0
                                      2001
                                      2000
  MONTH TO DATE    0.0                       0.0    0.0      0.0
  SINCE JUN 1      T                         0.0    0.0      0.0
  SINCE JUL 1      T                         0.0    0.0      0.0
  SNOW DEPTH       0

DEGREE DAYS
 HEATING
  YESTERDAY        0                         1     -1        0
  MONTH TO DATE    3                        12     -9       15
  SINCE JUN 1     73                       127    -54      116
  SINCE JUL 1     28                        36     -8       29

 COOLING
  YESTERDAY        0                         4     -4        2
  MONTH TO DATE   40                        48     -8       19
  SINCE JUN 1    248                       260    -12      322
  SINCE JAN 1    273                       283    -10      365
..................................................................


WIND (MPH)
  HIGHEST WIND SPEED    21   HIGHEST WIND DIRECTION    SE (150)
  HIGHEST GUST SPEED    30   HIGHEST GUST DIRECTION    SE (140)
  AVERAGE WIND SPEED    12.4


SKY COVER
  AVERAGE SKY COVER 0.9


WEATHER CONDITIONS
 THE FOLLOWING WEATHER WAS RECORDED YESTERDAY.
  HEAVY RAIN
  RAIN
  LIGHT RAIN
  FOG


RELATIVE HUMIDITY (PERCENT)
 HIGHEST   100           700 AM
 LOWEST     68          1200 AM
 AVERAGE    84

..........................................................


THE BINGHAMTON NY CLIMATE NORMALS FOR TODAY
                         NORMAL    RECORD    YEAR
 MAXIMUM TEMPERATURE (F)   77        91      1988
 MINIMUM TEMPERATURE (F)   59        48      2006
                                             1957


SUNRISE AND SUNSET
AUGUST 13 2014........SUNRISE   609 AM EDT   SUNSET   808 PM EDT
AUGUST 14 2014........SUNRISE   610 AM EDT   SUNSET   806 PM EDT


-  INDICATES NEGATIVE NUMBERS.
R  INDICATES RECORD WAS SET OR TIED.
MM INDICATES DATA IS MISSING.
T  INDICATES TRACE AMOUNT.




$$
