000
CDUS41 KBGM 080555
CLIBGM


CLIMATE REPORT
NATIONAL WEATHER SERVICE BINGHAMTON NY
155 AM EDT TUE APR 8 2014


...................................

...THE BINGHAMTON NY CLIMATE SUMMARY FOR APRIL 7 2014...

CLIMATE NORMAL PERIOD 1981 TO 2010
CLIMATE RECORD PERIOD 1951 TO 2014


WEATHER ITEM   OBSERVED TIME   RECORD YEAR NORMAL DEPARTURE LAST
                VALUE   (LST)  VALUE       VALUE  FROM      YEAR
                                                  NORMAL
..................................................................
TEMPERATURE (F)
 YESTERDAY
  MAXIMUM         45   1123 AM  83    1991  50     -5       62
  MINIMUM         33    628 AM   9    1982  33      0       40
  AVERAGE         39                        42     -3       51

PRECIPITATION (IN)
  YESTERDAY        0.26          0.99 1956   0.12   0.14      T
  MONTH TO DATE    0.46                      0.82  -0.36     0.18
  SINCE MAR 1      3.14                      3.81  -0.67     2.08
  SINCE JAN 1      8.83                      8.57   0.26     6.63

SNOWFALL (IN)
  YESTERDAY        T             6.1  1996   0.1   -0.1      0.0
  MONTH TO DATE    T                         1.5   -1.5      0.9
  SINCE MAR 1      1.9                      16.6  -14.7     15.3
  SINCE JUL 1     84.4                      80.5    3.9     69.1
  SNOW DEPTH       0

DEGREE DAYS
 HEATING
  YESTERDAY       26                        23      3       14
  MONTH TO DATE  174                       173      1      211
  SINCE MAR 1   1374                      1170    204     1282
  SINCE JUL 1   6845                      6369    476     6166

 COOLING
  YESTERDAY        0                         0      0        0
  MONTH TO DATE    0                         0      0        0
  SINCE MAR 1      0                         0      0        0
  SINCE JAN 1      0                         0      0        0
..................................................................


WIND (MPH)
  HIGHEST WIND SPEED    30   HIGHEST WIND DIRECTION    SE (130)
  HIGHEST GUST SPEED    37   HIGHEST GUST DIRECTION    SE (140)
  AVERAGE WIND SPEED    10.6


SKY COVER
  AVERAGE SKY COVER 0.6


WEATHER CONDITIONS
 THE FOLLOWING WEATHER WAS RECORDED YESTERDAY.
  RAIN
  LIGHT RAIN
  FOG


RELATIVE HUMIDITY (PERCENT)
 HIGHEST    93          1000 PM
 LOWEST     36          1200 AM
 AVERAGE    65

..........................................................


THE BINGHAMTON NY CLIMATE NORMALS FOR TODAY
                         NORMAL    RECORD    YEAR
 MAXIMUM TEMPERATURE (F)   51        82      2010
 MINIMUM TEMPERATURE (F)   33        15      1972


SUNRISE AND SUNSET
APRIL  8 2014.........SUNRISE   635 AM EDT   SUNSET   738 PM EDT
APRIL  9 2014.........SUNRISE   633 AM EDT   SUNSET   739 PM EDT


-  INDICATES NEGATIVE NUMBERS.
R  INDICATES RECORD WAS SET OR TIED.
MM INDICATES DATA IS MISSING.
T  INDICATES TRACE AMOUNT.




$$
