000
CDUS41 KBGM 110550
CLIBGM


CLIMATE REPORT
NATIONAL WEATHER SERVICE BINGHAMTON NY
150 AM EDT WED MAY 11 2016


...................................

...THE BINGHAMTON NY CLIMATE SUMMARY FOR MAY 10 2016...

CLIMATE NORMAL PERIOD 1981 TO 2010
CLIMATE RECORD PERIOD 1951 TO 2016


WEATHER ITEM   OBSERVED TIME   RECORD YEAR NORMAL DEPARTURE LAST
                VALUE   (LST)  VALUE       VALUE  FROM      YEAR
                                                  NORMAL
..................................................................
TEMPERATURE (F)
 YESTERDAY
  MAXIMUM         61    521 PM  84    2015  64     -3       84
                                      1979
                                      1953
  MINIMUM         34    243 AM  25    1966  44    -10       60
  AVERAGE         48                        54     -6       72

PRECIPITATION (IN)
  YESTERDAY        0.00          1.55 1998   0.11  -0.11     0.00
  MONTH TO DATE    1.29                      1.09   0.20     0.21
  SINCE MAR 1      5.52                      7.51  -1.99     6.41
  SINCE JAN 1     10.83                     12.27  -1.44    10.35

SNOWFALL (IN)
  YESTERDAY        0.0           T    2000   0.0    0.0      0.0
  MONTH TO DATE    0.0                       0.1   -0.1      0.0
  SINCE MAR 1     10.3                      19.5   -9.2     17.6
  SINCE JUL 1     32.0                      83.4  -51.4     93.4
  SNOW DEPTH       0

DEGREE DAYS
 HEATING
  YESTERDAY       17                        11      6        0
  MONTH TO DATE  171                       128     43       29
  SINCE MAR 1   1621                      1728   -107     1802
  SINCE JUL 1   5979                      6927   -948     7334

 COOLING
  YESTERDAY        0                         0      0        7
  MONTH TO DATE    0                         0      0       23
  SINCE MAR 1      0                         4     -4       23
  SINCE JAN 1      0                         4     -4       23
..................................................................


WIND (MPH)
  HIGHEST WIND SPEED    12   HIGHEST WIND DIRECTION     W (250)
  HIGHEST GUST SPEED    14   HIGHEST GUST DIRECTION     W (260)
  AVERAGE WIND SPEED     3.6


SKY COVER
  AVERAGE SKY COVER 0.0


WEATHER CONDITIONS
 THE FOLLOWING WEATHER WAS RECORDED YESTERDAY.
  NO SIGNIFICANT WEATHER WAS OBSERVED.


RELATIVE HUMIDITY (PERCENT)
 HIGHEST    59           400 AM
 LOWEST     27           500 PM
 AVERAGE    43

..........................................................


THE BINGHAMTON NY CLIMATE NORMALS FOR TODAY
                         NORMAL    RECORD    YEAR
 MAXIMUM TEMPERATURE (F)   64        84      2015
                                             1959
                                             1953
 MINIMUM TEMPERATURE (F)   45        28      1966


SUNRISE AND SUNSET
MAY 11 2016...........SUNRISE   547 AM EDT   SUNSET   815 PM EDT
MAY 12 2016...........SUNRISE   545 AM EDT   SUNSET   816 PM EDT


-  INDICATES NEGATIVE NUMBERS.
R  INDICATES RECORD WAS SET OR TIED.
MM INDICATES DATA IS MISSING.
T  INDICATES TRACE AMOUNT.




$$
