666
CDUS41 KBGM 160548
CLIBGM


CLIMATE REPORT
NATIONAL WEATHER SERVICE BINGHAMTON NY
147 AM EDT SAT JUL 16 2016


...................................

...THE BINGHAMTON NY CLIMATE SUMMARY FOR JULY 15 2016...

CLIMATE NORMAL PERIOD 1981 TO 2010
CLIMATE RECORD PERIOD 1951 TO 2016


WEATHER ITEM   OBSERVED TIME   RECORD YEAR NORMAL DEPARTURE LAST
                VALUE   (LST)  VALUE       VALUE  FROM      YEAR
                                                  NORMAL
..................................................................
TEMPERATURE (F)
 YESTERDAY
  MAXIMUM         87    233 PM  96    1995  78      9       65
                                      1983
  MINIMUM         65   1144 PM  51    2009  60      5       52
                                      1989
                                      1986
  AVERAGE         76                        69      7       59

PRECIPITATION (IN)
  YESTERDAY        0.05          1.08 2000   0.12  -0.07      T
  MONTH TO DATE    0.46                      1.82  -1.36     2.16
  SINCE JUN 1      3.50                      6.13  -2.63    11.90
  SINCE JAN 1     15.89                     20.88  -4.99    25.45

SNOWFALL (IN)
  YESTERDAY        0.0           0.0  2002   0.0    0.0      0.0
                                      2000
                                      2001
  MONTH TO DATE    0.0                       0.0    0.0      0.0
  SINCE JUN 1      0.0                       0.0    0.0      0.0
  SINCE JUL 1      0.0                       0.0    0.0      0.0
  SNOW DEPTH       0

DEGREE DAYS
 HEATING
  YESTERDAY        0                         1     -1        6
  MONTH TO DATE    3                        15    -12       15
  SINCE JUN 1     72                       106    -34       92
  SINCE JUL 1      3                        15    -12       15

 COOLING
  YESTERDAY       11                         5      6        0
  MONTH TO DATE   94                        66     28       33
  SINCE JUN 1    157                       140     17       83
  SINCE JAN 1    203                       163     40      156
..................................................................


WIND (MPH)
  HIGHEST WIND SPEED    22   HIGHEST WIND DIRECTION     W (260)
  HIGHEST GUST SPEED    29   HIGHEST GUST DIRECTION     W (270)
  AVERAGE WIND SPEED     7.5


SKY COVER
  AVERAGE SKY COVER 0.3


WEATHER CONDITIONS
 THE FOLLOWING WEATHER WAS RECORDED YESTERDAY.
  LIGHT RAIN


RELATIVE HUMIDITY (PERCENT)
 HIGHEST    84           700 AM
 LOWEST     37           300 PM
 AVERAGE    61

..........................................................


THE BINGHAMTON NY CLIMATE NORMALS FOR TODAY
                         NORMAL    RECORD    YEAR
 MAXIMUM TEMPERATURE (F)   78        98      1988
 MINIMUM TEMPERATURE (F)   60        49      2015


SUNRISE AND SUNSET
JULY 16 2016..........SUNRISE   542 AM EDT   SUNSET   837 PM EDT
JULY 17 2016..........SUNRISE   543 AM EDT   SUNSET   837 PM EDT


-  INDICATES NEGATIVE NUMBERS.
R  INDICATES RECORD WAS SET OR TIED.
MM INDICATES DATA IS MISSING.
T  INDICATES TRACE AMOUNT.




$$
