000
CDUS41 KBGM 190544
CLIBGM


CLIMATE REPORT
NATIONAL WEATHER SERVICE BINGHAMTON NY
143 AM EDT MON SEP 19 2016


...................................

...THE BINGHAMTON NY CLIMATE SUMMARY FOR SEPTEMBER 18 2016...

CLIMATE NORMAL PERIOD 1981 TO 2010
CLIMATE RECORD PERIOD 1951 TO 2016


WEATHER ITEM   OBSERVED TIME   RECORD YEAR NORMAL DEPARTURE LAST
                VALUE   (LST)  VALUE       VALUE  FROM      YEAR
                                                  NORMAL
..................................................................
TEMPERATURE (F)
 YESTERDAY
  MAXIMUM         73    426 PM  83    1955  68      5       81
  MINIMUM         64   1159 PM  35    1990  50     14       56
  AVERAGE         69                        59     10       69

PRECIPITATION (IN)
  YESTERDAY        0.55          1.22 1970   0.13   0.42     0.00
  MONTH TO DATE    0.69                      2.13  -1.44     0.29
  SINCE SEP 1      0.69                      2.13  -1.44     0.29
  SINCE JAN 1     24.24                     28.34  -4.10    31.81

SNOWFALL (IN)
  YESTERDAY        0.0           T    1962   0.0    0.0      0.0
  MONTH TO DATE    0.0                       0.0    0.0      0.0
  SINCE SEP 1      0.0                       0.0    0.0      0.0
  SINCE JUL 1      0.0                       0.0    0.0       T
  SNOW DEPTH       0

DEGREE DAYS
 HEATING
  YESTERDAY        0                         7     -7        0
  MONTH TO DATE   37                        83    -46       23
  SINCE SEP 1     37                        83    -46       23
  SINCE JUL 1     46                       146   -100       72

 COOLING
  YESTERDAY        4                         1      3        4
  MONTH TO DATE   41                        25     16       95
  SINCE SEP 1     41                        25     16       95
  SINCE JAN 1    552                       373    179      437
..................................................................


WIND (MPH)
  HIGHEST WIND SPEED    16   HIGHEST WIND DIRECTION     S (200)
  HIGHEST GUST SPEED    24   HIGHEST GUST DIRECTION    SW (210)
  AVERAGE WIND SPEED     6.6


SKY COVER
  AVERAGE SKY COVER 0.8


WEATHER CONDITIONS
 THE FOLLOWING WEATHER WAS RECORDED YESTERDAY.
  RAIN
  LIGHT RAIN
  FOG


RELATIVE HUMIDITY (PERCENT)
 HIGHEST   100           800 AM
 LOWEST     73           300 PM
 AVERAGE    87

..........................................................


THE BINGHAMTON NY CLIMATE NORMALS FOR TODAY
                         NORMAL    RECORD    YEAR
 MAXIMUM TEMPERATURE (F)   67        89      1983
 MINIMUM TEMPERATURE (F)   50        35      1959


SUNRISE AND SUNSET
SEPTEMBER 19 2016.....SUNRISE   649 AM EDT   SUNSET   706 PM EDT
SEPTEMBER 20 2016.....SUNRISE   650 AM EDT   SUNSET   704 PM EDT


-  INDICATES NEGATIVE NUMBERS.
R  INDICATES RECORD WAS SET OR TIED.
MM INDICATES DATA IS MISSING.
T  INDICATES TRACE AMOUNT.

$$
