000
CDUS41 KBGM 210215
CLIBGM


CLIMATE REPORT
NATIONAL WEATHER SERVICE BINGHAMTON NY
1015 PM EDT WED MAY 20 2015


...................................

...THE BINGHAMTON NY CLIMATE SUMMARY FOR MAY 20 2015...
VALID AS OF 1000 PM LOCAL TIME.

CLIMATE NORMAL PERIOD 1981 TO 2010
CLIMATE RECORD PERIOD 1951 TO 2015


WEATHER ITEM   OBSERVED TIME   RECORD YEAR NORMAL DEPARTURE LAST
                VALUE   (LST)  VALUE       VALUE  FROM      YEAR
                                                  NORMAL
..................................................................
TEMPERATURE (F)
 TODAY
  MAXIMUM         52    450 PM  89    1996  67    -15       70
  MINIMUM         40    922 AM  30    2002  47     -7       44
  AVERAGE         46                        57    -11       57

PRECIPITATION (IN)
  TODAY            T             1.40 1971   0.13  -0.13      T
  MONTH TO DATE    2.93                      2.22   0.71     3.45
  SINCE MAR 1      9.13                      8.64   0.49     8.90
  SINCE JAN 1     13.07                     13.40  -0.33    14.59

SNOWFALL (IN)
  TODAY            0.0           T    2008   0.0    0.0      0.0
                                      2002
  MONTH TO DATE    0.0                       0.1   -0.1      0.0
  SINCE MAR 1     17.6                      19.5   -1.9      2.9
  SINCE JUL 1     93.4                      83.4   10.0     85.4
  SNOW DEPTH       0

DEGREE DAYS
 HEATING
  TODAY           19                         9     10        8
  MONTH TO DATE   96                       227   -131      172
  SINCE MAR 1   1869                      1827     42     1974
  SINCE JUL 1   7401                      7026    375     7445

 COOLING
  TODAY            0                         1     -1        0
  MONTH TO DATE   42                         8     34       13
  SINCE MAR 1     42                        12     30       15
  SINCE JAN 1     42                        12     30       15
..................................................................


WIND (MPH)
  HIGHEST WIND SPEED    21   HIGHEST WIND DIRECTION    NW (320)
  HIGHEST GUST SPEED    31   HIGHEST GUST DIRECTION    NW (310)
  AVERAGE WIND SPEED    12.1


SKY COVER
  AVERAGE SKY COVER 0.7


WEATHER CONDITIONS
 THE FOLLOWING WEATHER WAS RECORDED TODAY.
  LIGHT RAIN
  FOG


RELATIVE HUMIDITY (PERCENT)
 HIGHEST    96           400 AM
 LOWEST     50           400 PM
 AVERAGE    73

..........................................................


THE BINGHAMTON NY CLIMATE NORMALS FOR TOMORROW
                         NORMAL    RECORD    YEAR
 MAXIMUM TEMPERATURE (F)   67        86      1977
 MINIMUM TEMPERATURE (F)   48        28      2002


SUNRISE AND SUNSET
MAY 20 2015...........SUNRISE   538 AM EDT   SUNSET   823 PM EDT
MAY 21 2015...........SUNRISE   538 AM EDT   SUNSET   824 PM EDT


-  INDICATES NEGATIVE NUMBERS.
R  INDICATES RECORD WAS SET OR TIED.
MM INDICATES DATA IS MISSING.
T  INDICATES TRACE AMOUNT.




$$
