000
CDUS41 KBGM 040326
CLIBGM


CLIMATE REPORT
NATIONAL WEATHER SERVICE BINGHAMTON NY
1025 PM EST TUE JAN 3 2017


...................................

...THE BINGHAMTON NY CLIMATE SUMMARY FOR JANUARY 3 2017...
VALID AS OF 1000 PM LOCAL TIME.

CLIMATE NORMAL PERIOD 1981 TO 2010
CLIMATE RECORD PERIOD 1951 TO 2017


WEATHER ITEM   OBSERVED TIME   RECORD YEAR NORMAL DEPARTURE LAST
                VALUE   (LST)  VALUE       VALUE  FROM      YEAR
                                                  NORMAL
..................................................................
TEMPERATURE (F)
 TODAY
  MAXIMUM         35    543 PM  56    2000  29      6       31
  MINIMUM         32    239 AM  -7    1981  17     15       21
  AVERAGE         34                        23     11       26

PRECIPITATION (IN)
  TODAY            0.56          0.82 2003   0.08   0.48      T
  MONTH TO DATE    0.59                      0.24   0.35     0.01
  SINCE DEC 1      4.18                      3.07   1.11     3.62
  SINCE JAN 1      0.59                      0.24   0.35     0.01

SNOWFALL (IN)
  TODAY            0.0          17.3  2003   0.7   -0.7      0.2
  MONTH TO DATE    T                         2.1   -2.1      0.5
  SINCE DEC 1     29.8                      19.9    9.9      2.7
  SINCE JUL 1     58.4                      26.7   31.7      3.8
  SNOW DEPTH       0

DEGREE DAYS
 HEATING
  TODAY           31                        42    -11       39
  MONTH TO DATE  101                       126    -25      118
  SINCE DEC 1   1277                      1296    -19      873
  SINCE JUL 1   2626                      2871   -245     2143

 COOLING
  TODAY            0                         0      0        0
  MONTH TO DATE    0                         0      0        0
  SINCE DEC 1      0                         0      0        0
  SINCE JAN 1      0                         0      0        0
..................................................................


WIND (MPH)
  HIGHEST WIND SPEED    22   HIGHEST WIND DIRECTION    SE (130)
  HIGHEST GUST SPEED    28   HIGHEST GUST DIRECTION    SE (130)
  AVERAGE WIND SPEED    11.9


SKY COVER
  AVERAGE SKY COVER 1.0


WEATHER CONDITIONS
 THE FOLLOWING WEATHER WAS RECORDED TODAY.
  RAIN
  LIGHT RAIN
  FOG


RELATIVE HUMIDITY (PERCENT)
 HIGHEST   100           200 PM
 LOWEST     89           300 AM
 AVERAGE    95

..........................................................


THE BINGHAMTON NY CLIMATE NORMALS FOR TOMORROW
                         NORMAL    RECORD    YEAR
 MAXIMUM TEMPERATURE (F)   29        58      2000
 MINIMUM TEMPERATURE (F)   17       -10      1981


SUNRISE AND SUNSET
JANUARY  3 2017.......SUNRISE   733 AM EST   SUNSET   445 PM EST
JANUARY  4 2017.......SUNRISE   733 AM EST   SUNSET   446 PM EST


-  INDICATES NEGATIVE NUMBERS.
R  INDICATES RECORD WAS SET OR TIED.
MM INDICATES DATA IS MISSING.
T  INDICATES TRACE AMOUNT.

$$
