000
CDUS41 KBGM 062222
CLIBGM


CLIMATE REPORT
NATIONAL WEATHER SERVICE BINGHAMTON NY
522 PM EST FRI JAN 6 2017


...................................

...THE BINGHAMTON NY CLIMATE SUMMARY FOR JANUARY 6 2017...
VALID TODAY AS OF 0500 PM LOCAL TIME.

CLIMATE NORMAL PERIOD 1981 TO 2010
CLIMATE RECORD PERIOD 1951 TO 2017


WEATHER ITEM   OBSERVED TIME   RECORD YEAR NORMAL DEPARTURE LAST
                VALUE   (LST)  VALUE       VALUE  FROM      YEAR
                                                  NORMAL
..................................................................
TEMPERATURE (F)
 TODAY
  MAXIMUM         18    235 PM  60    2007  29    -11       35
  MINIMUM         10    748 AM  -7    1996  16     -6       12
  AVERAGE         14                        22     -8       24

PRECIPITATION (IN)
  TODAY            T             0.61 2005   0.08  -0.08     0.00
  MONTH TO DATE    0.64                      0.48   0.16     0.01
  SINCE DEC 1      4.23                      3.31   0.92     3.62
  SINCE JAN 1      0.64                      0.48   0.16     0.01

SNOWFALL (IN)
  TODAY            0.1           4.7  1994   0.7   -0.6      0.0
  MONTH TO DATE    0.6                       4.1   -3.5      0.8
  SINCE DEC 1     30.4                      21.9    8.5      3.0
  SINCE JUL 1     59.0                      28.7   30.3      4.1
  SNOW DEPTH       0

DEGREE DAYS
 HEATING
  TODAY           51                        42      9       41
  MONTH TO DATE  231                       252    -21      266
  SINCE DEC 1   1407                      1422    -15     1021
  SINCE JUL 1   2756                      2997   -241     2291

 COOLING
  TODAY            0                         0      0        0
  MONTH TO DATE    0                         0      0        0
  SINCE DEC 1      0                         0      0        0
  SINCE JAN 1      0                         0      0        0
..................................................................


WIND (MPH)
  HIGHEST WIND SPEED    17   HIGHEST WIND DIRECTION     W (270)
  HIGHEST GUST SPEED    24   HIGHEST GUST DIRECTION     W (260)
  AVERAGE WIND SPEED     7.6


SKY COVER
  AVERAGE SKY COVER 0.5


WEATHER CONDITIONS
 THE FOLLOWING WEATHER WAS RECORDED TODAY.
  LIGHT SNOW
  FOG


RELATIVE HUMIDITY (PERCENT)
 HIGHEST    84          1200 AM
 LOWEST     49           300 PM
 AVERAGE    67

..........................................................


THE BINGHAMTON NY CLIMATE NORMALS FOR TOMORROW
                         NORMAL    RECORD    YEAR
 MAXIMUM TEMPERATURE (F)   29        59      2008
 MINIMUM TEMPERATURE (F)   16        -8      2014


SUNRISE AND SUNSET
JANUARY  6 2017.......SUNRISE   733 AM EST   SUNSET   448 PM EST
JANUARY  7 2017.......SUNRISE   732 AM EST   SUNSET   449 PM EST


-  INDICATES NEGATIVE NUMBERS.
R  INDICATES RECORD WAS SET OR TIED.
MM INDICATES DATA IS MISSING.
T  INDICATES TRACE AMOUNT.

$$
