000
CDUS41 KBGM 190304
CLIBGM


CLIMATE REPORT
NATIONAL WEATHER SERVICE BINGHAMTON NY
1104 PM EDT THU AUG 18 2016


...................................

...THE BINGHAMTON NY CLIMATE SUMMARY FOR AUGUST 18 2016...
VALID AS OF 1000 PM LOCAL TIME.

CLIMATE NORMAL PERIOD 1981 TO 2010
CLIMATE RECORD PERIOD 1951 TO 2016


WEATHER ITEM   OBSERVED TIME   RECORD YEAR NORMAL DEPARTURE LAST
                VALUE   (LST)  VALUE       VALUE  FROM      YEAR
                                                  NORMAL
..................................................................
TEMPERATURE (F)
 TODAY
  MAXIMUM         79    137 PM  90    2002  77      2       85
  MINIMUM         62    518 AM  46    2000  58      4       66
                                      1981
  AVERAGE         71                        68      3       76

PRECIPITATION (IN)
  TODAY            0.13          1.55 1955   0.11   0.02     0.10
  MONTH TO DATE    3.81                      2.01   1.80     2.18
  SINCE JUN 1      9.74                     10.02  -0.28    17.07
  SINCE JAN 1     22.13                     24.77  -2.64    30.62

SNOWFALL (IN)
  TODAY            0.0           T    1962   0.0    0.0      0.0
  MONTH TO DATE    0.0                       0.0    0.0      0.0
  SINCE JUN 1      0.0                       0.0    0.0       T
  SINCE JUL 1      0.0                       0.0    0.0       T
  SNOW DEPTH       0

DEGREE DAYS
 HEATING
  TODAY            0                         1     -1        0
  MONTH TO DATE    0                        18    -18        9
  SINCE JUN 1     72                       133    -61      110
  SINCE JUL 1      3                        42    -39       33

 COOLING
  TODAY            6                         4      2       11
  MONTH TO DATE  129                        72     57       64
  SINCE JUN 1    409                       284    125      233
  SINCE JAN 1    455                       307    148      306
..................................................................


WIND (MPH)
  HIGHEST WIND SPEED    16   HIGHEST WIND DIRECTION    NW (300)
  HIGHEST GUST SPEED    20   HIGHEST GUST DIRECTION    NW (300)
  AVERAGE WIND SPEED     5.3


SKY COVER
  AVERAGE SKY COVER 0.4


WEATHER CONDITIONS
 THE FOLLOWING WEATHER WAS RECORDED TODAY.
  RAIN
  LIGHT RAIN
  FOG


RELATIVE HUMIDITY (PERCENT)
 HIGHEST   100           300 AM
 LOWEST     64           200 PM
 AVERAGE    82

..........................................................


THE BINGHAMTON NY CLIMATE NORMALS FOR TOMORROW
                         NORMAL    RECORD    YEAR
 MAXIMUM TEMPERATURE (F)   76        86      1983
                                             1978
                                             1955
 MINIMUM TEMPERATURE (F)   58        43      1963


SUNRISE AND SUNSET
AUGUST 18 2016........SUNRISE   615 AM EDT   SUNSET   759 PM EDT
AUGUST 19 2016........SUNRISE   616 AM EDT   SUNSET   758 PM EDT


-  INDICATES NEGATIVE NUMBERS.
R  INDICATES RECORD WAS SET OR TIED.
MM INDICATES DATA IS MISSING.
T  INDICATES TRACE AMOUNT.




$$
