078
CDUS41 KBGM 200530
CLIBGM


CLIMATE REPORT
NATIONAL WEATHER SERVICE BINGHAMTON NY
128 AM EDT TUE JUN 20 2017


...................................

...THE BINGHAMTON NY CLIMATE SUMMARY FOR JUNE 19 2017...

CLIMATE NORMAL PERIOD 1981 TO 2010
CLIMATE RECORD PERIOD 1951 TO 2017


WEATHER ITEM   OBSERVED TIME   RECORD YEAR NORMAL DEPARTURE LAST
                VALUE   (LST)  VALUE       VALUE  FROM      YEAR
                                                  NORMAL
..................................................................
TEMPERATURE (F)
 YESTERDAY
  MAXIMUM         73   1017 AM  90    2007  75     -2       85
  MINIMUM         62   1159 PM  44    1956  56      6       57
  AVERAGE         68                        66      2       71

PRECIPITATION (IN)
  YESTERDAY        1.02          1.09 1996   0.14   0.88     0.00
  MONTH TO DATE    4.71                      2.75   1.96     1.80
  SINCE JUN 1      4.71                      2.75   1.96     1.80
  SINCE JAN 1     29.16                     17.50  11.66    14.19

SNOWFALL (IN)
  YESTERDAY        0.0           0.0  2002   0.0    0.0      0.0
                                      2001
  MONTH TO DATE    0.0                       0.0    0.0      0.0
  SINCE JUN 1      0.0                       0.0    0.0      0.0
  SINCE JUL 1    135.2                      83.4   51.8     32.0
  SNOW DEPTH       0

DEGREE DAYS
 HEATING
  YESTERDAY        0                         2     -2        0
  MONTH TO DATE   75                        73      2       68
  SINCE JUN 1     75                        73      2       68
  SINCE JUL 1   6591                      7177   -586     6197

 COOLING
  YESTERDAY        3                         3      0        6
  MONTH TO DATE   51                        38     13       24
  SINCE JUN 1     51                        38     13       24
  SINCE JAN 1     72                        61     11       70
..................................................................


WIND (MPH)
  HIGHEST WIND SPEED    20   HIGHEST WIND DIRECTION     W (260)
  HIGHEST GUST SPEED    24   HIGHEST GUST DIRECTION     W (290)
  AVERAGE WIND SPEED     6.5


SKY COVER
  AVERAGE SKY COVER 0.9


WEATHER CONDITIONS
 THE FOLLOWING WEATHER WAS RECORDED YESTERDAY.
  THUNDERSTORM
  LIGHT RAIN


RELATIVE HUMIDITY (PERCENT)
 HIGHEST   100           100 AM
 LOWEST     99
 AVERAGE   100

..........................................................


THE BINGHAMTON NY CLIMATE NORMALS FOR TODAY
                         NORMAL    RECORD    YEAR
 MAXIMUM TEMPERATURE (F)   75        90      2012
                                             1953
 MINIMUM TEMPERATURE (F)   57        43      2004
                                             1970


SUNRISE AND SUNSET
JUNE 20 2017..........SUNRISE   528 AM EDT   SUNSET   844 PM EDT
JUNE 21 2017..........SUNRISE   528 AM EDT   SUNSET   844 PM EDT


-  INDICATES NEGATIVE NUMBERS.
R  INDICATES RECORD WAS SET OR TIED.
MM INDICATES DATA IS MISSING.
T  INDICATES TRACE AMOUNT.




$$
