000
CDUS41 KBGM 022118
CLIBGM


CLIMATE REPORT
NATIONAL WEATHER SERVICE BINGHAMTON NY
517 PM EDT WED AUG 2 2017


...................................

...THE BINGHAMTON NY CLIMATE SUMMARY FOR AUGUST 2 2017...
VALID TODAY AS OF 0500 PM LOCAL TIME.

CLIMATE NORMAL PERIOD 1981 TO 2010
CLIMATE RECORD PERIOD 1951 TO 2017


WEATHER ITEM   OBSERVED TIME   RECORD YEAR NORMAL DEPARTURE LAST
                VALUE   (LST)  VALUE       VALUE  FROM      YEAR
                                                  NORMAL
..................................................................
TEMPERATURE (F)
 TODAY
  MAXIMUM         82    310 PM  91    2002  78      4       78
  MINIMUM         63    540 AM  47    1976  60      3       63
  AVERAGE         73                        69      4       71

PRECIPITATION (IN)
  TODAY            0.00          1.18 1961   0.12  -0.12     0.00
  MONTH TO DATE    0.15                      0.24  -0.09     0.52
  SINCE JUN 1     12.82                      8.25   4.57     6.45
  SINCE JAN 1     37.27                     23.00  14.27    18.84

SNOWFALL (IN)
  TODAY            0.0           0.0  2002   0.0    0.0      0.0
                                      2001
                                      2000
  MONTH TO DATE    0.0                       0.0    0.0      0.0
  SINCE JUN 1      T                         0.0    0.0      0.0
  SINCE JUL 1      0.0                       0.0    0.0      0.0
  SNOW DEPTH       0

DEGREE DAYS
 HEATING
  TODAY            0                         1     -1        0
  MONTH TO DATE    0                         2     -2        0
  SINCE JUN 1    103                       117    -14       72
  SINCE JUL 1      8                        26    -18        3

 COOLING
  TODAY            8                         4      4        6
  MONTH TO DATE   14                         8      6       10
  SINCE JUN 1    194                       220    -26      290
  SINCE JAN 1    215                       243    -28      336
..................................................................


WIND (MPH)
  HIGHEST WIND SPEED    16   HIGHEST WIND DIRECTION    SE (150)
  HIGHEST GUST SPEED    22   HIGHEST GUST DIRECTION    SE (140)
  AVERAGE WIND SPEED     3.8


SKY COVER
  AVERAGE SKY COVER 0.3


WEATHER CONDITIONS
 THE FOLLOWING WEATHER WAS RECORDED TODAY.
  THUNDERSTORM


RELATIVE HUMIDITY (PERCENT)
 HIGHEST   100           300 AM
 LOWEST     51           100 PM
 AVERAGE    76

..........................................................


THE BINGHAMTON NY CLIMATE NORMALS FOR TOMORROW
                         NORMAL    RECORD    YEAR
 MAXIMUM TEMPERATURE (F)   78        91      1995
 MINIMUM TEMPERATURE (F)   60        44      1976


SUNRISE AND SUNSET
AUGUST  2 2017........SUNRISE   558 AM EDT   SUNSET   822 PM EDT
AUGUST  3 2017........SUNRISE   559 AM EDT   SUNSET   820 PM EDT


-  INDICATES NEGATIVE NUMBERS.
R  INDICATES RECORD WAS SET OR TIED.
MM INDICATES DATA IS MISSING.
T  INDICATES TRACE AMOUNT.




$$
