000
CDUS41 KBGM 080533
CLIBGM


CLIMATE REPORT
NATIONAL WEATHER SERVICE BINGHAMTON NY
130 AM EDT MON SEP 8 2014


...................................

...THE BINGHAMTON NY CLIMATE SUMMARY FOR SEPTEMBER 7 2014...

CLIMATE NORMAL PERIOD 1981 TO 2010
CLIMATE RECORD PERIOD 1951 TO 2014


WEATHER ITEM   OBSERVED TIME   RECORD YEAR NORMAL DEPARTURE LAST
                VALUE   (LST)  VALUE       VALUE  FROM      YEAR
                                                  NORMAL
..................................................................
TEMPERATURE (F)
 YESTERDAY
  MAXIMUM         70    337 PM  90    2007  72     -2       69
  MINIMUM         54   1156 PM  35    1984  54      0       50
  AVERAGE         62                        63     -1       60

PRECIPITATION (IN)
  YESTERDAY        0.00          7.49 2011   0.11  -0.11      T
  MONTH TO DATE    0.66                      0.80  -0.14     0.80
  SINCE SEP 1      0.66                      0.80  -0.14     0.80
  SINCE JAN 1     29.69                     27.01   2.68    31.09

SNOWFALL (IN)
  YESTERDAY        0.0           0.0  2002   0.0    0.0      0.0
                                      2001
                                      2000
  MONTH TO DATE    0.0                       0.0    0.0      0.0
  SINCE SEP 1      0.0                       0.0    0.0      0.0
  SINCE JUL 1      T                         0.0    0.0      0.0
  SNOW DEPTH       0

DEGREE DAYS
 HEATING
  YESTERDAY        3                         4     -1        5
  MONTH TO DATE    3                        23    -20       29
  SINCE SEP 1      3                        23    -20       29
  SINCE JUL 1     69                        86    -17       80

 COOLING
  YESTERDAY        0                         2     -2        0
  MONTH TO DATE   37                        14     23       17
  SINCE SEP 1     37                        14     23       17
  SINCE JAN 1    339                       362    -23      444
..................................................................


WIND (MPH)
  HIGHEST WIND SPEED    12   HIGHEST WIND DIRECTION    NW (300)
  HIGHEST GUST SPEED    16   HIGHEST GUST DIRECTION    NW (300)
  AVERAGE WIND SPEED     6.5


SKY COVER
  AVERAGE SKY COVER 0.3


WEATHER CONDITIONS
 THE FOLLOWING WEATHER WAS RECORDED YESTERDAY.
  NO SIGNIFICANT WEATHER WAS OBSERVED.


RELATIVE HUMIDITY (PERCENT)
 HIGHEST    93          1200 AM
 LOWEST     44           400 PM
 AVERAGE    69

..........................................................


THE BINGHAMTON NY CLIMATE NORMALS FOR TODAY
                         NORMAL    RECORD    YEAR
 MAXIMUM TEMPERATURE (F)   71        88      2002
                                             1964
 MINIMUM TEMPERATURE (F)   54        40      1952


SUNRISE AND SUNSET
SEPTEMBER  8 2014.....SUNRISE   637 AM EDT   SUNSET   726 PM EDT
SEPTEMBER  9 2014.....SUNRISE   638 AM EDT   SUNSET   724 PM EDT


-  INDICATES NEGATIVE NUMBERS.
R  INDICATES RECORD WAS SET OR TIED.
MM INDICATES DATA IS MISSING.
T  INDICATES TRACE AMOUNT.




$$
