000
CDUS41 KBGM 130547
CLIBGM


CLIMATE REPORT
NATIONAL WEATHER SERVICE BINGHAMTON NY
145 AM EDT TUE SEP 13 2016


...................................

...THE BINGHAMTON NY CLIMATE SUMMARY FOR SEPTEMBER 12 2016...

CLIMATE NORMAL PERIOD 1981 TO 2010
CLIMATE RECORD PERIOD 1951 TO 2016


WEATHER ITEM   OBSERVED TIME   RECORD YEAR NORMAL DEPARTURE LAST
                VALUE   (LST)  VALUE       VALUE  FROM      YEAR
                                                  NORMAL
..................................................................
TEMPERATURE (F)
 YESTERDAY
  MAXIMUM         72    226 PM  85    1952  70      2       67
  MINIMUM         45    449 AM  37    1985  52     -7       53
  AVERAGE         59                        61     -2       60

PRECIPITATION (IN)
  YESTERDAY        0.00          2.32 1960   0.11  -0.11     0.06
  MONTH TO DATE    0.14                      1.39  -1.25     0.18
  SINCE SEP 1      0.14                      1.39  -1.25     0.18
  SINCE JAN 1     23.69                     27.60  -3.91    31.70

SNOWFALL (IN)
  YESTERDAY        0.0           0.0  2002   0.0    0.0      0.0
                                      2001
                                      2000
  MONTH TO DATE    0.0                       0.0    0.0      0.0
  SINCE SEP 1      0.0                       0.0    0.0      0.0
  SINCE JUL 1      0.0                       0.0    0.0       T
  SNOW DEPTH       0

DEGREE DAYS
 HEATING
  YESTERDAY        6                         5      1        5
  MONTH TO DATE   16                        46    -30        7
  SINCE SEP 1     16                        46    -30        7
  SINCE JUL 1     25                       109    -84       56

 COOLING
  YESTERDAY        0                         1     -1        0
  MONTH TO DATE   36                        19     17       85
  SINCE SEP 1     36                        19     17       85
  SINCE JAN 1    547                       367    180      427
..................................................................


WIND (MPH)
  HIGHEST WIND SPEED    10   HIGHEST WIND DIRECTION     W (260)
  HIGHEST GUST SPEED    15   HIGHEST GUST DIRECTION     W (290)
  AVERAGE WIND SPEED     4.4


SKY COVER
  AVERAGE SKY COVER 0.1


WEATHER CONDITIONS
 THE FOLLOWING WEATHER WAS RECORDED YESTERDAY.
  NO SIGNIFICANT WEATHER WAS OBSERVED.


RELATIVE HUMIDITY (PERCENT)
 HIGHEST    93           400 AM
 LOWEST     38           300 PM
 AVERAGE    66

..........................................................


THE BINGHAMTON NY CLIMATE NORMALS FOR TODAY
                         NORMAL    RECORD    YEAR
 MAXIMUM TEMPERATURE (F)   70        87      1952
 MINIMUM TEMPERATURE (F)   52        37      1985
                                             1964


SUNRISE AND SUNSET
SEPTEMBER 13 2016.....SUNRISE   642 AM EDT   SUNSET   716 PM EDT
SEPTEMBER 14 2016.....SUNRISE   643 AM EDT   SUNSET   714 PM EDT


-  INDICATES NEGATIVE NUMBERS.
R  INDICATES RECORD WAS SET OR TIED.
MM INDICATES DATA IS MISSING.
T  INDICATES TRACE AMOUNT.




$$
