000
CDUS41 KBGM 200224
CLIBGM


CLIMATE REPORT
NATIONAL WEATHER SERVICE BINGHAMTON NY
1023 PM EDT SUN JUL 19 2015


...................................

...THE BINGHAMTON NY CLIMATE SUMMARY FOR JULY 19 2015...
VALID AS OF 1000 PM LOCAL TIME.

CLIMATE NORMAL PERIOD 1981 TO 2010
CLIMATE RECORD PERIOD 1951 TO 2015


WEATHER ITEM   OBSERVED TIME   RECORD YEAR NORMAL DEPARTURE LAST
                VALUE   (LST)  VALUE       VALUE  FROM      YEAR
                                                  NORMAL
..................................................................
TEMPERATURE (F)
 TODAY
  MAXIMUM         86   1229 PM  91    1991  78      8       75
                                      1972
  MINIMUM         65    511 AM  50    2003  60      5       57
  AVERAGE         76                        69      7       66

PRECIPITATION (IN)
  TODAY            0.88          1.52 2007   0.12   0.76     0.00
  MONTH TO DATE    3.62                      2.29   1.33     2.99
  SINCE JUN 1     13.36                      6.60   6.76     7.36
  SINCE JAN 1     26.91                     21.35   5.56    22.72

SNOWFALL (IN)
  TODAY            0.0           0.0  2002   0.0    0.0      0.0
                                      2000
                                      2001
  MONTH TO DATE    0.0                       0.0    0.0      0.0
  SINCE JUN 1      0.0                       0.0    0.0      0.0
  SINCE JUL 1      0.0                       0.0    0.0      0.0
  SNOW DEPTH       0

DEGREE DAYS
 HEATING
  TODAY            0                         1     -1        0
  MONTH TO DATE   20                        19      1        8
  SINCE JUN 1     97                       110    -13       53
  SINCE JUL 1     20                        19      1        8

 COOLING
  TODAY           11                         5      6        1
  MONTH TO DATE   55                        86    -31       85
  SINCE JUN 1    105                       160    -55      170
  SINCE JAN 1    178                       183     -5      195
..................................................................


WIND (MPH)
  HIGHEST WIND SPEED    23   HIGHEST WIND DIRECTION     N (20)
  HIGHEST GUST SPEED    37   HIGHEST GUST DIRECTION    NW (310)
  AVERAGE WIND SPEED     7.4


SKY COVER
  AVERAGE SKY COVER 0.2


WEATHER CONDITIONS
 THE FOLLOWING WEATHER WAS RECORDED TODAY.
  THUNDERSTORM
  HEAVY RAIN
  RAIN
  LIGHT RAIN
  FOG


RELATIVE HUMIDITY (PERCENT)
 HIGHEST   100           100 AM
 LOWEST     65           100 PM
 AVERAGE    83

..........................................................


THE BINGHAMTON NY CLIMATE NORMALS FOR TOMORROW
                         NORMAL    RECORD    YEAR
 MAXIMUM TEMPERATURE (F)   78        93      1991
 MINIMUM TEMPERATURE (F)   60        47      1965


SUNRISE AND SUNSET
JULY 19 2015..........SUNRISE   544 AM EDT   SUNSET   836 PM EDT
JULY 20 2015..........SUNRISE   545 AM EDT   SUNSET   835 PM EDT


-  INDICATES NEGATIVE NUMBERS.
R  INDICATES RECORD WAS SET OR TIED.
MM INDICATES DATA IS MISSING.
T  INDICATES TRACE AMOUNT.




$$
