000
CDUS41 KBGM 070539
CLIBGM


CLIMATE REPORT
NATIONAL WEATHER SERVICE BINGHAMTON NY
138 AM EDT SUN AUG 7 2016


...................................

...THE BINGHAMTON NY CLIMATE SUMMARY FOR AUGUST 6 2016...

CLIMATE NORMAL PERIOD 1981 TO 2010
CLIMATE RECORD PERIOD 1951 TO 2016


WEATHER ITEM   OBSERVED TIME   RECORD YEAR NORMAL DEPARTURE LAST
                VALUE   (LST)  VALUE       VALUE  FROM      YEAR
                                                  NORMAL
..................................................................
TEMPERATURE (F)
 YESTERDAY
  MAXIMUM         80    210 PM  88    2001  78      2       70
                                      1962
                                      1955
  MINIMUM         64   1159 PM  45    1957  59      5       53
  AVERAGE         72                        69      3       62

PRECIPITATION (IN)
  YESTERDAY        0.18          1.77 1978   0.11   0.07     0.00
  MONTH TO DATE    0.72                      0.69   0.03     0.29
  SINCE JUN 1      6.65                      8.70  -2.05    15.18
  SINCE JAN 1     19.04                     23.45  -4.41    28.73

SNOWFALL (IN)
  YESTERDAY        0.0           0.0  2002   0.0    0.0      0.0
                                      2001
                                      2000
  MONTH TO DATE    0.0                       0.0    0.0      0.0
  SINCE JUN 1      0.0                       0.0    0.0       T
  SINCE JUL 1      0.0                       0.0    0.0       T
  SNOW DEPTH       0

DEGREE DAYS
 HEATING
  YESTERDAY        0                         1     -1        3
  MONTH TO DATE    0                         6     -6        4
  SINCE JUN 1     72                       121    -49      105
  SINCE JUL 1      3                        30    -27       28

 COOLING
  YESTERDAY        7                         4      3        0
  MONTH TO DATE   31                        24      7       15
  SINCE JUN 1    311                       236     75      184
  SINCE JAN 1    357                       259     98      257
..................................................................


WIND (MPH)
  HIGHEST WIND SPEED    18   HIGHEST WIND DIRECTION     N (350)
  HIGHEST GUST SPEED    25   HIGHEST GUST DIRECTION    NW (300)
  AVERAGE WIND SPEED     7.8


SKY COVER
  AVERAGE SKY COVER 0.5


WEATHER CONDITIONS
 THE FOLLOWING WEATHER WAS RECORDED YESTERDAY.
  HEAVY RAIN
  RAIN
  LIGHT RAIN
  FOG


RELATIVE HUMIDITY (PERCENT)
 HIGHEST    97           400 AM
 LOWEST     42           400 PM
 AVERAGE    70

..........................................................


THE BINGHAMTON NY CLIMATE NORMALS FOR TODAY
                         NORMAL    RECORD    YEAR
 MAXIMUM TEMPERATURE (F)   78        90      2001
                                             1966
                                             1965
 MINIMUM TEMPERATURE (F)   59        47      1979


SUNRISE AND SUNSET
AUGUST  7 2016........SUNRISE   604 AM EDT   SUNSET   815 PM EDT
AUGUST  8 2016........SUNRISE   605 AM EDT   SUNSET   814 PM EDT


-  INDICATES NEGATIVE NUMBERS.
R  INDICATES RECORD WAS SET OR TIED.
MM INDICATES DATA IS MISSING.
T  INDICATES TRACE AMOUNT.




$$
