000
CDUS41 KBGM 160524
CLIBGM


CLIMATE REPORT
NATIONAL WEATHER SERVICE BINGHAMTON NY
1223 AM EST THU FEB 16 2017


...................................

...THE BINGHAMTON NY CLIMATE SUMMARY FOR FEBRUARY 15 2017...

CLIMATE NORMAL PERIOD 1981 TO 2010
CLIMATE RECORD PERIOD 1951 TO 2017


WEATHER ITEM   OBSERVED TIME   RECORD YEAR NORMAL DEPARTURE LAST
                VALUE   (LST)  VALUE       VALUE  FROM      YEAR
                                                  NORMAL
..................................................................
TEMPERATURE (F)
 YESTERDAY
  MAXIMUM         35    940 AM  58    1954  32      3       24
  MINIMUM         23   1159 PM -10    1987  17      6       -2
  AVERAGE         29                        25      4       11

PRECIPITATION (IN)
  YESTERDAY        0.13          1.28 1990   0.08   0.05     0.11
  MONTH TO DATE    1.85                      1.20   0.65     1.11
  SINCE DEC 1      9.23                      6.48   2.75     6.03
  SINCE JAN 1      5.64                      3.65   1.99     2.42

SNOWFALL (IN)
  YESTERDAY        2.4           8.3  1953   0.6    1.8      0.7
  MONTH TO DATE   21.5                       9.1   12.4      5.6
  SINCE DEC 1     63.3                      49.1   14.2     18.0
  SINCE JUL 1     91.9                      55.9   36.0     19.1
  SNOW DEPTH       8

DEGREE DAYS
 HEATING
  YESTERDAY       36                        40     -4       54
  MONTH TO DATE  590                       622    -32      614
  SINCE DEC 1   2923                      3119   -196     2622
  SINCE JUL 1   4272                      4694   -422     3892

 COOLING
  YESTERDAY        0                         0      0        0
  MONTH TO DATE    0                         0      0        0
  SINCE DEC 1      0                         0      0        0
  SINCE JAN 1      0                         0      0        0
..................................................................


WIND (MPH)
  HIGHEST WIND SPEED    22   HIGHEST WIND DIRECTION    NW (310)
  HIGHEST GUST SPEED    35   HIGHEST GUST DIRECTION    NW (310)
  AVERAGE WIND SPEED    10.5


SKY COVER
  AVERAGE SKY COVER 1.0


WEATHER CONDITIONS
 THE FOLLOWING WEATHER WAS RECORDED YESTERDAY.
  HEAVY SNOW
  SNOW
  LIGHT SNOW
  FOG
  FOG W/VISIBILITY <= 1/4 MILE
  HAZE


RELATIVE HUMIDITY (PERCENT)
 HIGHEST    92           100 PM
 LOWEST     64          1200 AM
 AVERAGE    78

..........................................................


THE BINGHAMTON NY CLIMATE NORMALS FOR TODAY
                         NORMAL    RECORD    YEAR
 MAXIMUM TEMPERATURE (F)   32        66      1954
 MINIMUM TEMPERATURE (F)   17        -7      2015
                                             1987


SUNRISE AND SUNSET
FEBRUARY 16 2017......SUNRISE   658 AM EST   SUNSET   538 PM EST
FEBRUARY 17 2017......SUNRISE   657 AM EST   SUNSET   539 PM EST


-  INDICATES NEGATIVE NUMBERS.
R  INDICATES RECORD WAS SET OR TIED.
MM INDICATES DATA IS MISSING.
T  INDICATES TRACE AMOUNT.




$$
