000
CDUS41 KBGM 130527
CLIBGM


CLIMATE REPORT
NATIONAL WEATHER SERVICE BINGHAMTON NY
127 AM EDT WED APR 13 2016


...................................

...THE BINGHAMTON NY CLIMATE SUMMARY FOR APRIL 12 2016...

CLIMATE NORMAL PERIOD 1981 TO 2010
CLIMATE RECORD PERIOD 1951 TO 2016


WEATHER ITEM   OBSERVED TIME   RECORD YEAR NORMAL DEPARTURE LAST
                VALUE   (LST)  VALUE       VALUE  FROM      YEAR
                                                  NORMAL
..................................................................
TEMPERATURE (F)
 YESTERDAY
  MAXIMUM         47    213 AM  80    1977  53     -6       63
  MINIMUM         31    649 AM  14    1976  35     -4       30
  AVERAGE         39                        44     -5       47

PRECIPITATION (IN)
  YESTERDAY        0.24          0.97 1987   0.12   0.12     0.00
  MONTH TO DATE    2.21                      1.41   0.80     2.30
  SINCE MAR 1      3.61                      4.40  -0.79     4.29
  SINCE JAN 1      8.92                      9.16  -0.24     8.23

SNOWFALL (IN)
  YESTERDAY        0.1           3.2  1962   0.2   -0.1      0.0
  MONTH TO DATE    9.3                       2.5    6.8      2.3
  SINCE MAR 1     10.3                      17.6   -7.3     17.1
  SINCE JUL 1     32.0                      81.5  -49.5     92.9
  SNOW DEPTH       0

DEGREE DAYS
 HEATING
  YESTERDAY       26                        21      5       18
  MONTH TO DATE  382                       284     98      293
  SINCE MAR 1   1153                      1281   -128     1463
  SINCE JUL 1   5511                      6480   -969     6995

 COOLING
  YESTERDAY        0                         0      0        0
  MONTH TO DATE    0                         0      0        0
  SINCE MAR 1      0                         0      0        0
  SINCE JAN 1      0                         0      0        0
..................................................................


WIND (MPH)
  HIGHEST WIND SPEED    24   HIGHEST WIND DIRECTION     N (350)
  HIGHEST GUST SPEED    31   HIGHEST GUST DIRECTION    NW (330)
  AVERAGE WIND SPEED    10.1


SKY COVER
  AVERAGE SKY COVER 1.0


WEATHER CONDITIONS
 THE FOLLOWING WEATHER WAS RECORDED YESTERDAY.
  RAIN
  LIGHT RAIN
  LIGHT SNOW
  FOG


RELATIVE HUMIDITY (PERCENT)
 HIGHEST   100           300 AM
 LOWEST     41           400 PM
 AVERAGE    71

..........................................................


THE BINGHAMTON NY CLIMATE NORMALS FOR TODAY
                         NORMAL    RECORD    YEAR
 MAXIMUM TEMPERATURE (F)   53        80      1977
 MINIMUM TEMPERATURE (F)   35        21      1992


SUNRISE AND SUNSET
APRIL 13 2016.........SUNRISE   626 AM EDT   SUNSET   744 PM EDT
APRIL 14 2016.........SUNRISE   624 AM EDT   SUNSET   745 PM EDT


-  INDICATES NEGATIVE NUMBERS.
R  INDICATES RECORD WAS SET OR TIED.
MM INDICATES DATA IS MISSING.
T  INDICATES TRACE AMOUNT.




$$
