000
CDUS41 KBGM 150545
CLIBGM


CLIMATE REPORT
NATIONAL WEATHER SERVICE BINGHAMTON NY
144 AM EDT FRI JUL 15 2016


...................................

...THE BINGHAMTON NY CLIMATE SUMMARY FOR JULY 14 2016...

CLIMATE NORMAL PERIOD 1981 TO 2010
CLIMATE RECORD PERIOD 1951 TO 2016


WEATHER ITEM   OBSERVED TIME   RECORD YEAR NORMAL DEPARTURE LAST
                VALUE   (LST)  VALUE       VALUE  FROM      YEAR
                                                  NORMAL
..................................................................
TEMPERATURE (F)
 YESTERDAY
  MAXIMUM         86        MM  93    1995  78      8       76
                                      1954
  MINIMUM         68        MM  50    2009  60      8       63
  AVERAGE         77                        69      8       70

PRECIPITATION (IN)
  YESTERDAY        0.12          0.95 1954   0.11   0.01     0.70
  MONTH TO DATE    0.41                      1.70  -1.29     2.16
  SINCE JUN 1      3.45                      6.01  -2.56    11.90
  SINCE JAN 1     15.84                     20.76  -4.92    25.45

SNOWFALL (IN)
  YESTERDAY        0.0           T    1954   0.0    0.0      0.0
  MONTH TO DATE    0.0                       0.0    0.0      0.0
  SINCE JUN 1      0.0                       0.0    0.0      0.0
  SINCE JUL 1      0.0                       0.0    0.0      0.0
  SNOW DEPTH       0

DEGREE DAYS
 HEATING
  YESTERDAY        0                         1     -1        0
  MONTH TO DATE    3                        14    -11        9
  SINCE JUN 1     72                       105    -33       86
  SINCE JUL 1      3                        14    -11        9

 COOLING
  YESTERDAY       12                         5      7        5
  MONTH TO DATE   83                        61     22       33
  SINCE JUN 1    146                       135     11       83
  SINCE JAN 1    192                       158     34      156
..................................................................


WIND (MPH)
  HIGHEST WIND SPEED    15   HIGHEST WIND DIRECTION    SW (230)
  HIGHEST GUST SPEED    39   HIGHEST GUST DIRECTION     W (270)
  AVERAGE WIND SPEED     9.8


SKY COVER
  AVERAGE SKY COVER 0.4


WEATHER CONDITIONS
 THE FOLLOWING WEATHER WAS RECORDED YESTERDAY.
  THUNDERSTORM
  HEAVY RAIN
  LIGHT RAIN
  FOG


RELATIVE HUMIDITY (PERCENT)
 HIGHEST    97          1200 AM
 LOWEST     44           600 PM
 AVERAGE    71

..........................................................


THE BINGHAMTON NY CLIMATE NORMALS FOR TODAY
                         NORMAL    RECORD    YEAR
 MAXIMUM TEMPERATURE (F)   78        96      1995
                                             1983
 MINIMUM TEMPERATURE (F)   60        51      2009
                                             1989
                                             1986


SUNRISE AND SUNSET
JULY 15 2016..........SUNRISE   541 AM EDT   SUNSET   838 PM EDT
JULY 16 2016..........SUNRISE   542 AM EDT   SUNSET   837 PM EDT


-  INDICATES NEGATIVE NUMBERS.
R  INDICATES RECORD WAS SET OR TIED.
MM INDICATES DATA IS MISSING.
T  INDICATES TRACE AMOUNT.




$$
