000
CDUS41 KBGM 220609
CLIBGM


CLIMATE REPORT
NATIONAL WEATHER SERVICE BINGHAMTON NY
209 AM EDT MON AUG 22 2016


...................................

...THE BINGHAMTON NY CLIMATE SUMMARY FOR AUGUST 21 2016...

CLIMATE NORMAL PERIOD 1981 TO 2010
CLIMATE RECORD PERIOD 1951 TO 2016


WEATHER ITEM   OBSERVED TIME   RECORD YEAR NORMAL DEPARTURE LAST
                VALUE   (LST)  VALUE       VALUE  FROM      YEAR
                                                  NORMAL
..................................................................
TEMPERATURE (F)
 YESTERDAY
  MAXIMUM         73    806 AM  89    1955  76     -3       73
  MINIMUM         60   1159 PM  43    1992  58      2       58
  AVERAGE         67                        67      0       66

PRECIPITATION (IN)
  YESTERDAY        1.20R         0.85 2014   0.12   1.08     0.00
  MONTH TO DATE    5.01                      2.36   2.65     3.08
  SINCE JUN 1     10.94                     10.37   0.57    17.97
  SINCE JAN 1     23.33                     25.12  -1.79    31.52

SNOWFALL (IN)
  YESTERDAY        0.0           0.0  2002   0.0    0.0      0.0
                                      2001
                                      2000
  MONTH TO DATE    0.0                       0.0    0.0      0.0
  SINCE JUN 1      0.0                       0.0    0.0       T
  SINCE JUL 1      0.0                       0.0    0.0       T
  SNOW DEPTH       0

DEGREE DAYS
 HEATING
  YESTERDAY        0                         1     -1        0
  MONTH TO DATE    0                        21    -21        9
  SINCE JUN 1     72                       136    -64      110
  SINCE JUL 1      3                        45    -42       33

 COOLING
  YESTERDAY        2                         3     -1        1
  MONTH TO DATE  142                        82     60       83
  SINCE JUN 1    422                       294    128      252
  SINCE JAN 1    468                       317    151      325
..................................................................


WIND (MPH)
  HIGHEST WIND SPEED    20   HIGHEST WIND DIRECTION     S (170)
  HIGHEST GUST SPEED    28   HIGHEST GUST DIRECTION     S (160)
  AVERAGE WIND SPEED     8.9


SKY COVER
  AVERAGE SKY COVER 0.6


WEATHER CONDITIONS
 THE FOLLOWING WEATHER WAS RECORDED YESTERDAY.
  HEAVY RAIN
  RAIN
  LIGHT RAIN
  FOG


RELATIVE HUMIDITY (PERCENT)
 HIGHEST   100           100 PM
 LOWEST     79          1000 AM
 AVERAGE    90

..........................................................


THE BINGHAMTON NY CLIMATE NORMALS FOR TODAY
                         NORMAL    RECORD    YEAR
 MAXIMUM TEMPERATURE (F)   76        87      1955
 MINIMUM TEMPERATURE (F)   58        42      1982


SUNRISE AND SUNSET
AUGUST 22 2016........SUNRISE   619 AM EDT   SUNSET   753 PM EDT
AUGUST 23 2016........SUNRISE   620 AM EDT   SUNSET   752 PM EDT


-  INDICATES NEGATIVE NUMBERS.
R  INDICATES RECORD WAS SET OR TIED.
MM INDICATES DATA IS MISSING.
T  INDICATES TRACE AMOUNT.




$$
