000
CDUS41 KBGM 090246
CLIBGM


CLIMATE REPORT
NATIONAL WEATHER SERVICE BINGHAMTON NY
1046 PM EDT THU SEP 8 2016


...................................

...THE BINGHAMTON NY CLIMATE SUMMARY FOR SEPTEMBER 8 2016...
VALID AS OF 1000 PM LOCAL TIME.

CLIMATE NORMAL PERIOD 1981 TO 2010
CLIMATE RECORD PERIOD 1951 TO 2016


WEATHER ITEM   OBSERVED TIME   RECORD YEAR NORMAL DEPARTURE LAST
                VALUE   (LST)  VALUE       VALUE  FROM      YEAR
                                                  NORMAL
..................................................................
TEMPERATURE (F)
 TODAY
  MAXIMUM         86    257 PM  88    2015  71     15       88
                                      2002
                                      1964
  MINIMUM         65    439 AM  40    1952  54     11       69
  AVERAGE         76                        62     14       79

PRECIPITATION (IN)
  TODAY            0.07          2.04 2004   0.12  -0.05     0.00
  MONTH TO DATE    0.08                      0.92  -0.84     0.00
  SINCE SEP 1      0.08                      0.92  -0.84     0.00
  SINCE JAN 1     23.63                     27.13  -3.50    31.52

SNOWFALL (IN)
  TODAY            0.0           0.0  2002   0.0    0.0      0.0
                                      2001
                                      2000
  MONTH TO DATE    0.0                       0.0    0.0      0.0
  SINCE SEP 1      0.0                       0.0    0.0      0.0
  SINCE JUL 1      0.0                       0.0    0.0       T
  SNOW DEPTH       0

DEGREE DAYS
 HEATING
  TODAY            0                         4     -4        0
  MONTH TO DATE    8                        27    -19        0
  SINCE SEP 1      8                        27    -19        0
  SINCE JUL 1     17                        90    -73       49

 COOLING
  TODAY           11                         1     10       14
  MONTH TO DATE   21                        15      6       73
  SINCE SEP 1     21                        15      6       73
  SINCE JAN 1    532                       363    169      415
..................................................................


WIND (MPH)
  HIGHEST WIND SPEED    20   HIGHEST WIND DIRECTION     N (350)
  HIGHEST GUST SPEED    26   HIGHEST GUST DIRECTION    SW (210)
  AVERAGE WIND SPEED     7.6


SKY COVER
  AVERAGE SKY COVER 0.5


WEATHER CONDITIONS
 THE FOLLOWING WEATHER WAS RECORDED TODAY.
  RAIN
  LIGHT RAIN
  FOG


RELATIVE HUMIDITY (PERCENT)
 HIGHEST   100           600 AM
 LOWEST     58           400 PM
 AVERAGE    79

..........................................................


THE BINGHAMTON NY CLIMATE NORMALS FOR TOMORROW
                         NORMAL    RECORD    YEAR
 MAXIMUM TEMPERATURE (F)   71        90      1959
 MINIMUM TEMPERATURE (F)   53        38      1979


SUNRISE AND SUNSET
SEPTEMBER  8 2016.....SUNRISE   637 AM EDT   SUNSET   725 PM EDT
SEPTEMBER  9 2016.....SUNRISE   638 AM EDT   SUNSET   723 PM EDT


-  INDICATES NEGATIVE NUMBERS.
R  INDICATES RECORD WAS SET OR TIED.
MM INDICATES DATA IS MISSING.
T  INDICATES TRACE AMOUNT.




$$
