894
CDUS41 KBGM 282221
CLIBGM


CLIMATE REPORT
NATIONAL WEATHER SERVICE BINGHAMTON NY
521 PM EST THU JAN 28 2016


...................................

...THE BINGHAMTON NY CLIMATE SUMMARY FOR JANUARY 28 2016...
VALID TODAY AS OF 0500 PM LOCAL TIME.

CLIMATE NORMAL PERIOD 1981 TO 2010
CLIMATE RECORD PERIOD 1951 TO 2016


WEATHER ITEM   OBSERVED TIME   RECORD YEAR NORMAL DEPARTURE LAST
                VALUE   (LST)  VALUE       VALUE  FROM      YEAR
                                                  NORMAL
..................................................................
TEMPERATURE (F)
 TODAY
  MAXIMUM         34    203 PM  53    2002  29      5       22
  MINIMUM         22    523 AM  -8    1966  15      7        7
  AVERAGE         28                        22      6       15

PRECIPITATION (IN)
  TODAY            0.00          0.47 2009   0.08  -0.08     0.00
  MONTH TO DATE    1.31                      2.22  -0.91     1.75
  SINCE DEC 1      4.92                      5.05  -0.13     5.05
  SINCE JAN 1      1.31                      2.22  -0.91     1.75

SNOWFALL (IN)
  TODAY            0.0           5.9  2009   0.7   -0.7      0.0
  MONTH TO DATE   10.2                      20.2  -10.0     12.9
  SINCE DEC 1     12.4                      38.0  -25.6     26.0
  SINCE JUL 1     13.5                      44.8  -31.3     39.7
  SNOW DEPTH       T

DEGREE DAYS
 HEATING
  TODAY           37                        43     -6       50
  MONTH TO DATE 1159                      1198    -39     1308
  SINCE DEC 1   1914                      2368   -454     2377
  SINCE JUL 1   3184                      3943   -759     3912

 COOLING
  TODAY            0                         0      0        0
  MONTH TO DATE    0                         0      0        0
  SINCE DEC 1      0                         0      0        0
  SINCE JAN 1      0                         0      0        0
..................................................................


WIND (MPH)
  HIGHEST WIND SPEED    17   HIGHEST WIND DIRECTION     S (180)
  HIGHEST GUST SPEED    24   HIGHEST GUST DIRECTION     S (200)
  AVERAGE WIND SPEED     9.3


SKY COVER
  AVERAGE SKY COVER 0.3


WEATHER CONDITIONS
 THE FOLLOWING WEATHER WAS RECORDED TODAY.
  NO SIGNIFICANT WEATHER WAS OBSERVED.


RELATIVE HUMIDITY (PERCENT)
 HIGHEST    88           200 AM
 LOWEST     47           300 PM
 AVERAGE    68

..........................................................


THE BINGHAMTON NY CLIMATE NORMALS FOR TOMORROW
                         NORMAL    RECORD    YEAR
 MAXIMUM TEMPERATURE (F)   29        54      2002
 MINIMUM TEMPERATURE (F)   16       -12      1977


SUNRISE AND SUNSET
JANUARY 28 2016.......SUNRISE   721 AM EST   SUNSET   513 PM EST
JANUARY 29 2016.......SUNRISE   721 AM EST   SUNSET   514 PM EST


-  INDICATES NEGATIVE NUMBERS.
R  INDICATES RECORD WAS SET OR TIED.
MM INDICATES DATA IS MISSING.
T  INDICATES TRACE AMOUNT.




$$
