000
CDUS41 KBGM 290618
CLIBGM


CLIMATE REPORT
NATIONAL WEATHER SERVICE BINGHAMTON NY
118 AM EST WED NOV 29 2017


...................................

...THE BINGHAMTON NY CLIMATE SUMMARY FOR NOVEMBER 28 2017...

CLIMATE NORMAL PERIOD 1981 TO 2010
CLIMATE RECORD PERIOD 1951 TO 2017


WEATHER ITEM   OBSERVED TIME   RECORD YEAR NORMAL DEPARTURE LAST
                VALUE   (LST)  VALUE       VALUE  FROM      YEAR
                                                  NORMAL
..................................................................
TEMPERATURE (F)
 YESTERDAY
  MAXIMUM         50    402 PM  70    1990  40     10       46
  MINIMUM         24    411 AM   6    1951  27     -3       27
  AVERAGE         37                        34      3       37

PRECIPITATION (IN)
  YESTERDAY        0.00          1.28 2004   0.11  -0.11     0.00
  MONTH TO DATE    1.65                      3.07  -1.42     1.87
  SINCE SEP 1      7.04                     10.03  -2.99     8.73
  SINCE JAN 1     46.78                     36.24  10.54    32.28

SNOWFALL (IN)
  YESTERDAY        0.0           4.8  1972   0.3   -0.3      0.0
  MONTH TO DATE    1.8                       5.1   -3.3     27.6
  SINCE SEP 1      1.8                       6.1   -4.3     28.6
  SINCE JUL 1      1.8                       6.1   -4.3     28.6
  SNOW DEPTH       0

DEGREE DAYS
 HEATING
  YESTERDAY       28                        32     -4       28
  MONTH TO DATE  784                       740     44      700
  SINCE SEP 1   1261                      1449   -188     1302
  SINCE JUL 1   1342                      1512   -170     1311

 COOLING
  YESTERDAY        0                         0      0        0
  MONTH TO DATE    0                         0      0        0
  SINCE SEP 1     78                        33     45       52
  SINCE JAN 1    349                       381    -32      563
..................................................................


WIND (MPH)
  HIGHEST WIND SPEED    18   HIGHEST WIND DIRECTION    SW (210)
  HIGHEST GUST SPEED    27   HIGHEST GUST DIRECTION    SW (220)
  AVERAGE WIND SPEED     9.1


SKY COVER
  AVERAGE SKY COVER 0.0


WEATHER CONDITIONS
 THE FOLLOWING WEATHER WAS RECORDED YESTERDAY.
  NO SIGNIFICANT WEATHER WAS OBSERVED.


RELATIVE HUMIDITY (PERCENT)
 HIGHEST    88           100 AM
 LOWEST     42           100 PM
 AVERAGE    65

..........................................................


THE BINGHAMTON NY CLIMATE NORMALS FOR TODAY
                         NORMAL    RECORD    YEAR
 MAXIMUM TEMPERATURE (F)   39        63      2011
                                             2005
 MINIMUM TEMPERATURE (F)   27         4      1955


SUNRISE AND SUNSET
NOVEMBER 29 2017......SUNRISE   711 AM EST   SUNSET   433 PM EST
NOVEMBER 30 2017......SUNRISE   712 AM EST   SUNSET   433 PM EST


-  INDICATES NEGATIVE NUMBERS.
R  INDICATES RECORD WAS SET OR TIED.
MM INDICATES DATA IS MISSING.
T  INDICATES TRACE AMOUNT.




$$
