000
CDUS41 KBGM 140216
CLIBGM


CLIMATE REPORT
NATIONAL WEATHER SERVICE BINGHAMTON NY
1015 PM EDT WED APR 13 2016


...................................

...THE BINGHAMTON NY CLIMATE SUMMARY FOR APRIL 13 2016...
VALID AS OF 1000 PM LOCAL TIME.

CLIMATE NORMAL PERIOD 1981 TO 2010
CLIMATE RECORD PERIOD 1951 TO 2016


WEATHER ITEM   OBSERVED TIME   RECORD YEAR NORMAL DEPARTURE LAST
                VALUE   (LST)  VALUE       VALUE  FROM      YEAR
                                                  NORMAL
..................................................................
TEMPERATURE (F)
 TODAY
  MAXIMUM         47    319 PM  80    1977  53     -6       74
  MINIMUM         27    610 AM  21    1992  35     -8       43
  AVERAGE         37                        44     -7       59

PRECIPITATION (IN)
  TODAY            0.00          1.10 1996   0.12  -0.12     0.05
  MONTH TO DATE    2.21                      1.53   0.68     2.35
  SINCE MAR 1      3.61                      4.52  -0.91     4.34
  SINCE JAN 1      8.92                      9.28  -0.36     8.28

SNOWFALL (IN)
  TODAY            0.0           2.5  1961   0.1   -0.1      0.0
  MONTH TO DATE    9.3                       2.6    6.7      2.3
  SINCE MAR 1     10.3                      17.7   -7.4     17.1
  SINCE JUL 1     32.0                      81.6  -49.6     92.9
  SNOW DEPTH       0

DEGREE DAYS
 HEATING
  TODAY           28                        21      7        6
  MONTH TO DATE  410                       305    105      299
  SINCE MAR 1   1181                      1302   -121     1469
  SINCE JUL 1   5539                      6501   -962     7001

 COOLING
  TODAY            0                         0      0        0
  MONTH TO DATE    0                         0      0        0
  SINCE MAR 1      0                         0      0        0
  SINCE JAN 1      0                         0      0        0
..................................................................


WIND (MPH)
  HIGHEST WIND SPEED    15   HIGHEST WIND DIRECTION    NE (30)
  HIGHEST GUST SPEED    19   HIGHEST GUST DIRECTION     N (20)
  AVERAGE WIND SPEED     6.5


SKY COVER
  AVERAGE SKY COVER 0.2


WEATHER CONDITIONS
 THE FOLLOWING WEATHER WAS RECORDED TODAY.
  NO SIGNIFICANT WEATHER WAS OBSERVED.


RELATIVE HUMIDITY (PERCENT)
 HIGHEST    81           500 AM
 LOWEST     34           300 PM
 AVERAGE    58

..........................................................


THE BINGHAMTON NY CLIMATE NORMALS FOR TOMORROW
                         NORMAL    RECORD    YEAR
 MAXIMUM TEMPERATURE (F)   54        79      1968
 MINIMUM TEMPERATURE (F)   35        22      1957


SUNRISE AND SUNSET
APRIL 13 2016.........SUNRISE   626 AM EDT   SUNSET   744 PM EDT
APRIL 14 2016.........SUNRISE   624 AM EDT   SUNSET   745 PM EDT


-  INDICATES NEGATIVE NUMBERS.
R  INDICATES RECORD WAS SET OR TIED.
MM INDICATES DATA IS MISSING.
T  INDICATES TRACE AMOUNT.

$$
