000
CDUS41 KBGM 190325
CLIBGM


CLIMATE REPORT
NATIONAL WEATHER SERVICE BINGHAMTON NY
1025 PM EST WED FEB 18 2015


...................................

...THE BINGHAMTON NY CLIMATE SUMMARY FOR FEBRUARY 18 2015...
VALID AS OF 1000 PM LOCAL TIME.

CLIMATE NORMAL PERIOD 1981 TO 2010
CLIMATE RECORD PERIOD 1951 TO 2015


WEATHER ITEM   OBSERVED TIME   RECORD YEAR NORMAL DEPARTURE LAST
                VALUE   (LST)  VALUE       VALUE  FROM      YEAR
                                                  NORMAL
..................................................................
TEMPERATURE (F)
 TODAY
  MAXIMUM         22    304 PM  58    2011  33    -11       31
  MINIMUM          0    527 AM -15    1979  18    -18       20
  AVERAGE         11                        25    -14       26

PRECIPITATION (IN)
  TODAY            0.05          0.70 1956   0.08  -0.03     0.04
  MONTH TO DATE    1.81                      1.45   0.36     2.30
  SINCE DEC 1      7.04                      6.73   0.31     8.68
  SINCE JAN 1      3.74                      3.90  -0.16     5.24

SNOWFALL (IN)
  TODAY            1.0           6.8  2000   0.6    0.4      0.9
  MONTH TO DATE   29.2                      10.9   18.3     25.2
  SINCE DEC 1     58.4                      50.9    7.5     73.4
  SINCE JUL 1     72.1                      57.7   14.4     81.6
  SNOW DEPTH      18

DEGREE DAYS
 HEATING
  TODAY           54                        40     14       39
  MONTH TO DATE  913                       742    171      850
  SINCE DEC 1   3442                      3239    203     3469
  SINCE JUL 1   4977                      4814    163     5060

 COOLING
  TODAY            0                         0      0        0
  MONTH TO DATE    0                         0      0        0
  SINCE DEC 1      0                         0      0        0
  SINCE JAN 1      0                         0      0        0
..................................................................


WIND (MPH)
  HIGHEST WIND SPEED    23   HIGHEST WIND DIRECTION    NW (300)
  HIGHEST GUST SPEED    32   HIGHEST GUST DIRECTION    NW (300)
  AVERAGE WIND SPEED     4.6


SKY COVER
  AVERAGE SKY COVER 0.5


WEATHER CONDITIONS
 THE FOLLOWING WEATHER WAS RECORDED TODAY.
  HEAVY SNOW
  SNOW
  LIGHT SNOW
  FOG
  HAZE


RELATIVE HUMIDITY (PERCENT)
 HIGHEST    95           500 AM
 LOWEST     47           200 PM
 AVERAGE    71

..........................................................


THE BINGHAMTON NY CLIMATE NORMALS FOR TOMORROW
                         NORMAL    RECORD    YEAR
 MAXIMUM TEMPERATURE (F)   33        61      1981
 MINIMUM TEMPERATURE (F)   18        -5      1993
                                             1966


SUNRISE AND SUNSET
FEBRUARY 18 2015......SUNRISE   656 AM EST   SUNSET   540 PM EST
FEBRUARY 19 2015......SUNRISE   655 AM EST   SUNSET   541 PM EST


-  INDICATES NEGATIVE NUMBERS.
R  INDICATES RECORD WAS SET OR TIED.
MM INDICATES DATA IS MISSING.
T  INDICATES TRACE AMOUNT.




$$
