000
CDUS41 KBGM 192219
CLIBGM


CLIMATE REPORT
NATIONAL WEATHER SERVICE BINGHAMTON NY
518 PM EST SAT NOV 19 2016


...................................

...THE BINGHAMTON NY CLIMATE SUMMARY FOR NOVEMBER 19 2016...
VALID TODAY AS OF 0500 PM LOCAL TIME.

CLIMATE NORMAL PERIOD 1981 TO 2010
CLIMATE RECORD PERIOD 1951 TO 2016


WEATHER ITEM   OBSERVED TIME   RECORD YEAR NORMAL DEPARTURE LAST
                VALUE   (LST)  VALUE       VALUE  FROM      YEAR
                                                  NORMAL
..................................................................
TEMPERATURE (F)
 TODAY
  MAXIMUM         66    112 PM  70    1991  44     22       58
  MINIMUM         43    554 AM  10    2014  30     13       50
  AVERAGE         55                        37     18       54

PRECIPITATION (IN)
  TODAY            0.00          1.20 2003   0.12  -0.12     0.24
  MONTH TO DATE    0.41                      2.08  -1.67     2.55
  SINCE SEP 1      7.27                      9.04  -1.77     7.49
  SINCE JAN 1     30.82                     35.25  -4.43    39.01

SNOWFALL (IN)
  TODAY            0.0           4.1  1969   0.2   -0.2      0.0
  MONTH TO DATE    0.0                       2.6   -2.6      0.2
  SINCE SEP 1      1.0                       3.6   -2.6      0.5
  SINCE JUL 1      1.0                       3.6   -2.6      0.5
  SNOW DEPTH       0

DEGREE DAYS
 HEATING
  TODAY           10                        28    -18       11
  MONTH TO DATE  393                       470    -77      306
  SINCE SEP 1    995                      1179   -184      908
  SINCE JUL 1   1004                      1242   -238      957

 COOLING
  TODAY            0                         0      0        0
  MONTH TO DATE    0                         0      0        0
  SINCE SEP 1     52                        33     19      101
  SINCE JAN 1    563                       381    182      443
..................................................................


WIND (MPH)
  HIGHEST WIND SPEED    29   HIGHEST WIND DIRECTION     W (290)
  HIGHEST GUST SPEED    37   HIGHEST GUST DIRECTION     W (280)
  AVERAGE WIND SPEED     9.1


SKY COVER
  AVERAGE SKY COVER 0.1


WEATHER CONDITIONS
 THE FOLLOWING WEATHER WAS RECORDED TODAY.
  NO SIGNIFICANT WEATHER WAS OBSERVED.


RELATIVE HUMIDITY (PERCENT)
 HIGHEST    89           600 AM
 LOWEST     37          1200 PM
 AVERAGE    63

..........................................................


THE BINGHAMTON NY CLIMATE NORMALS FOR TOMORROW
                         NORMAL    RECORD    YEAR
 MAXIMUM TEMPERATURE (F)   43        73      1991
 MINIMUM TEMPERATURE (F)   30        10      1986


SUNRISE AND SUNSET
NOVEMBER 19 2016......SUNRISE   700 AM EST   SUNSET   439 PM EST
NOVEMBER 20 2016......SUNRISE   701 AM EST   SUNSET   438 PM EST


-  INDICATES NEGATIVE NUMBERS.
R  INDICATES RECORD WAS SET OR TIED.
MM INDICATES DATA IS MISSING.
T  INDICATES TRACE AMOUNT.

$$
