000
CDUS41 KBGM 040600
CLIBGM


CLIMATE REPORT
NATIONAL WEATHER SERVICE BINGHAMTON NY
200 AM EDT FRI JUL 4 2014


...................................

...THE BINGHAMTON NY CLIMATE SUMMARY FOR JULY 3 2014...

CLIMATE NORMAL PERIOD 1981 TO 2010
CLIMATE RECORD PERIOD 1951 TO 2014


WEATHER ITEM   OBSERVED TIME   RECORD YEAR NORMAL DEPARTURE LAST
                VALUE   (LST)  VALUE       VALUE  FROM      YEAR
                                                  NORMAL
..................................................................
TEMPERATURE (F)
 YESTERDAY
  MAXIMUM         85    235 PM  95    1966  77      8       81
  MINIMUM         61   1159 PM  47    2001  59      2       67
  AVERAGE         73                        68      5       74

PRECIPITATION (IN)
  YESTERDAY        0.29          0.77 1970   0.12   0.17     0.00
  MONTH TO DATE    0.39                      0.36   0.03     1.93
  SINCE JUN 1      4.76                      4.67   0.09     7.17
  SINCE JAN 1     20.12                     19.42   0.70    20.33

SNOWFALL (IN)
  YESTERDAY        0.0           0.0  2002   0.0    0.0      0.0
                                      2000
                                      2001
  MONTH TO DATE    0.0                       0.0    0.0      0.0
  SINCE JUN 1      0.0                       0.0    0.0      0.0
  SINCE JUL 1      0.0                       0.0    0.0      0.0
  SNOW DEPTH       0

DEGREE DAYS
 HEATING
  YESTERDAY        0                         1     -1        0
  MONTH TO DATE    0                         3     -3        0
  SINCE JUN 1     45                        94    -49       87
  SINCE JUL 1      0                         3     -3        0

 COOLING
  YESTERDAY        8                         4      4        9
  MONTH TO DATE   32                        12     20       22
  SINCE JUN 1    117                        86     31      105
  SINCE JAN 1    142                       109     33      148
..................................................................


WIND (MPH)
  HIGHEST WIND SPEED    17   HIGHEST WIND DIRECTION    SW (240)
  HIGHEST GUST SPEED    24   HIGHEST GUST DIRECTION    SW (240)
  AVERAGE WIND SPEED     4.7


SKY COVER
  AVERAGE SKY COVER 0.4


WEATHER CONDITIONS
 THE FOLLOWING WEATHER WAS RECORDED YESTERDAY.
  THUNDERSTORM
  HEAVY RAIN
  RAIN
  LIGHT RAIN
  FOG
  FOG W/VISIBILITY <= 1/4 MILE


RELATIVE HUMIDITY (PERCENT)
 HIGHEST   100           600 AM
 LOWEST     55           100 PM
 AVERAGE    78

..........................................................


THE BINGHAMTON NY CLIMATE NORMALS FOR TODAY
                         NORMAL    RECORD    YEAR
 MAXIMUM TEMPERATURE (F)   77        91      1990
                                             1955
 MINIMUM TEMPERATURE (F)   59        47      1986


SUNRISE AND SUNSET
JULY  4 2014..........SUNRISE   533 AM EDT   SUNSET   843 PM EDT
JULY  5 2014..........SUNRISE   534 AM EDT   SUNSET   843 PM EDT


-  INDICATES NEGATIVE NUMBERS.
R  INDICATES RECORD WAS SET OR TIED.
MM INDICATES DATA IS MISSING.
T  INDICATES TRACE AMOUNT.




$$
