000
CDUS41 KBGM 150541
CLIBGM


CLIMATE REPORT
NATIONAL WEATHER SERVICE BINGHAMTON NY
140 AM EDT THU JUN 15 2017


...................................

...THE BINGHAMTON NY CLIMATE SUMMARY FOR JUNE 14 2017...

CLIMATE NORMAL PERIOD 1981 TO 2010
CLIMATE RECORD PERIOD 1951 TO 2017


WEATHER ITEM   OBSERVED TIME   RECORD YEAR NORMAL DEPARTURE LAST
                VALUE   (LST)  VALUE       VALUE  FROM      YEAR
                                                  NORMAL
..................................................................
TEMPERATURE (F)
 YESTERDAY
  MAXIMUM         76    505 PM  91    1988  74      2       71
  MINIMUM         57    508 AM  41    1978  55      2       45
  AVERAGE         67                        64      3       58

PRECIPITATION (IN)
  YESTERDAY        0.00          2.74 2015   0.17  -0.17     0.00
  MONTH TO DATE    2.53                      2.01   0.52     1.76
  SINCE JUN 1      2.53                      2.01   0.52     1.76
  SINCE JAN 1     26.98                     16.76  10.22    14.15

SNOWFALL (IN)
  YESTERDAY        0.0           0.0  2002   0.0    0.0      0.0
                                      2001
  MONTH TO DATE    0.0                       0.0    0.0      0.0
  SINCE JUN 1      0.0                       0.0    0.0      0.0
  SINCE JUL 1    135.2                      83.4   51.8     32.0
  SNOW DEPTH       0

DEGREE DAYS
 HEATING
  YESTERDAY        0                         3     -3        7
  MONTH TO DATE   70                        60     10       66
  SINCE JUN 1     70                        60     10       66
  SINCE JUL 1   6586                      7164   -578     6195

 COOLING
  YESTERDAY        2                         2      0        0
  MONTH TO DATE   33                        25      8       10
  SINCE JUN 1     33                        25      8       10
  SINCE JAN 1     54                        48      6       56
..................................................................


WIND (MPH)
  HIGHEST WIND SPEED    14   HIGHEST WIND DIRECTION     N (340)
  HIGHEST GUST SPEED    18   HIGHEST GUST DIRECTION     N (360)
  AVERAGE WIND SPEED     7.4


SKY COVER
  AVERAGE SKY COVER 0.1


WEATHER CONDITIONS
 THE FOLLOWING WEATHER WAS RECORDED YESTERDAY.
  FOG


RELATIVE HUMIDITY (PERCENT)
 HIGHEST   100          1200 AM
 LOWEST     31           500 PM
 AVERAGE    66

..........................................................


THE BINGHAMTON NY CLIMATE NORMALS FOR TODAY
                         NORMAL    RECORD    YEAR
 MAXIMUM TEMPERATURE (F)   74        90      1988
 MINIMUM TEMPERATURE (F)   55        39      1958


SUNRISE AND SUNSET
JUNE 15 2017..........SUNRISE   527 AM EDT   SUNSET   842 PM EDT
JUNE 16 2017..........SUNRISE   527 AM EDT   SUNSET   842 PM EDT


-  INDICATES NEGATIVE NUMBERS.
R  INDICATES RECORD WAS SET OR TIED.
MM INDICATES DATA IS MISSING.
T  INDICATES TRACE AMOUNT.




$$
