000
CDUS41 KBGM 242121
CLIBGM


CLIMATE REPORT
NATIONAL WEATHER SERVICE BINGHAMTON NY
521 PM EDT SUN AUG 24 2014


...................................

...THE BINGHAMTON NY CLIMATE SUMMARY FOR AUGUST 24 2014...
VALID TODAY AS OF 0500 PM LOCAL TIME.

CLIMATE NORMAL PERIOD 1981 TO 2010
CLIMATE RECORD PERIOD 1951 TO 2014


WEATHER ITEM   OBSERVED TIME   RECORD YEAR NORMAL DEPARTURE LAST
                VALUE   (LST)  VALUE       VALUE  FROM      YEAR
                                                  NORMAL
..................................................................
TEMPERATURE (F)
 TODAY
  MAXIMUM         76    353 PM  87    1954  76      0       74
  MINIMUM         56    610 AM  38    1971  57     -1       52
  AVERAGE         66                        66      0       63

PRECIPITATION (IN)
  TODAY            0.00          1.80 1975   0.11  -0.11     0.00
  MONTH TO DATE    5.06                      2.69   2.37     4.26
  SINCE JUN 1     13.27                     10.70   2.57    16.02
  SINCE JAN 1     28.63                     25.45   3.18    29.18

SNOWFALL (IN)
  TODAY            0.0           0.0  2002   0.0    0.0      0.0
                                      2001
                                      2000
  MONTH TO DATE    0.0                       0.0    0.0      0.0
  SINCE JUN 1      T                         0.0    0.0      0.0
  SINCE JUL 1      T                         0.0    0.0      0.0
  SNOW DEPTH       0

DEGREE DAYS
 HEATING
  TODAY            0                         2     -2        2
  MONTH TO DATE   31                        25      6       36
  SINCE JUN 1    101                       140    -39      137
  SINCE JUL 1     56                        49      7       50

 COOLING
  TODAY            1                         3     -2        0
  MONTH TO DATE   57                        91    -34       39
  SINCE JUN 1    265                       303    -38      342
  SINCE JAN 1    290                       326    -36      385
..................................................................


WIND (MPH)
  HIGHEST WIND SPEED    10   HIGHEST WIND DIRECTION    NE (60)
  HIGHEST GUST SPEED    14   HIGHEST GUST DIRECTION     E (80)
  AVERAGE WIND SPEED     3.5


SKY COVER
  AVERAGE SKY COVER 0.7


WEATHER CONDITIONS
 THE FOLLOWING WEATHER WAS RECORDED TODAY.
  FOG
  FOG W/VISIBILITY <= 1/4 MILE


RELATIVE HUMIDITY (PERCENT)
 HIGHEST   100          1200 AM
 LOWEST     49           100 PM
 AVERAGE    75

..........................................................


THE BINGHAMTON NY CLIMATE NORMALS FOR TOMORROW
                         NORMAL    RECORD    YEAR
 MAXIMUM TEMPERATURE (F)   75        91      2007
 MINIMUM TEMPERATURE (F)   57        41      1971


SUNRISE AND SUNSET
AUGUST 24 2014........SUNRISE   621 AM EDT   SUNSET   751 PM EDT
AUGUST 25 2014........SUNRISE   622 AM EDT   SUNSET   749 PM EDT


-  INDICATES NEGATIVE NUMBERS.
R  INDICATES RECORD WAS SET OR TIED.
MM INDICATES DATA IS MISSING.
T  INDICATES TRACE AMOUNT.




$$
