000
CDUS41 KBGM 170551
CLIBGM


CLIMATE REPORT
NATIONAL WEATHER SERVICE BINGHAMTON NY
150 AM EDT TUE MAR 17 2015


...................................

...THE BINGHAMTON NY CLIMATE SUMMARY FOR MARCH 16 2015...

CLIMATE NORMAL PERIOD 1981 TO 2010
CLIMATE RECORD PERIOD 1951 TO 2015


WEATHER ITEM   OBSERVED TIME   RECORD YEAR NORMAL DEPARTURE LAST
                VALUE   (LST)  VALUE       VALUE  FROM      YEAR
                                                  NORMAL
..................................................................
TEMPERATURE (F)
 YESTERDAY
  MAXIMUM         45    755 PM  74    1990  41      4       21
  MINIMUM         25    640 AM   7    1992  24      1       10
  AVERAGE         35                        33      2       16

PRECIPITATION (IN)
  YESTERDAY        0.00          1.12 1956   0.10  -0.10     0.01
  MONTH TO DATE    0.98                      1.43  -0.45     1.05
  SINCE MAR 1      0.98                      1.43  -0.45     1.05
  SINCE JAN 1      4.92                      6.19  -1.27     6.74

SNOWFALL (IN)
  YESTERDAY        0.0          11.2  1956   0.5   -0.5      0.1
  MONTH TO DATE    7.2                       9.3   -2.1      1.0
  SINCE MAR 1      7.2                       9.3   -2.1      1.0
  SINCE JUL 1     83.0                      73.2    9.8     83.5
  SNOW DEPTH       9

DEGREE DAYS
 HEATING
  YESTERDAY       30                        32     -2       49
  MONTH TO DATE  596                       557     39      669
  SINCE MAR 1    596                       557     39      669
  SINCE JUL 1   6128                      5756    372     6140

 COOLING
  YESTERDAY        0                         0      0        0
  MONTH TO DATE    0                         0      0        0
  SINCE MAR 1      0                         0      0        0
  SINCE JAN 1      0                         0      0        0
..................................................................


WIND (MPH)
  HIGHEST WIND SPEED    13   HIGHEST WIND DIRECTION     W (250)
  HIGHEST GUST SPEED    16   HIGHEST GUST DIRECTION     W (250)
  AVERAGE WIND SPEED     5.5


SKY COVER
  AVERAGE SKY COVER 0.3


WEATHER CONDITIONS
 THE FOLLOWING WEATHER WAS RECORDED YESTERDAY.
  FOG


RELATIVE HUMIDITY (PERCENT)
 HIGHEST    92           300 AM
 LOWEST     58           300 PM
 AVERAGE    75

..........................................................


THE BINGHAMTON NY CLIMATE NORMALS FOR TODAY
                         NORMAL    RECORD    YEAR
 MAXIMUM TEMPERATURE (F)   41        71      2012
 MINIMUM TEMPERATURE (F)   25         5      1981
                                             1967
                                             1961


SUNRISE AND SUNSET
MARCH 17 2015.........SUNRISE   713 AM EDT   SUNSET   712 PM EDT
MARCH 18 2015.........SUNRISE   711 AM EDT   SUNSET   714 PM EDT


-  INDICATES NEGATIVE NUMBERS.
R  INDICATES RECORD WAS SET OR TIED.
MM INDICATES DATA IS MISSING.
T  INDICATES TRACE AMOUNT.




$$
