000
CDUS41 KBGM 310227
CLIBGM


CLIMATE REPORT
NATIONAL WEATHER SERVICE BINGHAMTON NY
1027 PM EDT SUN JUL 30 2017


...................................

...THE BINGHAMTON NY CLIMATE SUMMARY FOR JULY 30 2017...
VALID AS OF 1000 PM LOCAL TIME.

CLIMATE NORMAL PERIOD 1981 TO 2010
CLIMATE RECORD PERIOD 1951 TO 2017


WEATHER ITEM   OBSERVED TIME   RECORD YEAR NORMAL DEPARTURE LAST
                VALUE   (LST)  VALUE       VALUE  FROM      YEAR
                                                  NORMAL
..................................................................
TEMPERATURE (F)
 TODAY
  MAXIMUM         76    446 PM  90    1954  78     -2       70
  MINIMUM         52    517 AM  47    1997  60     -8       61
                                      1956
  AVERAGE         64                        69     -5       66

PRECIPITATION (IN)
  TODAY            0.00          1.10 1993   0.11  -0.11     0.52
  MONTH TO DATE    6.93                      3.58   3.35     2.00
  SINCE JUN 1     12.67                      7.89   4.78     5.04
  SINCE JAN 1     37.12                     22.64  14.48    17.43

SNOWFALL (IN)
  TODAY            0.0           0.0  2002   0.0    0.0      0.0
                                      2000
                                      2001
  MONTH TO DATE    0.0                       0.0    0.0      0.0
  SINCE JUN 1      T                         0.0    0.0      0.0
  SINCE JUL 1      0.0                       0.0    0.0      0.0
  SNOW DEPTH       0

DEGREE DAYS
 HEATING
  TODAY            1                         1      0        0
  MONTH TO DATE    8                        30    -22        3
  SINCE JUN 1    103                       121    -18       72
  SINCE JUL 1      8                        30    -22        3

 COOLING
  TODAY            0                         4     -4        1
  MONTH TO DATE  103                       137    -34      212
  SINCE JUN 1    176                       211    -35      275
  SINCE JAN 1    197                       234    -37      321
..................................................................


WIND (MPH)
  HIGHEST WIND SPEED    14   HIGHEST WIND DIRECTION     N (360)
  HIGHEST GUST SPEED    19   HIGHEST GUST DIRECTION     N (360)
  AVERAGE WIND SPEED     7.7


SKY COVER
  AVERAGE SKY COVER 0.0


WEATHER CONDITIONS
 THE FOLLOWING WEATHER WAS RECORDED TODAY.
  NO SIGNIFICANT WEATHER WAS OBSERVED.


RELATIVE HUMIDITY (PERCENT)
 HIGHEST    83           400 AM
 LOWEST     43           200 PM
 AVERAGE    63

..........................................................


THE BINGHAMTON NY CLIMATE NORMALS FOR TOMORROW
                         NORMAL    RECORD    YEAR
 MAXIMUM TEMPERATURE (F)   78        94      1954
 MINIMUM TEMPERATURE (F)   60        49      1956


SUNRISE AND SUNSET
JULY 30 2017..........SUNRISE   555 AM EDT   SUNSET   825 PM EDT
JULY 31 2017..........SUNRISE   556 AM EDT   SUNSET   824 PM EDT


-  INDICATES NEGATIVE NUMBERS.
R  INDICATES RECORD WAS SET OR TIED.
MM INDICATES DATA IS MISSING.
T  INDICATES TRACE AMOUNT.




$$
