000
CDUS41 KBGM 210532
CLIBGM


CLIMATE REPORT
NATIONAL WEATHER SERVICE BINGHAMTON NY
132 AM EDT SAT MAR 21 2015


...................................

...THE BINGHAMTON NY CLIMATE SUMMARY FOR MARCH 20 2015...

CLIMATE NORMAL PERIOD 1981 TO 2010
CLIMATE RECORD PERIOD 1951 TO 2015


WEATHER ITEM   OBSERVED TIME   RECORD YEAR NORMAL DEPARTURE LAST
                VALUE   (LST)  VALUE       VALUE  FROM      YEAR
                                                  NORMAL
..................................................................
TEMPERATURE (F)
 YESTERDAY
  MAXIMUM         28   1046 PM  72    2012  43    -15       41
  MINIMUM         21    343 AM   7    1986  26     -5       29
  AVERAGE         25                        34     -9       35

PRECIPITATION (IN)
  YESTERDAY        0.07          0.79 2003   0.10  -0.03      T
  MONTH TO DATE    1.22                      1.83  -0.61     1.08
  SINCE MAR 1      1.22                      1.83  -0.61     1.08
  SINCE JAN 1      5.16                      6.59  -1.43     6.77

SNOWFALL (IN)
  YESTERDAY        1.2           8.6  1958   0.4    0.8      0.1
  MONTH TO DATE   11.4                      11.2    0.2      1.1
  SINCE MAR 1     11.4                      11.2    0.2      1.1
  SINCE JUL 1     87.2                      75.1   12.1     83.6
  SNOW DEPTH       6

DEGREE DAYS
 HEATING
  YESTERDAY       40                        31      9       30
  MONTH TO DATE  752                       683     69      812
  SINCE MAR 1    752                       683     69      812
  SINCE JUL 1   6284                      5882    402     6283

 COOLING
  YESTERDAY        0                         0      0        0
  MONTH TO DATE    0                         0      0        0
  SINCE MAR 1      0                         0      0        0
  SINCE JAN 1      0                         0      0        0
..................................................................


WIND (MPH)
  HIGHEST WIND SPEED    14   HIGHEST WIND DIRECTION     S (190)
  HIGHEST GUST SPEED    19   HIGHEST GUST DIRECTION     S (180)
  AVERAGE WIND SPEED     7.5


SKY COVER
  AVERAGE SKY COVER 0.8


WEATHER CONDITIONS
 THE FOLLOWING WEATHER WAS RECORDED YESTERDAY.
  SNOW
  LIGHT SNOW
  FOG
  HAZE


RELATIVE HUMIDITY (PERCENT)
 HIGHEST    92          1100 PM
 LOWEST     44          1200 AM
 AVERAGE    68

..........................................................


THE BINGHAMTON NY CLIMATE NORMALS FOR TODAY
                         NORMAL    RECORD    YEAR
 MAXIMUM TEMPERATURE (F)   43        74      2012
 MINIMUM TEMPERATURE (F)   26         3      1988


SUNRISE AND SUNSET
MARCH 21 2015.........SUNRISE   706 AM EDT   SUNSET   717 PM EDT
MARCH 22 2015.........SUNRISE   704 AM EDT   SUNSET   718 PM EDT


-  INDICATES NEGATIVE NUMBERS.
R  INDICATES RECORD WAS SET OR TIED.
MM INDICATES DATA IS MISSING.
T  INDICATES TRACE AMOUNT.




$$
