000
CDUS41 KBGM 180602
CLIBGM


CLIMATE REPORT
NATIONAL WEATHER SERVICE BINGHAMTON NY
201 AM EDT MON APR 18 2016


...................................

...THE BINGHAMTON NY CLIMATE SUMMARY FOR APRIL 17 2016...

CLIMATE NORMAL PERIOD 1981 TO 2010
CLIMATE RECORD PERIOD 1951 TO 2016


WEATHER ITEM   OBSERVED TIME   RECORD YEAR NORMAL DEPARTURE LAST
                VALUE   (LST)  VALUE       VALUE  FROM      YEAR
                                                  NORMAL
..................................................................
TEMPERATURE (F)
 YESTERDAY
  MAXIMUM         74    336 PM  86    2002  55     19       61
  MINIMUM         44    606 AM  22    1980  37      7       49
  AVERAGE         59                        46     13       55

PRECIPITATION (IN)
  YESTERDAY        0.00          0.79 1982   0.12  -0.12     0.12
  MONTH TO DATE    2.21                      2.00   0.21     2.68
  SINCE MAR 1      3.61                      4.99  -1.38     4.67
  SINCE JAN 1      8.92                      9.75  -0.83     8.61

SNOWFALL (IN)
  YESTERDAY        0.0           3.0  1965   0.2   -0.2      0.0
  MONTH TO DATE    9.3                       3.2    6.1      2.3
  SINCE MAR 1     10.3                      18.3   -8.0     17.1
  SINCE JUL 1     32.0                      82.2  -50.2     92.9
  SNOW DEPTH       0

DEGREE DAYS
 HEATING
  YESTERDAY        6                        19    -13       10
  MONTH TO DATE  469                       385     84      352
  SINCE MAR 1   1240                      1382   -142     1522
  SINCE JUL 1   5598                      6581   -983     7054

 COOLING
  YESTERDAY        0                         0      0        0
  MONTH TO DATE    0                         0      0        0
  SINCE MAR 1      0                         0      0        0
  SINCE JAN 1      0                         0      0        0
..................................................................


WIND (MPH)
  HIGHEST WIND SPEED    14   HIGHEST WIND DIRECTION    NW (320)
  HIGHEST GUST SPEED    19   HIGHEST GUST DIRECTION    NW (320)
  AVERAGE WIND SPEED     5.3


SKY COVER
  AVERAGE SKY COVER 0.0


WEATHER CONDITIONS
 THE FOLLOWING WEATHER WAS RECORDED YESTERDAY.
  NO SIGNIFICANT WEATHER WAS OBSERVED.


RELATIVE HUMIDITY (PERCENT)
 HIGHEST    45           700 AM
 LOWEST     26          1100 AM
 AVERAGE    36

..........................................................


THE BINGHAMTON NY CLIMATE NORMALS FOR TODAY
                         NORMAL    RECORD    YEAR
 MAXIMUM TEMPERATURE (F)   55        85      1976
 MINIMUM TEMPERATURE (F)   37        25      2001


SUNRISE AND SUNSET
APRIL 18 2016.........SUNRISE   618 AM EDT   SUNSET   749 PM EDT
APRIL 19 2016.........SUNRISE   616 AM EDT   SUNSET   750 PM EDT


-  INDICATES NEGATIVE NUMBERS.
R  INDICATES RECORD WAS SET OR TIED.
MM INDICATES DATA IS MISSING.
T  INDICATES TRACE AMOUNT.




$$
