000
CDUS41 KBGM 102239
CLIBGM


CLIMATE REPORT
NATIONAL WEATHER SERVICE BINGHAMTON NY
638 PM EDT MON APR 10 2017


...................................

...THE BINGHAMTON NY CLIMATE SUMMARY FOR APRIL 10 2017...
VALID TODAY AS OF 0500 PM LOCAL TIME.

CLIMATE NORMAL PERIOD 1981 TO 2010
CLIMATE RECORD PERIOD 1951 TO 2017


WEATHER ITEM   OBSERVED TIME   RECORD YEAR NORMAL DEPARTURE LAST
                VALUE   (LST)  VALUE       VALUE  FROM      YEAR
                                                  NORMAL
..................................................................
TEMPERATURE (F)
 TODAY
  MAXIMUM         76R   205 PM  72    1955  52     24       37
  MINIMUM         51    558 AM  17    1985  34     17       19
  AVERAGE         64                        43     21       28

PRECIPITATION (IN)
  TODAY            0.00          2.57 1993   0.12  -0.12      T
  MONTH TO DATE    2.44                      1.18   1.26     1.73
  SINCE MAR 1      8.04                      4.17   3.87     3.13
  SINCE JAN 1     14.31                      8.93   5.38     8.44

SNOWFALL (IN)
  TODAY            0.0           5.5  1961   0.2   -0.2       T
  MONTH TO DATE    2.1                       2.1    0.0      9.2
  SINCE MAR 1     41.7                      17.2   24.5     10.2
  SINCE JUL 1    135.2                      81.1   54.1     31.9
  SNOW DEPTH       0

DEGREE DAYS
 HEATING
  TODAY            1                        22    -21       37
  MONTH TO DATE  203                       241    -38      333
  SINCE MAR 1   1315                      1238     77     1104
  SINCE JUL 1   5928                      6437   -509     5462

 COOLING
  TODAY            0                         0      0        0
  MONTH TO DATE    0                         0      0        0
  SINCE MAR 1      0                         0      0        0
  SINCE JAN 1      0                         0      0        0
..................................................................


WIND (MPH)
  HIGHEST WIND SPEED    21   HIGHEST WIND DIRECTION     S (190)
  HIGHEST GUST SPEED    28   HIGHEST GUST DIRECTION    SW (220)
  AVERAGE WIND SPEED    11.6


SKY COVER
  AVERAGE SKY COVER 0.0


WEATHER CONDITIONS
 THE FOLLOWING WEATHER WAS RECORDED TODAY.
  NO SIGNIFICANT WEATHER WAS OBSERVED.


RELATIVE HUMIDITY (PERCENT)
 HIGHEST    38           400 AM
 LOWEST     23          1100 AM
 AVERAGE    31

..........................................................


THE BINGHAMTON NY CLIMATE NORMALS FOR TOMORROW
                         NORMAL    RECORD    YEAR
 MAXIMUM TEMPERATURE (F)   52        79      1977
 MINIMUM TEMPERATURE (F)   34        16      1970


SUNRISE AND SUNSET
APRIL 10 2017.........SUNRISE   631 AM EDT   SUNSET   740 PM EDT
APRIL 11 2017.........SUNRISE   629 AM EDT   SUNSET   741 PM EDT


-  INDICATES NEGATIVE NUMBERS.
R  INDICATES RECORD WAS SET OR TIED.
MM INDICATES DATA IS MISSING.
T  INDICATES TRACE AMOUNT.




$$
