000
CDUS41 KBGM 090557
CLIBGM


CLIMATE REPORT
NATIONAL WEATHER SERVICE BINGHAMTON NY
156 AM EDT TUE SEP 9 2014


...................................

...THE BINGHAMTON NY CLIMATE SUMMARY FOR SEPTEMBER 8 2014...

CLIMATE NORMAL PERIOD 1981 TO 2010
CLIMATE RECORD PERIOD 1951 TO 2014


WEATHER ITEM   OBSERVED TIME   RECORD YEAR NORMAL DEPARTURE LAST
                VALUE   (LST)  VALUE       VALUE  FROM      YEAR
                                                  NORMAL
..................................................................
TEMPERATURE (F)
 YESTERDAY
  MAXIMUM         72    321 PM  88    2002  71      1       65
                                      1964
  MINIMUM         46    557 AM  40    1952  54     -8       46
  AVERAGE         59                        62     -3       56

PRECIPITATION (IN)
  YESTERDAY        0.00          2.04 2004   0.12  -0.12     0.01
  MONTH TO DATE    0.66                      0.92  -0.26     0.81
  SINCE SEP 1      0.66                      0.92  -0.26     0.81
  SINCE JAN 1     29.69                     27.13   2.56    31.10

SNOWFALL (IN)
  YESTERDAY        0.0           0.0  2002   0.0    0.0      0.0
                                      2001
                                      2000
  MONTH TO DATE    0.0                       0.0    0.0      0.0
  SINCE SEP 1      0.0                       0.0    0.0      0.0
  SINCE JUL 1      T                         0.0    0.0      0.0
  SNOW DEPTH       0

DEGREE DAYS
 HEATING
  YESTERDAY        6                         4      2        9
  MONTH TO DATE    9                        27    -18       38
  SINCE SEP 1      9                        27    -18       38
  SINCE JUL 1     75                        90    -15       89

 COOLING
  YESTERDAY        0                         1     -1        0
  MONTH TO DATE   37                        15     22       17
  SINCE SEP 1     37                        15     22       17
  SINCE JAN 1    339                       363    -24      444
..................................................................


WIND (MPH)
  HIGHEST WIND SPEED    18   HIGHEST WIND DIRECTION    SE (140)
  HIGHEST GUST SPEED    26   HIGHEST GUST DIRECTION    SE (130)
  AVERAGE WIND SPEED     7.8


SKY COVER
  AVERAGE SKY COVER 0.1


WEATHER CONDITIONS
 THE FOLLOWING WEATHER WAS RECORDED YESTERDAY.
  NO SIGNIFICANT WEATHER WAS OBSERVED.


RELATIVE HUMIDITY (PERCENT)
 HIGHEST    93           200 AM
 LOWEST     49           200 PM
 AVERAGE    71

..........................................................


THE BINGHAMTON NY CLIMATE NORMALS FOR TODAY
                         NORMAL    RECORD    YEAR
 MAXIMUM TEMPERATURE (F)   71        90      1959
 MINIMUM TEMPERATURE (F)   53        38      1979


SUNRISE AND SUNSET
SEPTEMBER  9 2014.....SUNRISE   638 AM EDT   SUNSET   724 PM EDT
SEPTEMBER 10 2014.....SUNRISE   639 AM EDT   SUNSET   722 PM EDT


-  INDICATES NEGATIVE NUMBERS.
R  INDICATES RECORD WAS SET OR TIED.
MM INDICATES DATA IS MISSING.
T  INDICATES TRACE AMOUNT.

$$
