000
CDUS41 KBGM 020608
CLIBGM


CLIMATE REPORT
NATIONAL WEATHER SERVICE BINGHAMTON NY
206 AM EDT WED APR 2 2014


...................................

...THE BINGHAMTON NY CLIMATE SUMMARY FOR APRIL 1 2014...

CLIMATE NORMAL PERIOD 1981 TO 2010
CLIMATE RECORD PERIOD 1951 TO 2014


WEATHER ITEM   OBSERVED TIME   RECORD YEAR NORMAL DEPARTURE LAST
                VALUE   (LST)  VALUE       VALUE  FROM      YEAR
                                                  NORMAL
..................................................................
TEMPERATURE (F)
 YESTERDAY
  MAXIMUM         55    450 PM  77    1986  48      7       42
  MINIMUM         27    537 AM  14    1969  30     -3       23
  AVERAGE         41                        39      2       33

PRECIPITATION (IN)
  YESTERDAY        0.00          0.88 1973   0.11  -0.11     0.16
  MONTH TO DATE    0.00                      0.11  -0.11     0.16
  SINCE MAR 1      2.68                      3.10  -0.42     2.06
  SINCE JAN 1      8.37                      7.86   0.51     6.61

SNOWFALL (IN)
  YESTERDAY        0.0           1.4  1991   0.2   -0.2      0.2
  MONTH TO DATE    0.0                       0.2   -0.2      0.2
  SINCE MAR 1      1.9                      15.3  -13.4     14.6
  SINCE JUL 1     84.4                      79.2    5.2     68.4
  SNOW DEPTH       0

DEGREE DAYS
 HEATING
  YESTERDAY       24                        26     -2       32
  MONTH TO DATE   24                        26     -2       32
  SINCE MAR 1   1224                      1023    201     1103
  SINCE JUL 1   6695                      6222    473     5987

 COOLING
  YESTERDAY        0                         0      0        0
  MONTH TO DATE    0                         0      0        0
  SINCE MAR 1      0                         0      0        0
  SINCE JAN 1      0                         0      0        0
..................................................................


WIND (MPH)
  HIGHEST WIND SPEED    14   HIGHEST WIND DIRECTION    SE (130)
  HIGHEST GUST SPEED    17   HIGHEST GUST DIRECTION     S (160)
  AVERAGE WIND SPEED     6.4


SKY COVER
  AVERAGE SKY COVER 0.0


WEATHER CONDITIONS
 THE FOLLOWING WEATHER WAS RECORDED YESTERDAY.
  NO SIGNIFICANT WEATHER WAS OBSERVED.


RELATIVE HUMIDITY (PERCENT)
 HIGHEST    85           300 AM
 LOWEST     38           500 PM
 AVERAGE    62

..........................................................


THE BINGHAMTON NY CLIMATE NORMALS FOR TODAY
                         NORMAL    RECORD    YEAR
 MAXIMUM TEMPERATURE (F)   48        79      2010
 MINIMUM TEMPERATURE (F)   31        19      2013


SUNRISE AND SUNSET
APRIL  2 2014.........SUNRISE   645 AM EDT   SUNSET   731 PM EDT
APRIL  3 2014.........SUNRISE   643 AM EDT   SUNSET   732 PM EDT


-  INDICATES NEGATIVE NUMBERS.
R  INDICATES RECORD WAS SET OR TIED.
MM INDICATES DATA IS MISSING.
T  INDICATES TRACE AMOUNT.




$$
