000
CDUS41 KBGM 110540
CLIBGM


CLIMATE REPORT
NATIONAL WEATHER SERVICE BINGHAMTON NY
140 AM EDT FRI JUL 11 2014


...................................

...THE BINGHAMTON NY CLIMATE SUMMARY FOR JULY 10 2014...

CLIMATE NORMAL PERIOD 1981 TO 2010
CLIMATE RECORD PERIOD 1951 TO 2014


WEATHER ITEM   OBSERVED TIME   RECORD YEAR NORMAL DEPARTURE LAST
                VALUE   (LST)  VALUE       VALUE  FROM      YEAR
                                                  NORMAL
..................................................................
TEMPERATURE (F)
 YESTERDAY
  MAXIMUM         74    408 PM  94    1988  78     -4       80
  MINIMUM         56    150 AM  46    1953  60     -4       67
  AVERAGE         65                        69     -4       74

PRECIPITATION (IN)
  YESTERDAY        0.00          1.00 1985   0.13  -0.13     0.05
  MONTH TO DATE    0.72                      1.23  -0.51     4.18
  SINCE JUN 1      5.09                      5.54  -0.45     9.42
  SINCE JAN 1     20.45                     20.29   0.16    22.58

SNOWFALL (IN)
  YESTERDAY        0.0           0.0  2002   0.0    0.0      0.0
                                      2000
                                      2001
  MONTH TO DATE    0.0                       0.0    0.0      0.0
  SINCE JUN 1      0.0                       0.0    0.0      0.0
  SINCE JUL 1      0.0                       0.0    0.0      0.0
  SNOW DEPTH       0

DEGREE DAYS
 HEATING
  YESTERDAY        0                         1     -1        0
  MONTH TO DATE    3                        10     -7        0
  SINCE JUN 1     48                       101    -53       87
  SINCE JUL 1      3                        10     -7        0

 COOLING
  YESTERDAY        0                         5     -5        9
  MONTH TO DATE   56                        41     15       98
  SINCE JUN 1    141                       115     26      181
  SINCE JAN 1    166                       138     28      224
..................................................................


WIND (MPH)
  HIGHEST WIND SPEED    12   HIGHEST WIND DIRECTION     N (350)
  HIGHEST GUST SPEED    16   HIGHEST GUST DIRECTION    NE (30)
  AVERAGE WIND SPEED     5.3


SKY COVER
  AVERAGE SKY COVER 0.2


WEATHER CONDITIONS
 THE FOLLOWING WEATHER WAS RECORDED YESTERDAY.
  NO SIGNIFICANT WEATHER WAS OBSERVED.


RELATIVE HUMIDITY (PERCENT)
 HIGHEST    93           200 AM
 LOWEST     46           300 PM
 AVERAGE    70

..........................................................


THE BINGHAMTON NY CLIMATE NORMALS FOR TODAY
                         NORMAL    RECORD    YEAR
 MAXIMUM TEMPERATURE (F)   78        88      1988
                                             1987
                                             1972
 MINIMUM TEMPERATURE (F)   60        49      1996


SUNRISE AND SUNSET
JULY 11 2014..........SUNRISE   538 AM EDT   SUNSET   841 PM EDT
JULY 12 2014..........SUNRISE   539 AM EDT   SUNSET   840 PM EDT


-  INDICATES NEGATIVE NUMBERS.
R  INDICATES RECORD WAS SET OR TIED.
MM INDICATES DATA IS MISSING.
T  INDICATES TRACE AMOUNT.




$$
