000
CDUS41 KBGM 010318
CLIBGM


CLIMATE REPORT
NATIONAL WEATHER SERVICE BINGHAMTON NY
1017 PM EST SAT FEB 28 2015


...................................

...THE BINGHAMTON NY CLIMATE SUMMARY FOR FEBRUARY 28 2015...
VALID AS OF 1000 PM LOCAL TIME.

CLIMATE NORMAL PERIOD 1981 TO 2010
CLIMATE RECORD PERIOD 1951 TO 2015


WEATHER ITEM   OBSERVED TIME   RECORD YEAR NORMAL DEPARTURE LAST
                VALUE   (LST)  VALUE       VALUE  FROM      YEAR
                                                  NORMAL
..................................................................
TEMPERATURE (F)
 TODAY
  MAXIMUM         21    500 PM  54    1954  36    -15       15
  MINIMUM         -3    730 AM  -4    2014  20    -23       -4
  AVERAGE          9                        28    -19        6

PRECIPITATION (IN)
  TODAY            0.00          1.42 1958   0.09  -0.09     0.00
  MONTH TO DATE    2.01                      2.31  -0.30     2.75
  SINCE DEC 1      7.24                      7.59  -0.35     9.13
  SINCE JAN 1      3.94                      4.76  -0.82     5.69

SNOWFALL (IN)
  TODAY            0.0           6.1  1958   0.6   -0.6      0.0
  MONTH TO DATE   32.9                      17.1   15.8     26.1
  SINCE DEC 1     62.1                      57.1    5.0     74.3
  SINCE JUL 1     75.8                      63.9   11.9     82.5
  SNOW DEPTH       0

DEGREE DAYS
 HEATING
  TODAY           56                        37     19       59
  MONTH TO DATE 1468                      1127    341     1261
  SINCE DEC 1   3997                      3624    373     3880
  SINCE JUL 1   5532                      5199    333     5471

 COOLING
  TODAY            0                         0      0        0
  MONTH TO DATE    0                         0      0        0
  SINCE DEC 1      0                         0      0        0
  SINCE JAN 1      0                         0      0        0
..................................................................


WIND (MPH)
  HIGHEST WIND SPEED     9   HIGHEST WIND DIRECTION     W (250)
  HIGHEST GUST SPEED    12   HIGHEST GUST DIRECTION     W (260)
  AVERAGE WIND SPEED     3.9


SKY COVER
  AVERAGE SKY COVER 0.0


WEATHER CONDITIONS
 THE FOLLOWING WEATHER WAS RECORDED TODAY.
  NO SIGNIFICANT WEATHER WAS OBSERVED.


RELATIVE HUMIDITY (PERCENT)
 HIGHEST    79           700 AM
 LOWEST     39           300 PM
 AVERAGE    59

..........................................................


THE BINGHAMTON NY CLIMATE NORMALS FOR TOMORROW
                         NORMAL    RECORD    YEAR
 MAXIMUM TEMPERATURE (F)   36        60      1972
 MINIMUM TEMPERATURE (F)   20        -5      1980


SUNRISE AND SUNSET
FEBRUARY 28 2015......SUNRISE   641 AM EST   SUNSET   552 PM EST
MARCH  1 2015.........SUNRISE   640 AM EST   SUNSET   554 PM EST


-  INDICATES NEGATIVE NUMBERS.
R  INDICATES RECORD WAS SET OR TIED.
MM INDICATES DATA IS MISSING.
T  INDICATES TRACE AMOUNT.




$$
