000
CDUS41 KBGM 240548
CLIBGM


CLIMATE REPORT
NATIONAL WEATHER SERVICE BINGHAMTON NY
147 AM EDT SUN MAY 24 2015


...................................

...THE BINGHAMTON NY CLIMATE SUMMARY FOR MAY 23 2015...

CLIMATE NORMAL PERIOD 1981 TO 2010
CLIMATE RECORD PERIOD 1951 TO 2015


WEATHER ITEM   OBSERVED TIME   RECORD YEAR NORMAL DEPARTURE LAST
                VALUE   (LST)  VALUE       VALUE  FROM      YEAR
                                                  NORMAL
..................................................................
TEMPERATURE (F)
 YESTERDAY
  MAXIMUM         62    557 PM  87    1980  68     -6       57
  MINIMUM         32    507 AM  31    1967  48    -16       50
  AVERAGE         47                        58    -11       54

PRECIPITATION (IN)
  YESTERDAY        0.00          0.78 2000   0.12  -0.12     0.09
  MONTH TO DATE    2.93                      2.59   0.34     3.70
  SINCE MAR 1      9.13                      9.01   0.12     9.15
  SINCE JAN 1     13.07                     13.77  -0.70    14.84

SNOWFALL (IN)
  YESTERDAY        0.0           T    1963   0.0    0.0      0.0
  MONTH TO DATE    0.0                       0.1   -0.1       T
  SINCE MAR 1     17.6                      19.5   -1.9      2.9
  SINCE JUL 1     93.4                      83.4   10.0     85.4
  SNOW DEPTH       0

DEGREE DAYS
 HEATING
  YESTERDAY       18                         8     10       11
  MONTH TO DATE  145                       251   -106      189
  SINCE MAR 1   1918                      1851     67     1991
  SINCE JUL 1   7450                      7050    400     7462

 COOLING
  YESTERDAY        0                         1     -1        0
  MONTH TO DATE   42                        11     31       13
  SINCE MAR 1     42                        15     27       15
  SINCE JAN 1     42                        15     27       15
..................................................................


WIND (MPH)
  HIGHEST WIND SPEED    15   HIGHEST WIND DIRECTION     W (250)
  HIGHEST GUST SPEED    21   HIGHEST GUST DIRECTION     W (270)
  AVERAGE WIND SPEED     6.5


SKY COVER
  AVERAGE SKY COVER 0.0


WEATHER CONDITIONS
 THE FOLLOWING WEATHER WAS RECORDED YESTERDAY.
  NO SIGNIFICANT WEATHER WAS OBSERVED.


RELATIVE HUMIDITY (PERCENT)
 HIGHEST    78           500 AM
 LOWEST     25           500 PM
 AVERAGE    52

..........................................................


THE BINGHAMTON NY CLIMATE NORMALS FOR TODAY
                         NORMAL    RECORD    YEAR
 MAXIMUM TEMPERATURE (F)   68        87      1980
                                             1975
 MINIMUM TEMPERATURE (F)   49        28      1963


SUNRISE AND SUNSET
MAY 24 2015...........SUNRISE   535 AM EDT   SUNSET   827 PM EDT
MAY 25 2015...........SUNRISE   534 AM EDT   SUNSET   828 PM EDT


-  INDICATES NEGATIVE NUMBERS.
R  INDICATES RECORD WAS SET OR TIED.
MM INDICATES DATA IS MISSING.
T  INDICATES TRACE AMOUNT.




$$
