105
CDUS41 KBGM 300536
CLIBGM


CLIMATE REPORT
NATIONAL WEATHER SERVICE BINGHAMTON NY
136 AM EDT TUE AUG 30 2016


...................................

...THE BINGHAMTON NY CLIMATE SUMMARY FOR AUGUST 29 2016...

CLIMATE NORMAL PERIOD 1981 TO 2010
CLIMATE RECORD PERIOD 1951 TO 2016


WEATHER ITEM   OBSERVED TIME   RECORD YEAR NORMAL DEPARTURE LAST
                VALUE   (LST)  VALUE       VALUE  FROM      YEAR
                                                  NORMAL
..................................................................
TEMPERATURE (F)
 YESTERDAY
  MAXIMUM         77    311 PM  91    1953  74      3       78
  MINIMUM         60   1159 PM  38    1982  56      4       52
  AVERAGE         69                        65      4       65

PRECIPITATION (IN)
  YESTERDAY        0.00          2.53 1988   0.10  -0.10     0.00
  MONTH TO DATE    5.20                      3.23   1.97     3.08
  SINCE JUN 1     11.13                     11.24  -0.11    17.97
  SINCE JAN 1     23.52                     25.99  -2.47    31.52

SNOWFALL (IN)
  YESTERDAY        0.0           T    1970   0.0    0.0      0.0
  MONTH TO DATE    0.0                       0.0    0.0      0.0
  SINCE JUN 1      0.0                       0.0    0.0       T
  SINCE JUL 1      0.0                       0.0    0.0       T
  SNOW DEPTH       0

DEGREE DAYS
 HEATING
  YESTERDAY        0                         2     -2        0
  MONTH TO DATE    6                        35    -29       25
  SINCE JUN 1     78                       150    -72      126
  SINCE JUL 1      9                        59    -50       49

 COOLING
  YESTERDAY        4                         2      2        0
  MONTH TO DATE  182                       105     77       86
  SINCE JUN 1    462                       317    145      255
  SINCE JAN 1    508                       340    168      328
..................................................................


WIND (MPH)
  HIGHEST WIND SPEED    16   HIGHEST WIND DIRECTION     N (360)
  HIGHEST GUST SPEED    21   HIGHEST GUST DIRECTION     N (350)
  AVERAGE WIND SPEED     7.9


SKY COVER
  AVERAGE SKY COVER 0.3


WEATHER CONDITIONS
 THE FOLLOWING WEATHER WAS RECORDED YESTERDAY.
  NO SIGNIFICANT WEATHER WAS OBSERVED.


RELATIVE HUMIDITY (PERCENT)
 HIGHEST    93           500 AM
 LOWEST     54          1200 PM
 AVERAGE    74

..........................................................


THE BINGHAMTON NY CLIMATE NORMALS FOR TODAY
                         NORMAL    RECORD    YEAR
 MAXIMUM TEMPERATURE (F)   74        93      1953
 MINIMUM TEMPERATURE (F)   56        37      1965


SUNRISE AND SUNSET
AUGUST 30 2016........SUNRISE   628 AM EDT   SUNSET   740 PM EDT
AUGUST 31 2016........SUNRISE   629 AM EDT   SUNSET   739 PM EDT


-  INDICATES NEGATIVE NUMBERS.
R  INDICATES RECORD WAS SET OR TIED.
MM INDICATES DATA IS MISSING.
T  INDICATES TRACE AMOUNT.




$$
