000
CDUS41 KBGM 022209
CLIBGM


CLIMATE REPORT
NATIONAL WEATHER SERVICE BINGHAMTON NY
608 PM EDT WED SEP 2 2015


...................................

...THE BINGHAMTON NY CLIMATE SUMMARY FOR SEPTEMBER 2 2015...
VALID TODAY AS OF 0500 PM LOCAL TIME.

CLIMATE NORMAL PERIOD 1981 TO 2010
CLIMATE RECORD PERIOD 1951 TO 2015


WEATHER ITEM   OBSERVED TIME   RECORD YEAR NORMAL DEPARTURE LAST
                VALUE   (LST)  VALUE       VALUE  FROM      YEAR
                                                  NORMAL
..................................................................
TEMPERATURE (F)
 TODAY
  MAXIMUM         83    322 PM  96    1953  73     10       83
  MINIMUM         60    558 AM  39    2001  55      5       63
  AVERAGE         72                        64      8       73

PRECIPITATION (IN)
  TODAY            T             1.65 1979   0.12  -0.12     0.66
  MONTH TO DATE    T                         0.23  -0.23     0.66
  SINCE SEP 1      T                         0.23  -0.23     0.66
  SINCE JAN 1     31.52                     26.44   5.08    29.69

SNOWFALL (IN)
  TODAY            0.0           0.0  2002   0.0    0.0      0.0
                                      2001
                                      2000
  MONTH TO DATE    0.0                       0.0    0.0      0.0
  SINCE SEP 1      0.0                       0.0    0.0      0.0
  SINCE JUL 1      T                         0.0    0.0       T
  SNOW DEPTH       0

DEGREE DAYS
 HEATING
  TODAY            0                         3     -3        0
  MONTH TO DATE    0                         6     -6        0
  SINCE SEP 1      0                         6     -6        0
  SINCE JUL 1     49                        69    -20       66

 COOLING
  TODAY            7                         2      5        8
  MONTH TO DATE   13                         4      9       16
  SINCE SEP 1     13                         4      9       16
  SINCE JAN 1    355                       352      3      318
..................................................................


WIND (MPH)
  HIGHEST WIND SPEED    14   HIGHEST WIND DIRECTION    NW (320)
  HIGHEST GUST SPEED    18   HIGHEST GUST DIRECTION    NW (320)
  AVERAGE WIND SPEED     3.6


SKY COVER
  AVERAGE SKY COVER 0.4


WEATHER CONDITIONS
 THE FOLLOWING WEATHER WAS RECORDED TODAY.
  FOG
  FOG W/VISIBILITY <= 1/4 MILE
  HAZE


RELATIVE HUMIDITY (PERCENT)
 HIGHEST   100           200 AM
 LOWEST     51           200 PM
 AVERAGE    76

..........................................................


THE BINGHAMTON NY CLIMATE NORMALS FOR TOMORROW
                         NORMAL    RECORD    YEAR
 MAXIMUM TEMPERATURE (F)   73        96      1953
 MINIMUM TEMPERATURE (F)   55        38      1994


SUNRISE AND SUNSET
SEPTEMBER  2 2015.....SUNRISE   630 AM EDT   SUNSET   736 PM EDT
SEPTEMBER  3 2015.....SUNRISE   631 AM EDT   SUNSET   735 PM EDT


-  INDICATES NEGATIVE NUMBERS.
R  INDICATES RECORD WAS SET OR TIED.
MM INDICATES DATA IS MISSING.
T  INDICATES TRACE AMOUNT.




$$
