000
CDUS41 KBGM 180604
CLIBGM


CLIMATE REPORT
NATIONAL WEATHER SERVICE BINGHAMTON NY
103 AM EST SAT FEB 18 2017


...................................

...THE BINGHAMTON NY CLIMATE SUMMARY FOR FEBRUARY 17 2017...

CLIMATE NORMAL PERIOD 1981 TO 2010
CLIMATE RECORD PERIOD 1951 TO 2017


WEATHER ITEM   OBSERVED TIME   RECORD YEAR NORMAL DEPARTURE LAST
                VALUE   (LST)  VALUE       VALUE  FROM      YEAR
                                                  NORMAL
..................................................................
TEMPERATURE (F)
 YESTERDAY
  MAXIMUM         32    414 PM  55    2011  33     -1       30
                                      1981
  MINIMUM         17    758 AM -15    1979  18     -1       21
  AVERAGE         25                        25      0       26

PRECIPITATION (IN)
  YESTERDAY        T             1.05 1954   0.08  -0.08     0.07
  MONTH TO DATE    1.85                      1.37   0.48     2.73
  SINCE DEC 1      9.23                      6.65   2.58     7.65
  SINCE JAN 1      5.64                      3.82   1.82     4.04

SNOWFALL (IN)
  YESTERDAY        0.3          12.8  2003   0.6   -0.3      1.4
  MONTH TO DATE   22.9                      10.3   12.6      7.1
  SINCE DEC 1     64.7                      50.3   14.4     19.5
  SINCE JUL 1     93.3                      57.1   36.2     20.6
  SNOW DEPTH      10

DEGREE DAYS
 HEATING
  YESTERDAY       40                        40      0       39
  MONTH TO DATE  675                       702    -27      681
  SINCE DEC 1   3008                      3199   -191     2689
  SINCE JUL 1   4357                      4774   -417     3959

 COOLING
  YESTERDAY        0                         0      0        0
  MONTH TO DATE    0                         0      0        0
  SINCE DEC 1      0                         0      0        0
  SINCE JAN 1      0                         0      0        0
..................................................................


WIND (MPH)
  HIGHEST WIND SPEED    15   HIGHEST WIND DIRECTION     W (290)
  HIGHEST GUST SPEED    19   HIGHEST GUST DIRECTION    NW (300)
  AVERAGE WIND SPEED     6.6


SKY COVER
  AVERAGE SKY COVER 0.5


WEATHER CONDITIONS
 THE FOLLOWING WEATHER WAS RECORDED YESTERDAY.
  LIGHT SNOW
  FOG
  HAZE


RELATIVE HUMIDITY (PERCENT)
 HIGHEST    92           200 AM
 LOWEST     49           500 PM
 AVERAGE    71

..........................................................


THE BINGHAMTON NY CLIMATE NORMALS FOR TODAY
                         NORMAL    RECORD    YEAR
 MAXIMUM TEMPERATURE (F)   33        58      2011
 MINIMUM TEMPERATURE (F)   18       -15      1979


SUNRISE AND SUNSET
FEBRUARY 18 2017......SUNRISE   656 AM EST   SUNSET   541 PM EST
FEBRUARY 19 2017......SUNRISE   654 AM EST   SUNSET   542 PM EST


-  INDICATES NEGATIVE NUMBERS.
R  INDICATES RECORD WAS SET OR TIED.
MM INDICATES DATA IS MISSING.
T  INDICATES TRACE AMOUNT.




$$
