000
CDUS41 KBGM 280217
CLIBGM


CLIMATE REPORT
NATIONAL WEATHER SERVICE BINGHAMTON NY
1017 PM EDT FRI MAY 27 2016


...................................

...THE BINGHAMTON NY CLIMATE SUMMARY FOR MAY 27 2016...
VALID AS OF 1000 PM LOCAL TIME.

CLIMATE NORMAL PERIOD 1981 TO 2010
CLIMATE RECORD PERIOD 1951 TO 2016


WEATHER ITEM   OBSERVED TIME   RECORD YEAR NORMAL DEPARTURE LAST
                VALUE   (LST)  VALUE       VALUE  FROM      YEAR
                                                  NORMAL
..................................................................
TEMPERATURE (F)
 TODAY
  MAXIMUM         84    340 PM  86    2010  69     15       77
  MINIMUM         62    459 AM  34    1969  50     12       66
  AVERAGE         73                        59     14       72

PRECIPITATION (IN)
  TODAY            0.13          1.62 2011   0.11   0.02     0.09
  MONTH TO DATE    2.80                      3.07  -0.27     3.02
  SINCE MAR 1      7.03                      9.49  -2.46     9.22
  SINCE JAN 1     12.34                     14.25  -1.91    13.16

SNOWFALL (IN)
  TODAY            0.0           T    2001   0.0    0.0      0.0
  MONTH TO DATE    T                         0.1   -0.1      0.0
  SINCE MAR 1     10.3                      19.5   -9.2     17.6
  SINCE JUL 1     32.0                      83.4  -51.4     93.4
  SNOW DEPTH       0

DEGREE DAYS
 HEATING
  TODAY            0                         7     -7        0
  MONTH TO DATE  321                       280     41      148
  SINCE MAR 1   1771                      1880   -109     1921
  SINCE JUL 1   6129                      7079   -950     7453

 COOLING
  TODAY            8                         1      7        7
  MONTH TO DATE   15                        15      0       62
  SINCE MAR 1     15                        19     -4       62
  SINCE JAN 1     15                        19     -4       62
..................................................................


WIND (MPH)
  HIGHEST WIND SPEED    24   HIGHEST WIND DIRECTION     W (280)
  HIGHEST GUST SPEED    34   HIGHEST GUST DIRECTION     W (280)
  AVERAGE WIND SPEED     5.7


SKY COVER
  AVERAGE SKY COVER 0.3


WEATHER CONDITIONS
 THE FOLLOWING WEATHER WAS RECORDED TODAY.
  THUNDERSTORM
  RAIN
  LIGHT RAIN
  FOG
  HAZE


RELATIVE HUMIDITY (PERCENT)
 HIGHEST    90           700 PM
 LOWEST     51           300 PM
 AVERAGE    71

..........................................................


THE BINGHAMTON NY CLIMATE NORMALS FOR TOMORROW
                         NORMAL    RECORD    YEAR
 MAXIMUM TEMPERATURE (F)   69        87      2012
 MINIMUM TEMPERATURE (F)   50        35      1994


SUNRISE AND SUNSET
MAY 27 2016...........SUNRISE   533 AM EDT   SUNSET   830 PM EDT
MAY 28 2016...........SUNRISE   532 AM EDT   SUNSET   831 PM EDT


-  INDICATES NEGATIVE NUMBERS.
R  INDICATES RECORD WAS SET OR TIED.
MM INDICATES DATA IS MISSING.
T  INDICATES TRACE AMOUNT.

$$
