000
CDUS41 KBGM 130554
CLIBGM


CLIMATE REPORT
NATIONAL WEATHER SERVICE BINGHAMTON NY
153 AM EDT SUN APR 13 2014


...................................

...THE BINGHAMTON NY CLIMATE SUMMARY FOR APRIL 12 2014...

CLIMATE NORMAL PERIOD 1981 TO 2010
CLIMATE RECORD PERIOD 1951 TO 2014


WEATHER ITEM   OBSERVED TIME   RECORD YEAR NORMAL DEPARTURE LAST
                VALUE   (LST)  VALUE       VALUE  FROM      YEAR
                                                  NORMAL
..................................................................
TEMPERATURE (F)
 YESTERDAY
  MAXIMUM         65    425 PM  80    1977  53     12       42
  MINIMUM         38    624 AM  14    1976  35      3       35
  AVERAGE         52                        44      8       39

PRECIPITATION (IN)
  YESTERDAY        0.00          0.97 1987   0.12  -0.12     0.54
  MONTH TO DATE    0.89                      1.41  -0.52     1.65
  SINCE MAR 1      3.57                      4.40  -0.83     3.55
  SINCE JAN 1      9.26                      9.16   0.10     8.10

SNOWFALL (IN)
  YESTERDAY        0.0           3.2  1962   0.2   -0.2      0.0
  MONTH TO DATE    T                         2.5   -2.5      0.9
  SINCE MAR 1      1.9                      17.6  -15.7     15.3
  SINCE JUL 1     84.4                      81.5    2.9     69.1
  SNOW DEPTH       0

DEGREE DAYS
 HEATING
  YESTERDAY       13                        21     -8       26
  MONTH TO DATE  267                       284    -17      301
  SINCE MAR 1   1467                      1281    186     1372
  SINCE JUL 1   6938                      6480    458     6256

 COOLING
  YESTERDAY        0                         0      0        0
  MONTH TO DATE    0                         0      0        0
  SINCE MAR 1      0                         0      0        0
  SINCE JAN 1      0                         0      0        0
..................................................................


WIND (MPH)
  HIGHEST WIND SPEED    14   HIGHEST WIND DIRECTION    SW (230)
  HIGHEST GUST SPEED    24   HIGHEST GUST DIRECTION    SW (240)
  AVERAGE WIND SPEED     5.6


SKY COVER
  AVERAGE SKY COVER 0.6


WEATHER CONDITIONS
 THE FOLLOWING WEATHER WAS RECORDED YESTERDAY.
  FOG
  FOG W/VISIBILITY <= 1/4 MILE


RELATIVE HUMIDITY (PERCENT)
 HIGHEST   100          1200 AM
 LOWEST     32           500 PM
 AVERAGE    66

..........................................................


THE BINGHAMTON NY CLIMATE NORMALS FOR TODAY
                         NORMAL    RECORD    YEAR
 MAXIMUM TEMPERATURE (F)   53        80      1977
 MINIMUM TEMPERATURE (F)   35        21      1992


SUNRISE AND SUNSET
APRIL 13 2014.........SUNRISE   626 AM EDT   SUNSET   743 PM EDT
APRIL 14 2014.........SUNRISE   625 AM EDT   SUNSET   744 PM EDT


-  INDICATES NEGATIVE NUMBERS.
R  INDICATES RECORD WAS SET OR TIED.
MM INDICATES DATA IS MISSING.
T  INDICATES TRACE AMOUNT.




$$
