000
CDUS41 KBGM 270538
CLIBGM


CLIMATE REPORT
NATIONAL WEATHER SERVICE BINGHAMTON NY
1236 AM EST SAT DEC 27 2014


...................................

...THE BINGHAMTON NY CLIMATE SUMMARY FOR DECEMBER 26 2014...

CLIMATE NORMAL PERIOD 1981 TO 2010
CLIMATE RECORD PERIOD 1951 TO 2014


WEATHER ITEM   OBSERVED TIME   RECORD YEAR NORMAL DEPARTURE LAST
                VALUE   (LST)  VALUE       VALUE  FROM      YEAR
                                                  NORMAL
..................................................................
TEMPERATURE (F)
 YESTERDAY
  MAXIMUM         42    251 PM  58    1982  30     12       29
  MINIMUM         34   1159 PM  -6    1983  18     16       18
  AVERAGE         38                        24     14       24

PRECIPITATION (IN)
  YESTERDAY        0.00          0.96 1957   0.09  -0.09     0.33
  MONTH TO DATE    3.01                      2.44   0.57     2.52
  SINCE DEC 1      3.01                      2.44   0.57     2.52
  SINCE JAN 1     39.34                     38.91   0.43    42.03

SNOWFALL (IN)
  YESTERDAY        0.0          13.6  1969   0.7   -0.7      5.1
  MONTH TO DATE   11.6                      14.6   -3.0     22.4
  SINCE DEC 1     11.6                      14.6   -3.0     22.4
  SINCE JUL 1     25.3                      21.4    3.9     30.6
  SNOW DEPTH       0

DEGREE DAYS
 HEATING
  YESTERDAY       27                        41    -14       41
  MONTH TO DATE  885                       962    -77      960
  SINCE DEC 1    885                       962    -77      960
  SINCE JUL 1   2420                      2537   -117     2551

 COOLING
  YESTERDAY        0                         0      0        0
  MONTH TO DATE    0                         0      0        0
  SINCE DEC 1      0                         0      0        0
  SINCE JAN 1    341                       381    -40      480
..................................................................


WIND (MPH)
  HIGHEST WIND SPEED    15   HIGHEST WIND DIRECTION     W (290)
  HIGHEST GUST SPEED    20   HIGHEST GUST DIRECTION    NW (300)
  AVERAGE WIND SPEED     7.1


SKY COVER
  AVERAGE SKY COVER 0.4


WEATHER CONDITIONS
 THE FOLLOWING WEATHER WAS RECORDED YESTERDAY.
  NO SIGNIFICANT WEATHER WAS OBSERVED.


RELATIVE HUMIDITY (PERCENT)
 HIGHEST    75           700 AM
 LOWEST     55           300 PM
 AVERAGE    65

..........................................................


THE BINGHAMTON NY CLIMATE NORMALS FOR TODAY
                         NORMAL    RECORD    YEAR
 MAXIMUM TEMPERATURE (F)   30        49      1954
 MINIMUM TEMPERATURE (F)   18        -9      1993


SUNRISE AND SUNSET
DECEMBER 27 2014......SUNRISE   732 AM EST   SUNSET   438 PM EST
DECEMBER 28 2014......SUNRISE   732 AM EST   SUNSET   439 PM EST


-  INDICATES NEGATIVE NUMBERS.
R  INDICATES RECORD WAS SET OR TIED.
MM INDICATES DATA IS MISSING.
T  INDICATES TRACE AMOUNT.

$$
