000
CDUS41 KBGM 040608
CLIBGM


CLIMATE REPORT
NATIONAL WEATHER SERVICE BINGHAMTON NY
208 AM EDT TUE AUG 4 2015


...................................

...THE BINGHAMTON NY CLIMATE SUMMARY FOR AUGUST 3 2015...

CLIMATE NORMAL PERIOD 1981 TO 2010
CLIMATE RECORD PERIOD 1951 TO 2015


WEATHER ITEM   OBSERVED TIME   RECORD YEAR NORMAL DEPARTURE LAST
                VALUE   (LST)  VALUE       VALUE  FROM      YEAR
                                                  NORMAL
..................................................................
TEMPERATURE (F)
 YESTERDAY
  MAXIMUM         79    405 PM  91    1995  78      1       77
  MINIMUM         63   1036 PM  44    1976  60      3       63
  AVERAGE         71                        69      2       70

PRECIPITATION (IN)
  YESTERDAY        0.24          1.56 1967   0.12   0.12     0.07
  MONTH TO DATE    0.26                      0.36  -0.10     0.07
  SINCE JUN 1     15.15                      8.37   6.78     8.28
  SINCE JAN 1     28.70                     23.12   5.58    23.64

SNOWFALL (IN)
  YESTERDAY        0.0           0.0  2002   0.0    0.0      0.0
                                      2001
                                      2000
  MONTH TO DATE    0.0                       0.0    0.0      0.0
  SINCE JUN 1      T                         0.0    0.0       T
  SINCE JUL 1      T                         0.0    0.0       T
  SNOW DEPTH       0

DEGREE DAYS
 HEATING
  YESTERDAY        0                         1     -1        0
  MONTH TO DATE    0                         3     -3        0
  SINCE JUN 1    101                       118    -17       70
  SINCE JUL 1     24                        27     -3       25

 COOLING
  YESTERDAY        6                         4      2        5
  MONTH TO DATE   13                        12      1       16
  SINCE JUN 1    182                       224    -42      224
  SINCE JAN 1    255                       247      8      249
..................................................................


WIND (MPH)
  HIGHEST WIND SPEED    17   HIGHEST WIND DIRECTION    NW (300)
  HIGHEST GUST SPEED    23   HIGHEST GUST DIRECTION    SW (240)
  AVERAGE WIND SPEED     8.2


SKY COVER
  AVERAGE SKY COVER 0.3


WEATHER CONDITIONS
 THE FOLLOWING WEATHER WAS RECORDED YESTERDAY.
  THUNDERSTORM
  HEAVY RAIN
  LIGHT RAIN


RELATIVE HUMIDITY (PERCENT)
 HIGHEST    84          1100 PM
 LOWEST     54           200 PM
 AVERAGE    69

..........................................................


THE BINGHAMTON NY CLIMATE NORMALS FOR TODAY
                         NORMAL    RECORD    YEAR
 MAXIMUM TEMPERATURE (F)   78        93      2005
 MINIMUM TEMPERATURE (F)   60        48      1951


SUNRISE AND SUNSET
AUGUST  4 2015........SUNRISE   600 AM EDT   SUNSET   820 PM EDT
AUGUST  5 2015........SUNRISE   601 AM EDT   SUNSET   819 PM EDT


-  INDICATES NEGATIVE NUMBERS.
R  INDICATES RECORD WAS SET OR TIED.
MM INDICATES DATA IS MISSING.
T  INDICATES TRACE AMOUNT.




$$
