000
CDUS41 KBGM 130600
CLIBGM


CLIMATE REPORT
NATIONAL WEATHER SERVICE BINGHAMTON NY
100 AM EST SAT FEB 13 2016


...................................

...THE BINGHAMTON NY CLIMATE SUMMARY FOR FEBRUARY 12 2016...

CLIMATE NORMAL PERIOD 1981 TO 2010
CLIMATE RECORD PERIOD 1951 TO 2016


WEATHER ITEM   OBSERVED TIME   RECORD YEAR NORMAL DEPARTURE LAST
                VALUE   (LST)  VALUE       VALUE  FROM      YEAR
                                                  NORMAL
..................................................................
TEMPERATURE (F)
 YESTERDAY
  MAXIMUM         17    330 PM  60    1999  31    -14       27
  MINIMUM          2    546 AM -12    1979  17    -15        0
  AVERAGE         10                        24    -14       14

PRECIPITATION (IN)
  YESTERDAY        0.01          0.95 1988   0.08  -0.07     0.06
  MONTH TO DATE    0.97                      0.96   0.01     1.41
  SINCE DEC 1      5.89                      6.24  -0.35     6.64
  SINCE JAN 1      2.28                      3.41  -1.13     3.34

SNOWFALL (IN)
  YESTERDAY        0.1           7.5  1988   0.6   -0.5      0.7
  MONTH TO DATE    3.8                       7.3   -3.5     22.7
  SINCE DEC 1     16.2                      47.3  -31.1     51.9
  SINCE JUL 1     17.3                      54.1  -36.8     65.6
  SNOW DEPTH       0

DEGREE DAYS
 HEATING
  YESTERDAY       55                        41     14       51
  MONTH TO DATE  427                       500    -73      559
  SINCE DEC 1   2435                      2997   -562     3088
  SINCE JUL 1   3705                      4572   -867     4623

 COOLING
  YESTERDAY        0                         0      0        0
  MONTH TO DATE    0                         0      0        0
  SINCE DEC 1      0                         0      0        0
  SINCE JAN 1      0                         0      0        0
..................................................................


WIND (MPH)
  HIGHEST WIND SPEED    17   HIGHEST WIND DIRECTION    SW (230)
  HIGHEST GUST SPEED    23   HIGHEST GUST DIRECTION    SW (210)
  AVERAGE WIND SPEED     9.1


SKY COVER
  AVERAGE SKY COVER 0.5


WEATHER CONDITIONS
 THE FOLLOWING WEATHER WAS RECORDED YESTERDAY.
  LIGHT SNOW
  FOG
  HAZE


RELATIVE HUMIDITY (PERCENT)
 HIGHEST    84           900 PM
 LOWEST     58          1100 AM
 AVERAGE    71

..........................................................


THE BINGHAMTON NY CLIMATE NORMALS FOR TODAY
                         NORMAL    RECORD    YEAR
 MAXIMUM TEMPERATURE (F)   32        50      1974
 MINIMUM TEMPERATURE (F)   17        -8      1979
                                             1967


SUNRISE AND SUNSET
FEBRUARY 13 2016......SUNRISE   704 AM EST   SUNSET   533 PM EST
FEBRUARY 14 2016......SUNRISE   702 AM EST   SUNSET   535 PM EST


-  INDICATES NEGATIVE NUMBERS.
R  INDICATES RECORD WAS SET OR TIED.
MM INDICATES DATA IS MISSING.
T  INDICATES TRACE AMOUNT.




$$
