990
CDUS41 KBGM 170527
CLIBGM


CLIMATE REPORT
NATIONAL WEATHER SERVICE BINGHAMTON NY
1227 AM EST TUE JAN 17 2017


...................................

...THE BINGHAMTON NY CLIMATE SUMMARY FOR JANUARY 16 2017...

CLIMATE NORMAL PERIOD 1981 TO 2010
CLIMATE RECORD PERIOD 1951 TO 2017


WEATHER ITEM   OBSERVED TIME   RECORD YEAR NORMAL DEPARTURE LAST
                VALUE   (LST)  VALUE       VALUE  FROM      YEAR
                                                  NORMAL
..................................................................
TEMPERATURE (F)
 YESTERDAY
  MAXIMUM         35    436 PM  58    1995  28      7       37
  MINIMUM         17    427 AM -13    1994  15      2       28
  AVERAGE         26                        22      4       33

PRECIPITATION (IN)
  YESTERDAY        0.00          0.91 1991   0.08  -0.08     0.27
  MONTH TO DATE    1.66                      1.27   0.39     1.24
  SINCE DEC 1      5.25                      4.10   1.15     4.85
  SINCE JAN 1      1.66                      1.27   0.39     1.24

SNOWFALL (IN)
  YESTERDAY        0.0           4.8  1954   0.7   -0.7      0.3
  MONTH TO DATE    1.1                      11.6  -10.5      5.7
  SINCE DEC 1     30.9                      29.4    1.5      7.9
  SINCE JUL 1     59.5                      36.2   23.3      9.0
  SNOW DEPTH       T

DEGREE DAYS
 HEATING
  YESTERDAY       39                        43     -4       32
  MONTH TO DATE  651                       682    -31      642
  SINCE DEC 1   1827                      1852    -25     1397
  SINCE JUL 1   3176                      3427   -251     2667

 COOLING
  YESTERDAY        0                         0      0        0
  MONTH TO DATE    0                         0      0        0
  SINCE DEC 1      0                         0      0        0
  SINCE JAN 1      0                         0      0        0
..................................................................


WIND (MPH)
  HIGHEST WIND SPEED    12   HIGHEST WIND DIRECTION    SW (230)
  HIGHEST GUST SPEED    14   HIGHEST GUST DIRECTION     W (250)
  AVERAGE WIND SPEED     5.3


SKY COVER
  AVERAGE SKY COVER 0.2


WEATHER CONDITIONS
 THE FOLLOWING WEATHER WAS RECORDED YESTERDAY.
  NO SIGNIFICANT WEATHER WAS OBSERVED.


RELATIVE HUMIDITY (PERCENT)
 HIGHEST    84           200 AM
 LOWEST     47           200 PM
 AVERAGE    66

..........................................................


THE BINGHAMTON NY CLIMATE NORMALS FOR TODAY
                         NORMAL    RECORD    YEAR
 MAXIMUM TEMPERATURE (F)   28        53      1990
 MINIMUM TEMPERATURE (F)   15       -12      1982
                                             1965


SUNRISE AND SUNSET
JANUARY 17 2017.......SUNRISE   729 AM EST   SUNSET   500 PM EST
JANUARY 18 2017.......SUNRISE   728 AM EST   SUNSET   501 PM EST


-  INDICATES NEGATIVE NUMBERS.
R  INDICATES RECORD WAS SET OR TIED.
MM INDICATES DATA IS MISSING.
T  INDICATES TRACE AMOUNT.




$$
