000
CDUS41 KBGM 160536
CLIBGM


CLIMATE REPORT
NATIONAL WEATHER SERVICE BINGHAMTON NY
1235 AM EST THU NOV 16 2017


...................................

...THE BINGHAMTON NY CLIMATE SUMMARY FOR NOVEMBER 15 2017...

CLIMATE NORMAL PERIOD 1981 TO 2010
CLIMATE RECORD PERIOD 1951 TO 2017


WEATHER ITEM   OBSERVED TIME   RECORD YEAR NORMAL DEPARTURE LAST
                VALUE   (LST)  VALUE       VALUE  FROM      YEAR
                                                  NORMAL
..................................................................
TEMPERATURE (F)
 YESTERDAY
  MAXIMUM         42    243 PM  69    1956  45     -3       51
  MINIMUM         26    738 AM  14    1967  32     -6       38
  AVERAGE         34                        39     -5       45

PRECIPITATION (IN)
  YESTERDAY        0.00          1.29 2007   0.11  -0.11     0.12
  MONTH TO DATE    1.01                      1.62  -0.61     0.39
  SINCE SEP 1      6.40                      8.58  -2.18     7.25
  SINCE JAN 1     46.14                     34.79  11.35    30.80

SNOWFALL (IN)
  YESTERDAY        0.0           4.0  1995   0.2   -0.2      0.0
  MONTH TO DATE    1.1                       1.9   -0.8      0.0
  SINCE SEP 1      1.1                       2.9   -1.8      1.0
  SINCE JUL 1      1.1                       2.9   -1.8      1.0
  SNOW DEPTH       0

DEGREE DAYS
 HEATING
  YESTERDAY       31                        26      5       20
  MONTH TO DATE  408                       360     48      322
  SINCE SEP 1    885                      1069   -184      924
  SINCE JUL 1    966                      1132   -166      933

 COOLING
  YESTERDAY        0                         0      0        0
  MONTH TO DATE    0                         0      0        0
  SINCE SEP 1     78                        33     45       52
  SINCE JAN 1    349                       381    -32      563
..................................................................


WIND (MPH)
  HIGHEST WIND SPEED    17   HIGHEST WIND DIRECTION     S (170)
  HIGHEST GUST SPEED    25   HIGHEST GUST DIRECTION     S (160)
  AVERAGE WIND SPEED     7.1


SKY COVER
  AVERAGE SKY COVER 0.5


WEATHER CONDITIONS
 THE FOLLOWING WEATHER WAS RECORDED YESTERDAY.
  FOG
  FOG W/VISIBILITY <= 1/4 MILE


RELATIVE HUMIDITY (PERCENT)
 HIGHEST   100           800 AM
 LOWEST     53           200 PM
 AVERAGE    77

..........................................................


THE BINGHAMTON NY CLIMATE NORMALS FOR TODAY
                         NORMAL    RECORD    YEAR
 MAXIMUM TEMPERATURE (F)   45        65      2005
                                             1990
 MINIMUM TEMPERATURE (F)   31         9      1967


SUNRISE AND SUNSET
NOVEMBER 16 2017......SUNRISE   656 AM EST   SUNSET   441 PM EST
NOVEMBER 17 2017......SUNRISE   657 AM EST   SUNSET   440 PM EST


-  INDICATES NEGATIVE NUMBERS.
R  INDICATES RECORD WAS SET OR TIED.
MM INDICATES DATA IS MISSING.
T  INDICATES TRACE AMOUNT.




$$
