000
CDUS41 KBGM 122119
CLIBGM


CLIMATE REPORT
NATIONAL WEATHER SERVICE BINGHAMTON NY
519 PM EDT SAT JUL 12 2014


...................................

...THE BINGHAMTON NY CLIMATE SUMMARY FOR JULY 12 2014...
VALID TODAY AS OF 0500 PM LOCAL TIME.

CLIMATE NORMAL PERIOD 1981 TO 2010
CLIMATE RECORD PERIOD 1951 TO 2014


WEATHER ITEM   OBSERVED TIME   RECORD YEAR NORMAL DEPARTURE LAST
                VALUE   (LST)  VALUE       VALUE  FROM      YEAR
                                                  NORMAL
..................................................................
TEMPERATURE (F)
 TODAY
  MAXIMUM         84    350 PM  91    1966  78      6       76
  MINIMUM         60    355 AM  48    2002  60      0       59
                                      1999
  AVERAGE         72                        69      3       68

PRECIPITATION (IN)
  TODAY            0.00          1.70 1986   0.12  -0.12      T
  MONTH TO DATE    0.72                      1.47  -0.75     4.18
  SINCE JUN 1      5.09                      5.78  -0.69     9.42
  SINCE JAN 1     20.45                     20.53  -0.08    22.58

SNOWFALL (IN)
  TODAY            0.0           0.0  2002   0.0    0.0      0.0
                                      2001
                                      2000
  MONTH TO DATE    0.0                       0.0    0.0      0.0
  SINCE JUN 1      0.0                       0.0    0.0      0.0
  SINCE JUL 1      0.0                       0.0    0.0      0.0
  SNOW DEPTH       0

DEGREE DAYS
 HEATING
  TODAY            0                         1     -1        0
  MONTH TO DATE    3                        12     -9        0
  SINCE JUN 1     48                       103    -55       87
  SINCE JUL 1      3                        12     -9        0

 COOLING
  TODAY            7                         5      2        3
  MONTH TO DATE   64                        51     13      105
  SINCE JUN 1    149                       125     24      188
  SINCE JAN 1    174                       148     26      231
..................................................................


WIND (MPH)
  HIGHEST WIND SPEED    15   HIGHEST WIND DIRECTION     S (200)
  HIGHEST GUST SPEED    21   HIGHEST GUST DIRECTION    SW (230)
  AVERAGE WIND SPEED     6.6


SKY COVER
  AVERAGE SKY COVER 0.2


WEATHER CONDITIONS
 THE FOLLOWING WEATHER WAS RECORDED TODAY.
  NO SIGNIFICANT WEATHER WAS OBSERVED.


RELATIVE HUMIDITY (PERCENT)
 HIGHEST    84           100 AM
 LOWEST     43           300 PM
 AVERAGE    64

..........................................................


THE BINGHAMTON NY CLIMATE NORMALS FOR TOMORROW
                         NORMAL    RECORD    YEAR
 MAXIMUM TEMPERATURE (F)   78        92      1966
 MINIMUM TEMPERATURE (F)   60        51      2009
                                             2001


SUNRISE AND SUNSET
JULY 12 2014..........SUNRISE   539 AM EDT   SUNSET   840 PM EDT
JULY 13 2014..........SUNRISE   539 AM EDT   SUNSET   840 PM EDT


-  INDICATES NEGATIVE NUMBERS.
R  INDICATES RECORD WAS SET OR TIED.
MM INDICATES DATA IS MISSING.
T  INDICATES TRACE AMOUNT.




$$
