000
CDUS41 KBGM 192218
CLIBGM


CLIMATE REPORT
NATIONAL WEATHER SERVICE BINGHAMTON NY
518 PM EST SUN NOV 19 2017


...................................

...THE BINGHAMTON NY CLIMATE SUMMARY FOR NOVEMBER 19 2017...
VALID TODAY AS OF 0500 PM LOCAL TIME.

CLIMATE NORMAL PERIOD 1981 TO 2010
CLIMATE RECORD PERIOD 1951 TO 2017


WEATHER ITEM   OBSERVED TIME   RECORD YEAR NORMAL DEPARTURE LAST
                VALUE   (LST)  VALUE       VALUE  FROM      YEAR
                                                  NORMAL
..................................................................
TEMPERATURE (F)
 TODAY
  MAXIMUM         51    505 AM  70    1991  44      7       66
  MINIMUM         32    136 PM  10    2014  30      2       31
  AVERAGE         42                        37      5       49

PRECIPITATION (IN)
  TODAY            0.05          1.20 2003   0.12  -0.07     0.24
  MONTH TO DATE    1.51                      2.08  -0.57     0.65
  SINCE SEP 1      6.90                      9.04  -2.14     7.51
  SINCE JAN 1     46.64                     35.25  11.39    31.06

SNOWFALL (IN)
  TODAY            T             4.1  1969   0.2   -0.2      4.0
  MONTH TO DATE    1.1                       2.6   -1.5      4.0
  SINCE SEP 1      1.1                       3.6   -2.5      5.0
  SINCE JUL 1      1.1                       3.6   -2.5      5.0
  SNOW DEPTH       0

DEGREE DAYS
 HEATING
  TODAY           23                        28     -5       16
  MONTH TO DATE  522                       470     52      399
  SINCE SEP 1    999                      1179   -180     1001
  SINCE JUL 1   1080                      1242   -162     1010

 COOLING
  TODAY            0                         0      0        0
  MONTH TO DATE    0                         0      0        0
  SINCE SEP 1     78                        33     45       52
  SINCE JAN 1    349                       381    -32      563
..................................................................


WIND (MPH)
  HIGHEST WIND SPEED    32   HIGHEST WIND DIRECTION     W (280)
  HIGHEST GUST SPEED    45   HIGHEST GUST DIRECTION     W (290)
  AVERAGE WIND SPEED    15.0


SKY COVER
  AVERAGE SKY COVER 1.0


WEATHER CONDITIONS
 THE FOLLOWING WEATHER WAS RECORDED TODAY.
  RAIN
  LIGHT RAIN
  SNOW
  LIGHT SNOW
  FOG
  HAZE


RELATIVE HUMIDITY (PERCENT)
 HIGHEST   100           200 AM
 LOWEST     64           300 PM
 AVERAGE    82

..........................................................


THE BINGHAMTON NY CLIMATE NORMALS FOR TOMORROW
                         NORMAL    RECORD    YEAR
 MAXIMUM TEMPERATURE (F)   43        73      1991
 MINIMUM TEMPERATURE (F)   30        10      1986


SUNRISE AND SUNSET
NOVEMBER 19 2017......SUNRISE   700 AM EST   SUNSET   439 PM EST
NOVEMBER 20 2017......SUNRISE   701 AM EST   SUNSET   438 PM EST


-  INDICATES NEGATIVE NUMBERS.
R  INDICATES RECORD WAS SET OR TIED.
MM INDICATES DATA IS MISSING.
T  INDICATES TRACE AMOUNT.




$$
