000
CDUS41 KBGM 172221
CLIBGM


CLIMATE REPORT
NATIONAL WEATHER SERVICE BINGHAMTON NY
519 PM EST TUE JAN 17 2017


...................................

...THE BINGHAMTON NY CLIMATE SUMMARY FOR JANUARY 17 2017...
VALID TODAY AS OF 0500 PM LOCAL TIME.

CLIMATE NORMAL PERIOD 1981 TO 2010
CLIMATE RECORD PERIOD 1951 TO 2017


WEATHER ITEM   OBSERVED TIME   RECORD YEAR NORMAL DEPARTURE LAST
                VALUE   (LST)  VALUE       VALUE  FROM      YEAR
                                                  NORMAL
..................................................................
TEMPERATURE (F)
 TODAY
  MAXIMUM         33    459 PM  53    1990  28      5       28
  MINIMUM         29    651 AM -12    1982  15     14       20
                                      1965
  AVERAGE         31                        22      9       24

PRECIPITATION (IN)
  TODAY            0.41          0.70 1978   0.08   0.33     0.03
  MONTH TO DATE    2.07                      1.35   0.72     1.27
  SINCE DEC 1      5.66                      4.18   1.48     4.88
  SINCE JAN 1      2.07                      1.35   0.72     1.27

SNOWFALL (IN)
  TODAY            0.0           7.1  1978   0.8   -0.8      0.9
  MONTH TO DATE    1.1                      12.4  -11.3      6.6
  SINCE DEC 1     30.9                      30.2    0.7      8.8
  SINCE JUL 1     59.5                      37.0   22.5      9.9
  SNOW DEPTH       0

DEGREE DAYS
 HEATING
  TODAY           34                        43     -9       41
  MONTH TO DATE  685                       725    -40      683
  SINCE DEC 1   1861                      1895    -34     1438
  SINCE JUL 1   3210                      3470   -260     2708

 COOLING
  TODAY            0                         0      0        0
  MONTH TO DATE    0                         0      0        0
  SINCE DEC 1      0                         0      0        0
  SINCE JAN 1      0                         0      0        0
..................................................................


WIND (MPH)
  HIGHEST WIND SPEED    20   HIGHEST WIND DIRECTION    SE (140)
  HIGHEST GUST SPEED    25   HIGHEST GUST DIRECTION    SE (140)
  AVERAGE WIND SPEED     5.1


SKY COVER
  AVERAGE SKY COVER 0.9


WEATHER CONDITIONS
 THE FOLLOWING WEATHER WAS RECORDED TODAY.
  RAIN
  LIGHT RAIN
  LT FREEZING RAIN
  FOG


RELATIVE HUMIDITY (PERCENT)
 HIGHEST    92          1000 AM
 LOWEST     69          1200 AM
 AVERAGE    81

..........................................................


THE BINGHAMTON NY CLIMATE NORMALS FOR TOMORROW
                         NORMAL    RECORD    YEAR
 MAXIMUM TEMPERATURE (F)   28        54      1973
 MINIMUM TEMPERATURE (F)   15       -11      1982
                                             1976


SUNRISE AND SUNSET
JANUARY 17 2017.......SUNRISE   729 AM EST   SUNSET   500 PM EST
JANUARY 18 2017.......SUNRISE   728 AM EST   SUNSET   501 PM EST


-  INDICATES NEGATIVE NUMBERS.
R  INDICATES RECORD WAS SET OR TIED.
MM INDICATES DATA IS MISSING.
T  INDICATES TRACE AMOUNT.

$$
