000
CDUS41 KBGM 280539
CLIBGM


CLIMATE REPORT
NATIONAL WEATHER SERVICE BINGHAMTON NY
1238 AM EST WED JAN 28 2015


...................................

...THE BINGHAMTON NY CLIMATE SUMMARY FOR JANUARY 27 2015...

CLIMATE NORMAL PERIOD 1981 TO 2010
CLIMATE RECORD PERIOD 1951 TO 2015


WEATHER ITEM   OBSERVED TIME   RECORD YEAR NORMAL DEPARTURE LAST
                VALUE   (LST)  VALUE       VALUE  FROM      YEAR
                                                  NORMAL
..................................................................
TEMPERATURE (F)
 YESTERDAY
  MAXIMUM         16   1233 AM  54    1974  29    -13       34
  MINIMUM          7   1159 PM  -8    2005  15     -8        3
                                      1994
  AVERAGE         12                        22    -10       19

PRECIPITATION (IN)
  YESTERDAY        T             1.26 1976   0.08  -0.08     0.02
  MONTH TO DATE    1.75                      2.14  -0.39     2.94
  SINCE DEC 1      5.05                      4.97   0.08     6.38
  SINCE JAN 1      1.75                      2.14  -0.39     2.94

SNOWFALL (IN)
  YESTERDAY        T             6.8  2004   0.7   -0.7      0.6
                                      1976
  MONTH TO DATE   12.9                      19.5   -6.6     23.2
  SINCE DEC 1     26.0                      37.3  -11.3     48.2
  SINCE JUL 1     39.7                      44.1   -4.4     56.4
  SNOW DEPTH       5

DEGREE DAYS
 HEATING
  YESTERDAY       53                        43     10       46
  MONTH TO DATE 1258                      1155    103     1257
  SINCE DEC 1   2327                      2325      2     2405
  SINCE JUL 1   3862                      3900    -38     3996

 COOLING
  YESTERDAY        0                         0      0        0
  MONTH TO DATE    0                         0      0        0
  SINCE DEC 1      0                         0      0        0
  SINCE JAN 1      0                         0      0        0
..................................................................


WIND (MPH)
  HIGHEST WIND SPEED    23   HIGHEST WIND DIRECTION     N (360)
  HIGHEST GUST SPEED    29   HIGHEST GUST DIRECTION    NW (330)
  AVERAGE WIND SPEED    12.7


SKY COVER
  AVERAGE SKY COVER 0.4


WEATHER CONDITIONS
 THE FOLLOWING WEATHER WAS RECORDED YESTERDAY.
  NO SIGNIFICANT WEATHER WAS OBSERVED.


RELATIVE HUMIDITY (PERCENT)
 HIGHEST    88          1200 AM
 LOWEST     55          1100 PM
 AVERAGE    72

..........................................................


THE BINGHAMTON NY CLIMATE NORMALS FOR TODAY
                         NORMAL    RECORD    YEAR
 MAXIMUM TEMPERATURE (F)   29        53      2002
 MINIMUM TEMPERATURE (F)   15        -8      1966


SUNRISE AND SUNSET
JANUARY 28 2015.......SUNRISE   721 AM EST   SUNSET   513 PM EST
JANUARY 29 2015.......SUNRISE   720 AM EST   SUNSET   514 PM EST


-  INDICATES NEGATIVE NUMBERS.
R  INDICATES RECORD WAS SET OR TIED.
MM INDICATES DATA IS MISSING.
T  INDICATES TRACE AMOUNT.

$$
