000
CDUS41 KBGM 240731
CLIBGM


CLIMATE REPORT
NATIONAL WEATHER SERVICE BINGHAMTON NY
331 AM EDT FRI MAR 24 2017


...................................

...THE BINGHAMTON NY CLIMATE SUMMARY FOR MARCH 23 2017...

CLIMATE NORMAL PERIOD 1981 TO 2010
CLIMATE RECORD PERIOD 1951 TO 2017


WEATHER ITEM   OBSERVED TIME   RECORD YEAR NORMAL DEPARTURE LAST
                VALUE   (LST)  VALUE       VALUE  FROM      YEAR
                                                  NORMAL
..................................................................
TEMPERATURE (F)
 YESTERDAY
  MAXIMUM         33    451 PM  71    2012  44    -11       57
  MINIMUM         12    609 AM   9    1959  27    -15       37
  AVERAGE         23                        35    -12       47

PRECIPITATION (IN)
  YESTERDAY        0.00          0.74 1968   0.10  -0.10     0.01
  MONTH TO DATE    2.85                      2.14   0.71     0.98
  SINCE MAR 1      2.85                      2.14   0.71     0.98
  SINCE JAN 1      9.12                      6.90   2.22     6.29

SNOWFALL (IN)
  YESTERDAY        0.0           7.3  2005   0.4   -0.4      0.0
  MONTH TO DATE   39.6                      12.4   27.2      1.0
  SINCE MAR 1     39.6                      12.4   27.2      1.0
  SINCE JUL 1    133.1                      76.3   56.8     22.7
  SNOW DEPTH       9

DEGREE DAYS
 HEATING
  YESTERDAY       42                        30     12       18
  MONTH TO DATE  896                       774    122      605
  SINCE MAR 1    896                       774    122      605
  SINCE JUL 1   5509                      5973   -464     4963

 COOLING
  YESTERDAY        0                         0      0        0
  MONTH TO DATE    0                         0      0        0
  SINCE MAR 1      0                         0      0        0
  SINCE JAN 1      0                         0      0        0
..................................................................


WIND (MPH)
  HIGHEST WIND SPEED    13   HIGHEST WIND DIRECTION     W (280)
  HIGHEST GUST SPEED    18   HIGHEST GUST DIRECTION     W (280)
  AVERAGE WIND SPEED     5.4


SKY COVER
  AVERAGE SKY COVER 0.0


WEATHER CONDITIONS
 THE FOLLOWING WEATHER WAS RECORDED YESTERDAY.
  NO SIGNIFICANT WEATHER WAS OBSERVED.


RELATIVE HUMIDITY (PERCENT)
 HIGHEST    76           500 AM
 LOWEST     26           400 PM
 AVERAGE    51

..........................................................


THE BINGHAMTON NY CLIMATE NORMALS FOR TODAY
                         NORMAL    RECORD    YEAR
 MAXIMUM TEMPERATURE (F)   44        67      1987
 MINIMUM TEMPERATURE (F)   27        10      2015
                                             2014


SUNRISE AND SUNSET
MARCH 24 2017.........SUNRISE   700 AM EDT   SUNSET   721 PM EDT
MARCH 25 2017.........SUNRISE   658 AM EDT   SUNSET   722 PM EDT


-  INDICATES NEGATIVE NUMBERS.
R  INDICATES RECORD WAS SET OR TIED.
MM INDICATES DATA IS MISSING.
T  INDICATES TRACE AMOUNT.




$$
