000
CDUS41 KBGM 280218
CLIBGM


CLIMATE REPORT
NATIONAL WEATHER SERVICE BINGHAMTON NY
1018 PM EDT SAT SEP 27 2014


...................................

...THE BINGHAMTON NY CLIMATE SUMMARY FOR SEPTEMBER 27 2014...
VALID AS OF 1000 PM LOCAL TIME.

CLIMATE NORMAL PERIOD 1981 TO 2010
CLIMATE RECORD PERIOD 1951 TO 2014


WEATHER ITEM   OBSERVED TIME   RECORD YEAR NORMAL DEPARTURE LAST
                VALUE   (LST)  VALUE       VALUE  FROM      YEAR
                                                  NORMAL
..................................................................
TEMPERATURE (F)
 TODAY
  MAXIMUM         78    334 PM  84    1998  64     14       68
  MINIMUM         50    558 AM  31    1997  46      4       44
                                      1965
                                      1957
  AVERAGE         64                        55      9       56

PRECIPITATION (IN)
  TODAY            0.00          3.50 1985   0.12  -0.12     0.00
  MONTH TO DATE    1.77                      3.25  -1.48     2.91
  SINCE SEP 1      1.77                      3.25  -1.48     2.91
  SINCE JAN 1     30.80                     29.46   1.34    33.20

SNOWFALL (IN)
  TODAY            0.0           0.0  2002   0.0    0.0      0.0
                                      2001
                                      2000
  MONTH TO DATE    0.0                       0.0    0.0      0.0
  SINCE SEP 1      0.0                       0.0    0.0      0.0
  SINCE JUL 1      T                         0.0    0.0      0.0
  SNOW DEPTH       0

DEGREE DAYS
 HEATING
  TODAY            1                        10     -9        9
  MONTH TO DATE  158                       161     -3      219
  SINCE SEP 1    158                       161     -3      219
  SINCE JUL 1    224                       224      0      270

 COOLING
  TODAY            0                         0      0        0
  MONTH TO DATE   38                        29      9       41
  SINCE SEP 1     38                        29      9       41
  SINCE JAN 1    340                       377    -37      468
..................................................................


WIND (MPH)
  HIGHEST WIND SPEED    13   HIGHEST WIND DIRECTION     N (340)
  HIGHEST GUST SPEED    16   HIGHEST GUST DIRECTION     N (360)
  AVERAGE WIND SPEED     5.0


SKY COVER
  AVERAGE SKY COVER 0.0


WEATHER CONDITIONS
 THE FOLLOWING WEATHER WAS RECORDED TODAY.
  FOG


RELATIVE HUMIDITY (PERCENT)
 HIGHEST    96           500 AM
 LOWEST     40           400 PM
 AVERAGE    68

..........................................................


THE BINGHAMTON NY CLIMATE NORMALS FOR TOMORROW
                         NORMAL    RECORD    YEAR
 MAXIMUM TEMPERATURE (F)   64        79      1959
 MINIMUM TEMPERATURE (F)   46        30      1989


SUNRISE AND SUNSET
SEPTEMBER 27 2014.....SUNRISE   657 AM EDT   SUNSET   652 PM EDT
SEPTEMBER 28 2014.....SUNRISE   658 AM EDT   SUNSET   651 PM EDT


-  INDICATES NEGATIVE NUMBERS.
R  INDICATES RECORD WAS SET OR TIED.
MM INDICATES DATA IS MISSING.
T  INDICATES TRACE AMOUNT.




$$
