000
CDUS41 KBGM 250731
CLIBGM


CLIMATE REPORT
NATIONAL WEATHER SERVICE BINGHAMTON NY
330 AM EDT WED MAY 25 2016


...................................

...THE BINGHAMTON NY CLIMATE SUMMARY FOR MAY 24 2016...

CLIMATE NORMAL PERIOD 1981 TO 2010
CLIMATE RECORD PERIOD 1951 TO 2016


WEATHER ITEM   OBSERVED TIME   RECORD YEAR NORMAL DEPARTURE LAST
                VALUE   (LST)  VALUE       VALUE  FROM      YEAR
                                                  NORMAL
..................................................................
TEMPERATURE (F)
 YESTERDAY
  MAXIMUM         76    415 PM  87    1980  68      8       75
                                      1975
  MINIMUM         53    603 AM  28    1963  49      4       48
  AVERAGE         65                        58      7       62

PRECIPITATION (IN)
  YESTERDAY        0.00          1.38 2003   0.13  -0.13     0.00
  MONTH TO DATE    2.67                      2.72  -0.05     2.93
  SINCE MAR 1      6.90                      9.14  -2.24     9.13
  SINCE JAN 1     12.21                     13.90  -1.69    13.07

SNOWFALL (IN)
  YESTERDAY        0.0           T    2013   0.0    0.0      0.0
  MONTH TO DATE    T                         0.1   -0.1      0.0
  SINCE MAR 1     10.3                      19.5   -9.2     17.6
  SINCE JUL 1     32.0                      83.4  -51.4     93.4
  SNOW DEPTH       0

DEGREE DAYS
 HEATING
  YESTERDAY        0                         8     -8        3
  MONTH TO DATE  321                       259     62      148
  SINCE MAR 1   1771                      1859    -88     1921
  SINCE JUL 1   6129                      7058   -929     7453

 COOLING
  YESTERDAY        0                         1     -1        0
  MONTH TO DATE    0                        12    -12       42
  SINCE MAR 1      0                        16    -16       42
  SINCE JAN 1      0                        16    -16       42
..................................................................


WIND (MPH)
  HIGHEST WIND SPEED    18   HIGHEST WIND DIRECTION    NW (330)
  HIGHEST GUST SPEED    28   HIGHEST GUST DIRECTION    NW (310)
  AVERAGE WIND SPEED     9.2


SKY COVER
  AVERAGE SKY COVER 0.1


WEATHER CONDITIONS
 THE FOLLOWING WEATHER WAS RECORDED YESTERDAY.
  NO SIGNIFICANT WEATHER WAS OBSERVED.


RELATIVE HUMIDITY (PERCENT)
 HIGHEST    66           400 AM
 LOWEST     25           300 PM
 AVERAGE    46

..........................................................


THE BINGHAMTON NY CLIMATE NORMALS FOR TODAY
                         NORMAL    RECORD    YEAR
 MAXIMUM TEMPERATURE (F)   68        85      2007
                                             1981
 MINIMUM TEMPERATURE (F)   49        31      1956


SUNRISE AND SUNSET
MAY 25 2016...........SUNRISE   534 AM EDT   SUNSET   828 PM EDT
MAY 26 2016...........SUNRISE   533 AM EDT   SUNSET   829 PM EDT


-  INDICATES NEGATIVE NUMBERS.
R  INDICATES RECORD WAS SET OR TIED.
MM INDICATES DATA IS MISSING.
T  INDICATES TRACE AMOUNT.




$$

HEDEN
