000
CDUS41 KBGM 260611
CLIBGM


CLIMATE REPORT
NATIONAL WEATHER SERVICE BINGHAMTON NY
209 AM EDT SUN OCT 26 2014


...................................

...THE BINGHAMTON NY CLIMATE SUMMARY FOR OCTOBER 25 2014...

CLIMATE NORMAL PERIOD 1981 TO 2010
CLIMATE RECORD PERIOD 1951 TO 2014


WEATHER ITEM   OBSERVED TIME   RECORD YEAR NORMAL DEPARTURE LAST
                VALUE   (LST)  VALUE       VALUE  FROM      YEAR
                                                  NORMAL
..................................................................
TEMPERATURE (F)
 YESTERDAY
  MAXIMUM         62    431 PM  74    1963  54      8       45
  MINIMUM         39    230 AM  25    1962  38      1       33
  AVERAGE         51                        46      5       39

PRECIPITATION (IN)
  YESTERDAY        0.10          1.82 1980   0.11  -0.01     0.06
  MONTH TO DATE    3.19                      2.70   0.49     2.21
  SINCE SEP 1      5.10                      6.33  -1.23     5.12
  SINCE JAN 1     34.13                     32.54   1.59    35.41

SNOWFALL (IN)
  YESTERDAY        0.0           3.6  2005   0.1   -0.1       T
  MONTH TO DATE    T                         0.6   -0.6       T
  SINCE SEP 1      T                         0.6   -0.6       T
  SINCE JUL 1      T                         0.6   -0.6       T
  SNOW DEPTH       0

DEGREE DAYS
 HEATING
  YESTERDAY       14                        19     -5       26
  MONTH TO DATE  320                       391    -71      260
  SINCE SEP 1    481                       585   -104      501
  SINCE JUL 1    547                       648   -101      552

 COOLING
  YESTERDAY        0                         0      0        0
  MONTH TO DATE    1                         0      1       12
  SINCE SEP 1     39                        31      8       53
  SINCE JAN 1    341                       379    -38      480
..................................................................


WIND (MPH)
  HIGHEST WIND SPEED    23   HIGHEST WIND DIRECTION     N (340)
  HIGHEST GUST SPEED    34   HIGHEST GUST DIRECTION     N (340)
  AVERAGE WIND SPEED     9.3


SKY COVER
  AVERAGE SKY COVER 0.4


WEATHER CONDITIONS
 THE FOLLOWING WEATHER WAS RECORDED YESTERDAY.
  THUNDERSTORM
  HEAVY RAIN
  LIGHT RAIN
  FOG


RELATIVE HUMIDITY (PERCENT)
 HIGHEST    79           400 AM
 LOWEST     51           500 PM
 AVERAGE    65

..........................................................


THE BINGHAMTON NY CLIMATE NORMALS FOR TODAY
                         NORMAL    RECORD    YEAR
 MAXIMUM TEMPERATURE (F)   53        75      1963
 MINIMUM TEMPERATURE (F)   37        23      1976


SUNRISE AND SUNSET
OCTOBER 26 2014.......SUNRISE   730 AM EDT   SUNSET   606 PM EDT
OCTOBER 27 2014.......SUNRISE   731 AM EDT   SUNSET   604 PM EDT


-  INDICATES NEGATIVE NUMBERS.
R  INDICATES RECORD WAS SET OR TIED.
MM INDICATES DATA IS MISSING.
T  INDICATES TRACE AMOUNT.

$$
