000
CDUS41 KBGM 240216
CLIBGM


CLIMATE REPORT
NATIONAL WEATHER SERVICE BINGHAMTON NY
1016 PM EDT FRI SEP 23 2016


...................................

...THE BINGHAMTON NY CLIMATE SUMMARY FOR SEPTEMBER 23 2016...
VALID AS OF 1000 PM LOCAL TIME.

CLIMATE NORMAL PERIOD 1981 TO 2010
CLIMATE RECORD PERIOD 1951 TO 2016


WEATHER ITEM   OBSERVED TIME   RECORD YEAR NORMAL DEPARTURE LAST
                VALUE   (LST)  VALUE       VALUE  FROM      YEAR
                                                  NORMAL
..................................................................
TEMPERATURE (F)
 TODAY
  MAXIMUM         79    139 PM  85    1959  66     13       74
  MINIMUM         56    859 PM  32    1963  48      8       46
  AVERAGE         68                        57     11       60

PRECIPITATION (IN)
  TODAY            0.00          1.24 2003   0.13  -0.13     0.00
  MONTH TO DATE    0.69                      2.76  -2.07     0.50
  SINCE SEP 1      0.69                      2.76  -2.07     0.50
  SINCE JAN 1     24.24                     28.97  -4.73    32.02

SNOWFALL (IN)
  TODAY            0.0           T    1989   0.0    0.0      0.0
  MONTH TO DATE    0.0                       0.0    0.0      0.0
  SINCE SEP 1      0.0                       0.0    0.0      0.0
  SINCE JUL 1      0.0                       0.0    0.0       T
  SNOW DEPTH       0

DEGREE DAYS
 HEATING
  TODAY            0                         9     -9        5
  MONTH TO DATE   37                       123    -86       55
  SINCE SEP 1     37                       123    -86       55
  SINCE JUL 1     46                       186   -140      104

 COOLING
  TODAY            3                         0      3        0
  MONTH TO DATE   50                        29     21       99
  SINCE SEP 1     50                        29     21       99
  SINCE JAN 1    561                       377    184      441
..................................................................


WIND (MPH)
  HIGHEST WIND SPEED    17   HIGHEST WIND DIRECTION     N (360)
  HIGHEST GUST SPEED    22   HIGHEST GUST DIRECTION     N (350)
  AVERAGE WIND SPEED     9.3


SKY COVER
  AVERAGE SKY COVER 0.3


WEATHER CONDITIONS
 THE FOLLOWING WEATHER WAS RECORDED TODAY.
  NO SIGNIFICANT WEATHER WAS OBSERVED.


RELATIVE HUMIDITY (PERCENT)
 HIGHEST    93           900 PM
 LOWEST     48           100 PM
 AVERAGE    71

..........................................................


THE BINGHAMTON NY CLIMATE NORMALS FOR TOMORROW
                         NORMAL    RECORD    YEAR
 MAXIMUM TEMPERATURE (F)   65        88      2010
 MINIMUM TEMPERATURE (F)   48        25      1974


SUNRISE AND SUNSET
SEPTEMBER 23 2016.....SUNRISE   653 AM EDT   SUNSET   659 PM EDT
SEPTEMBER 24 2016.....SUNRISE   654 AM EDT   SUNSET   657 PM EDT


-  INDICATES NEGATIVE NUMBERS.
R  INDICATES RECORD WAS SET OR TIED.
MM INDICATES DATA IS MISSING.
T  INDICATES TRACE AMOUNT.




$$
