000
CDUS41 KBGM 170528
CLIBGM


CLIMATE REPORT
NATIONAL WEATHER SERVICE BINGHAMTON NY
1225 AM EST FRI FEB 17 2017


...................................

...THE BINGHAMTON NY CLIMATE SUMMARY FOR FEBRUARY 16 2017...

CLIMATE NORMAL PERIOD 1981 TO 2010
CLIMATE RECORD PERIOD 1951 TO 2017


WEATHER ITEM   OBSERVED TIME   RECORD YEAR NORMAL DEPARTURE LAST
                VALUE   (LST)  VALUE       VALUE  FROM      YEAR
                                                  NORMAL
..................................................................
TEMPERATURE (F)
 YESTERDAY
  MAXIMUM         23   1227 AM  66    1954  32     -9       50
  MINIMUM         17    928 AM  -7    2015  17      0       24
                                      1987
  AVERAGE         20                        25     -5       37

PRECIPITATION (IN)
  YESTERDAY        T             1.55 2016   0.09  -0.09     1.55
  MONTH TO DATE    1.85                      1.29   0.56     2.66
  SINCE DEC 1      9.23                      6.57   2.66     7.58
  SINCE JAN 1      5.64                      3.74   1.90     3.97

SNOWFALL (IN)
  YESTERDAY        1.1          10.4  1993   0.6    0.5      0.1
  MONTH TO DATE   22.6                       9.7   12.9      5.7
  SINCE DEC 1     64.4                      49.7   14.7     18.1
  SINCE JUL 1     93.0                      56.5   36.5     19.2
  SNOW DEPTH      10

DEGREE DAYS
 HEATING
  YESTERDAY       45                        40      5       28
  MONTH TO DATE  635                       662    -27      642
  SINCE DEC 1   2968                      3159   -191     2650
  SINCE JUL 1   4317                      4734   -417     3920

 COOLING
  YESTERDAY        0                         0      0        0
  MONTH TO DATE    0                         0      0        0
  SINCE DEC 1      0                         0      0        0
  SINCE JAN 1      0                         0      0        0
..................................................................


WIND (MPH)
  HIGHEST WIND SPEED    22   HIGHEST WIND DIRECTION    NW (300)
  HIGHEST GUST SPEED    33   HIGHEST GUST DIRECTION    NW (310)
  AVERAGE WIND SPEED    13.1


SKY COVER
  AVERAGE SKY COVER 1.0


WEATHER CONDITIONS
 THE FOLLOWING WEATHER WAS RECORDED YESTERDAY.
  LIGHT SNOW
  FOG


RELATIVE HUMIDITY (PERCENT)
 HIGHEST    91           300 AM
 LOWEST     67           500 PM
 AVERAGE    79

..........................................................


THE BINGHAMTON NY CLIMATE NORMALS FOR TODAY
                         NORMAL    RECORD    YEAR
 MAXIMUM TEMPERATURE (F)   33        55      2011
                                             1981
 MINIMUM TEMPERATURE (F)   18       -15      1979


SUNRISE AND SUNSET
FEBRUARY 17 2017......SUNRISE   657 AM EST   SUNSET   539 PM EST
FEBRUARY 18 2017......SUNRISE   656 AM EST   SUNSET   541 PM EST


-  INDICATES NEGATIVE NUMBERS.
R  INDICATES RECORD WAS SET OR TIED.
MM INDICATES DATA IS MISSING.
T  INDICATES TRACE AMOUNT.




$$
