000
CDUS41 KBGM 252118
CLIBGM


CLIMATE REPORT
NATIONAL WEATHER SERVICE BINGHAMTON NY
518 PM EDT SUN SEP 25 2016


...................................

...THE BINGHAMTON NY CLIMATE SUMMARY FOR SEPTEMBER 25 2016...
VALID TODAY AS OF 0500 PM LOCAL TIME.

CLIMATE NORMAL PERIOD 1981 TO 2010
CLIMATE RECORD PERIOD 1951 TO 2016


WEATHER ITEM   OBSERVED TIME   RECORD YEAR NORMAL DEPARTURE LAST
                VALUE   (LST)  VALUE       VALUE  FROM      YEAR
                                                  NORMAL
..................................................................
TEMPERATURE (F)
 TODAY
  MAXIMUM         62    336 PM  86    2007  65     -3       72
  MINIMUM         41    615 AM  31    1989  47     -6       50
  AVERAGE         52                        56     -4       61

PRECIPITATION (IN)
  TODAY            0.00          2.83 1975   0.12  -0.12     0.00
  MONTH TO DATE    0.69                      3.00  -2.31     0.50
  SINCE SEP 1      0.69                      3.00  -2.31     0.50
  SINCE JAN 1     24.24                     29.21  -4.97    32.02

SNOWFALL (IN)
  TODAY            0.0           0.0  2002   0.0    0.0      0.0
                                      2001
                                      2000
  MONTH TO DATE    0.0                       0.0    0.0      0.0
  SINCE SEP 1      0.0                       0.0    0.0      0.0
  SINCE JUL 1      0.0                       0.0    0.0       T
  SNOW DEPTH       0

DEGREE DAYS
 HEATING
  TODAY           13                         9      4        4
  MONTH TO DATE   60                       141    -81       61
  SINCE SEP 1     60                       141    -81       61
  SINCE JUL 1     69                       204   -135      110

 COOLING
  TODAY            0                         0      0        0
  MONTH TO DATE   48                        29     19       99
  SINCE SEP 1     48                        29     19       99
  SINCE JAN 1    559                       377    182      441
..................................................................


WIND (MPH)
  HIGHEST WIND SPEED    10   HIGHEST WIND DIRECTION     N (20)
  HIGHEST GUST SPEED    18   HIGHEST GUST DIRECTION     N (10)
  AVERAGE WIND SPEED     6.1


SKY COVER
  AVERAGE SKY COVER 0.0


WEATHER CONDITIONS
 THE FOLLOWING WEATHER WAS RECORDED TODAY.
  NO SIGNIFICANT WEATHER WAS OBSERVED.


RELATIVE HUMIDITY (PERCENT)
 HIGHEST    89           500 AM
 LOWEST     32           200 PM
 AVERAGE    61

..........................................................


THE BINGHAMTON NY CLIMATE NORMALS FOR TOMORROW
                         NORMAL    RECORD    YEAR
 MAXIMUM TEMPERATURE (F)   64        84      2007
 MINIMUM TEMPERATURE (F)   47        34      1978
                                             1957


SUNRISE AND SUNSET
SEPTEMBER 25 2016.....SUNRISE   655 AM EDT   SUNSET   655 PM EDT
SEPTEMBER 26 2016.....SUNRISE   656 AM EDT   SUNSET   653 PM EDT


-  INDICATES NEGATIVE NUMBERS.
R  INDICATES RECORD WAS SET OR TIED.
MM INDICATES DATA IS MISSING.
T  INDICATES TRACE AMOUNT.




$$
