000
CDUS41 KBGM 180548
CLIBGM


CLIMATE REPORT
NATIONAL WEATHER SERVICE BINGHAMTON NY
148 AM EDT MON JUL 18 2016


...................................

...THE BINGHAMTON NY CLIMATE SUMMARY FOR JULY 17 2016...

CLIMATE NORMAL PERIOD 1981 TO 2010
CLIMATE RECORD PERIOD 1951 TO 2016


WEATHER ITEM   OBSERVED TIME   RECORD YEAR NORMAL DEPARTURE LAST
                VALUE   (LST)  VALUE       VALUE  FROM      YEAR
                                                  NORMAL
..................................................................
TEMPERATURE (F)
 YESTERDAY
  MAXIMUM         82    507 PM  91    2012  78      4       73
                                      1991
                                      1953
  MINIMUM         60    551 AM  50    1987  60      0       53
  AVERAGE         71                        69      2       63

PRECIPITATION (IN)
  YESTERDAY        T             0.90 1969   0.12  -0.12     0.01
  MONTH TO DATE    0.53                      2.05  -1.52     2.17
  SINCE JUN 1      3.57                      6.36  -2.79    11.91
  SINCE JAN 1     15.96                     21.11  -5.15    25.46

SNOWFALL (IN)
  YESTERDAY        0.0           0.0  2002   0.0    0.0      0.0
                                      2000
                                      2001
  MONTH TO DATE    0.0                       0.0    0.0      0.0
  SINCE JUN 1      0.0                       0.0    0.0      0.0
  SINCE JUL 1      0.0                       0.0    0.0      0.0
  SNOW DEPTH       0

DEGREE DAYS
 HEATING
  YESTERDAY        0                         1     -1        2
  MONTH TO DATE    3                        17    -14       20
  SINCE JUN 1     72                       108    -36       97
  SINCE JUL 1      3                        17    -14       20

 COOLING
  YESTERDAY        6                         5      1        0
  MONTH TO DATE  106                        76     30       33
  SINCE JUN 1    169                       150     19       83
  SINCE JAN 1    215                       173     42      156
..................................................................


WIND (MPH)
  HIGHEST WIND SPEED    16   HIGHEST WIND DIRECTION     W (260)
  HIGHEST GUST SPEED    21   HIGHEST GUST DIRECTION     W (260)
  AVERAGE WIND SPEED     5.9


SKY COVER
  AVERAGE SKY COVER 0.4


WEATHER CONDITIONS
 THE FOLLOWING WEATHER WAS RECORDED YESTERDAY.
  THUNDERSTORM
  LIGHT RAIN
  FOG


RELATIVE HUMIDITY (PERCENT)
 HIGHEST   100           100 AM
 LOWEST     39           400 PM
 AVERAGE    70

..........................................................


THE BINGHAMTON NY CLIMATE NORMALS FOR TODAY
                         NORMAL    RECORD    YEAR
 MAXIMUM TEMPERATURE (F)   78        93      1953
 MINIMUM TEMPERATURE (F)   60        47      1971


SUNRISE AND SUNSET
JULY 18 2016..........SUNRISE   544 AM EDT   SUNSET   836 PM EDT
JULY 19 2016..........SUNRISE   545 AM EDT   SUNSET   835 PM EDT


-  INDICATES NEGATIVE NUMBERS.
R  INDICATES RECORD WAS SET OR TIED.
MM INDICATES DATA IS MISSING.
T  INDICATES TRACE AMOUNT.




$$
