000
CDUS41 KBGM 110541
CLIBGM


CLIMATE REPORT
NATIONAL WEATHER SERVICE BINGHAMTON NY
1241 AM EST THU FEB 11 2016


...................................

...THE BINGHAMTON NY CLIMATE SUMMARY FOR FEBRUARY 10 2016...

CLIMATE NORMAL PERIOD 1981 TO 2010
CLIMATE RECORD PERIOD 1951 TO 2016


WEATHER ITEM   OBSERVED TIME   RECORD YEAR NORMAL DEPARTURE LAST
                VALUE   (LST)  VALUE       VALUE  FROM      YEAR
                                                  NORMAL
..................................................................
TEMPERATURE (F)
 YESTERDAY
  MAXIMUM         29   1212 PM  52    2001  31     -2       23
  MINIMUM         16   1159 PM  -9    1962  17     -1       16
  AVERAGE         23                        24     -1       20

PRECIPITATION (IN)
  YESTERDAY        0.04          1.25 2002   0.08  -0.04      T
  MONTH TO DATE    0.95                      0.80   0.15     1.31
  SINCE DEC 1      5.87                      6.08  -0.21     6.54
  SINCE JAN 1      2.26                      3.25  -0.99     3.24

SNOWFALL (IN)
  YESTERDAY        1.3           4.0  2010   0.6    0.7      0.0
  MONTH TO DATE    3.4                       6.1   -2.7     21.3
  SINCE DEC 1     15.8                      46.1  -30.3     50.5
  SINCE JUL 1     16.9                      52.9  -36.0     64.2
  SNOW DEPTH       1

DEGREE DAYS
 HEATING
  YESTERDAY       42                        41      1       45
  MONTH TO DATE  318                       418   -100      464
  SINCE DEC 1   2326                      2915   -589     2993
  SINCE JUL 1   3596                      4490   -894     4528

 COOLING
  YESTERDAY        0                         0      0        0
  MONTH TO DATE    0                         0      0        0
  SINCE DEC 1      0                         0      0        0
  SINCE JAN 1      0                         0      0        0
..................................................................


WIND (MPH)
  HIGHEST WIND SPEED    21   HIGHEST WIND DIRECTION     W (280)
  HIGHEST GUST SPEED    28   HIGHEST GUST DIRECTION     W (280)
  AVERAGE WIND SPEED    10.6


SKY COVER
  AVERAGE SKY COVER 1.0


WEATHER CONDITIONS
 THE FOLLOWING WEATHER WAS RECORDED YESTERDAY.
  SNOW
  LIGHT SNOW
  FOG
  FOG W/VISIBILITY <= 1/4 MILE
  HAZE


RELATIVE HUMIDITY (PERCENT)
 HIGHEST   100           200 AM
 LOWEST     56          1000 PM
 AVERAGE    78

..........................................................


THE BINGHAMTON NY CLIMATE NORMALS FOR TODAY
                         NORMAL    RECORD    YEAR
 MAXIMUM TEMPERATURE (F)   31        54      2009
                                             1999
 MINIMUM TEMPERATURE (F)   17       -14      1979


SUNRISE AND SUNSET
FEBRUARY 11 2016......SUNRISE   706 AM EST   SUNSET   531 PM EST
FEBRUARY 12 2016......SUNRISE   705 AM EST   SUNSET   532 PM EST


-  INDICATES NEGATIVE NUMBERS.
R  INDICATES RECORD WAS SET OR TIED.
MM INDICATES DATA IS MISSING.
T  INDICATES TRACE AMOUNT.




$$
