000
CDUS41 KBGM 060322
CLIBGM


CLIMATE REPORT
NATIONAL WEATHER SERVICE BINGHAMTON NY
1022 PM EST MON DEC 5 2016


...................................

...THE BINGHAMTON NY CLIMATE SUMMARY FOR DECEMBER 5 2016...
VALID AS OF 1000 PM LOCAL TIME.

CLIMATE NORMAL PERIOD 1981 TO 2010
CLIMATE RECORD PERIOD 1951 TO 2016


WEATHER ITEM   OBSERVED TIME   RECORD YEAR NORMAL DEPARTURE LAST
                VALUE   (LST)  VALUE       VALUE  FROM      YEAR
                                                  NORMAL
..................................................................
TEMPERATURE (F)
 TODAY
  MAXIMUM         37    337 PM  64    1982  37      0       42
  MINIMUM         28    449 AM   5    1989  25      3       30
                                      1971
  AVERAGE         33                        31      2       36

PRECIPITATION (IN)
  TODAY            0.07          1.52 1994   0.10  -0.03     0.00
                                      1973
  MONTH TO DATE    0.60                      0.52   0.08     1.00
  SINCE DEC 1      0.60                      0.52   0.08     1.00
  SINCE JAN 1     33.12                     36.99  -3.87    40.10

SNOWFALL (IN)
  TODAY            0.9           7.9  1977   0.5    0.4      0.0
  MONTH TO DATE    1.2                       2.3   -1.1       T
  SINCE DEC 1      1.2                       2.3   -1.1       T
  SINCE JUL 1     29.8                       9.1   20.7      1.1
  SNOW DEPTH       0

DEGREE DAYS
 HEATING
  TODAY           32                        34     -2       29
  MONTH TO DATE  153                       167    -14      134
  SINCE DEC 1    153                       167    -14      134
  SINCE JUL 1   1502                      1742   -240     1404

 COOLING
  TODAY            0                         0      0        0
  MONTH TO DATE    0                         0      0        0
  SINCE DEC 1      0                         0      0        0
  SINCE JAN 1    563                       381    182      443
..................................................................


WIND (MPH)
  HIGHEST WIND SPEED    22   HIGHEST WIND DIRECTION    SE (140)
  HIGHEST GUST SPEED    30   HIGHEST GUST DIRECTION    SE (140)
  AVERAGE WIND SPEED     8.5


SKY COVER
  AVERAGE SKY COVER 1.0


WEATHER CONDITIONS
 THE FOLLOWING WEATHER WAS RECORDED TODAY.
  LIGHT RAIN
  SNOW
  LIGHT SNOW
  FOG


RELATIVE HUMIDITY (PERCENT)
 HIGHEST   100           300 AM
 LOWEST     63           100 AM
 AVERAGE    82

..........................................................


THE BINGHAMTON NY CLIMATE NORMALS FOR TOMORROW
                         NORMAL    RECORD    YEAR
 MAXIMUM TEMPERATURE (F)   36        65      1982
 MINIMUM TEMPERATURE (F)   24         7      2007
                                             1954


SUNRISE AND SUNSET
DECEMBER  5 2016......SUNRISE   718 AM EST   SUNSET   432 PM EST
DECEMBER  6 2016......SUNRISE   719 AM EST   SUNSET   432 PM EST


-  INDICATES NEGATIVE NUMBERS.
R  INDICATES RECORD WAS SET OR TIED.
MM INDICATES DATA IS MISSING.
T  INDICATES TRACE AMOUNT.

$$
