000
CDUS41 KBGM 030611
CLIBGM


CLIMATE REPORT
NATIONAL WEATHER SERVICE BINGHAMTON NY
110 AM EST TUE MAR 3 2015


...................................

...THE BINGHAMTON NY CLIMATE SUMMARY FOR MARCH 2 2015...

CLIMATE NORMAL PERIOD 1981 TO 2010
CLIMATE RECORD PERIOD 1951 TO 2015


WEATHER ITEM   OBSERVED TIME   RECORD YEAR NORMAL DEPARTURE LAST
                VALUE   (LST)  VALUE       VALUE  FROM      YEAR
                                                  NORMAL
..................................................................
TEMPERATURE (F)
 YESTERDAY
  MAXIMUM         26    223 PM  63    1991  36    -10       29
  MINIMUM         15   1159 PM  -6    1980  20     -5        9
  AVERAGE         21                        28     -7       19

PRECIPITATION (IN)
  YESTERDAY        0.01          0.60 1972   0.08  -0.07     0.02
  MONTH TO DATE    0.38                      0.17   0.21     0.02
  SINCE MAR 1      0.38                      0.17   0.21     0.02
  SINCE JAN 1      4.32                      4.93  -0.61     5.71

SNOWFALL (IN)
  YESTERDAY        0.3           7.2  2006   0.6   -0.3      0.3
  MONTH TO DATE    3.7                       1.2    2.5      0.3
  SINCE MAR 1      3.7                       1.2    2.5      0.3
  SINCE JUL 1     79.5                      65.1   14.4     82.8
  SNOW DEPTH      19

DEGREE DAYS
 HEATING
  YESTERDAY       44                        37      7       46
  MONTH TO DATE   93                        74     19       91
  SINCE MAR 1     93                        74     19       91
  SINCE JUL 1   5625                      5273    352     5562

 COOLING
  YESTERDAY        0                         0      0        0
  MONTH TO DATE    0                         0      0        0
  SINCE MAR 1      0                         0      0        0
  SINCE JAN 1      0                         0      0        0
..................................................................


WIND (MPH)
  HIGHEST WIND SPEED    25   HIGHEST WIND DIRECTION    NW (300)
  HIGHEST GUST SPEED    37   HIGHEST GUST DIRECTION     W (280)
  AVERAGE WIND SPEED    12.1


SKY COVER
  AVERAGE SKY COVER 0.8


WEATHER CONDITIONS
 THE FOLLOWING WEATHER WAS RECORDED YESTERDAY.
  LIGHT SNOW
  FOG
  HAZE
  BLOWING SNOW


RELATIVE HUMIDITY (PERCENT)
 HIGHEST   100          1200 AM
 LOWEST     50           500 PM
 AVERAGE    75

..........................................................


THE BINGHAMTON NY CLIMATE NORMALS FOR TODAY
                         NORMAL    RECORD    YEAR
 MAXIMUM TEMPERATURE (F)   36        56      1991
 MINIMUM TEMPERATURE (F)   21        -3      2003


SUNRISE AND SUNSET
MARCH  3 2015.........SUNRISE   636 AM EST   SUNSET   556 PM EST
MARCH  4 2015.........SUNRISE   635 AM EST   SUNSET   557 PM EST


-  INDICATES NEGATIVE NUMBERS.
R  INDICATES RECORD WAS SET OR TIED.
MM INDICATES DATA IS MISSING.
T  INDICATES TRACE AMOUNT.

$$
