000
CDUS41 KBGM 130523
CLIBGM


CLIMATE REPORT
NATIONAL WEATHER SERVICE BINGHAMTON NY
1221 AM EST FRI JAN 13 2017


...................................

...THE BINGHAMTON NY CLIMATE SUMMARY FOR JANUARY 12 2017...

CLIMATE NORMAL PERIOD 1981 TO 2010
CLIMATE RECORD PERIOD 1951 TO 2017


WEATHER ITEM   OBSERVED TIME   RECORD YEAR NORMAL DEPARTURE LAST
                VALUE   (LST)  VALUE       VALUE  FROM      YEAR
                                                  NORMAL
..................................................................
TEMPERATURE (F)
 YESTERDAY
  MAXIMUM         51R   506 PM  49    2006  28     23       25
  MINIMUM         39   1159 PM -13    1968  16     23       14
  AVERAGE         45                        22     23       20

PRECIPITATION (IN)
  YESTERDAY        0.66R         0.46 2015   0.09   0.57     0.11
  MONTH TO DATE    1.65                      0.96   0.69     0.86
  SINCE DEC 1      5.24                      3.79   1.45     4.47
  SINCE JAN 1      1.65                      0.96   0.69     0.86

SNOWFALL (IN)
  YESTERDAY        0.0           5.5  1996   0.7   -0.7      2.1
  MONTH TO DATE    1.0                       8.5   -7.5      3.1
  SINCE DEC 1     30.8                      26.3    4.5      5.3
  SINCE JUL 1     59.4                      33.1   26.3      6.4
  SNOW DEPTH       0

DEGREE DAYS
 HEATING
  YESTERDAY       20                        43    -23       45
  MONTH TO DATE  491                       510    -19      484
  SINCE DEC 1   1667                      1680    -13     1239
  SINCE JUL 1   3016                      3255   -239     2509

 COOLING
  YESTERDAY        0                         0      0        0
  MONTH TO DATE    0                         0      0        0
  SINCE DEC 1      0                         0      0        0
  SINCE JAN 1      0                         0      0        0
..................................................................


WIND (MPH)
  HIGHEST WIND SPEED    22   HIGHEST WIND DIRECTION    SW (240)
  HIGHEST GUST SPEED    32   HIGHEST GUST DIRECTION    SW (240)
  AVERAGE WIND SPEED    10.9


SKY COVER
  AVERAGE SKY COVER 1.0


WEATHER CONDITIONS
 THE FOLLOWING WEATHER WAS RECORDED YESTERDAY.
  HEAVY RAIN
  RAIN
  LIGHT RAIN
  FOG
  FOG W/VISIBILITY <= 1/4 MILE


RELATIVE HUMIDITY (PERCENT)
 HIGHEST   100          1200 AM
 LOWEST     86           600 AM
 AVERAGE    93

..........................................................


THE BINGHAMTON NY CLIMATE NORMALS FOR TODAY
                         NORMAL    RECORD    YEAR
 MAXIMUM TEMPERATURE (F)   28        61      1995
 MINIMUM TEMPERATURE (F)   16        -7      1981


SUNRISE AND SUNSET
JANUARY 13 2017.......SUNRISE   731 AM EST   SUNSET   455 PM EST
JANUARY 14 2017.......SUNRISE   730 AM EST   SUNSET   456 PM EST


-  INDICATES NEGATIVE NUMBERS.
R  INDICATES RECORD WAS SET OR TIED.
MM INDICATES DATA IS MISSING.
T  INDICATES TRACE AMOUNT.

$$
