315
CDUS41 KBGM 012224
CLIBGM


CLIMATE REPORT
NATIONAL WEATHER SERVICE BINGHAMTON NY
523 PM EST THU DEC 1 2016


...................................

...THE BINGHAMTON NY CLIMATE SUMMARY FOR DECEMBER 1 2016...
VALID TODAY AS OF 0500 PM LOCAL TIME.

CLIMATE NORMAL PERIOD 1981 TO 2010
CLIMATE RECORD PERIOD 1951 TO 2016


WEATHER ITEM   OBSERVED TIME   RECORD YEAR NORMAL DEPARTURE LAST
                VALUE   (LST)  VALUE       VALUE  FROM      YEAR
                                                  NORMAL
..................................................................
TEMPERATURE (F)
 TODAY
  MAXIMUM         48    110 AM  65    2006  38     10       44
  MINIMUM         37    459 PM   6    1989  26     11       33
  AVERAGE         43                        32     11       39

PRECIPITATION (IN)
  TODAY            0.39          1.71 1996   0.10   0.29     0.26
  MONTH TO DATE    0.39                      0.10   0.29     0.26
  SINCE DEC 1      0.39                      0.10   0.29     0.26
  SINCE JAN 1     32.91                     36.57  -3.66    39.36

SNOWFALL (IN)
  TODAY            0.0           4.4  1972   0.4   -0.4      0.0
  MONTH TO DATE    0.0                       0.4   -0.4      0.0
  SINCE DEC 1      0.0                       0.4   -0.4      0.0
  SINCE JUL 1     28.6                       7.2   21.4      1.1
  SNOW DEPTH       0

DEGREE DAYS
 HEATING
  TODAY           22                        33    -11       26
  MONTH TO DATE   22                        33    -11       26
  SINCE DEC 1     22                        33    -11       26
  SINCE JUL 1   1371                      1608   -237     1296

 COOLING
  TODAY            0                         0      0        0
  MONTH TO DATE    0                         0      0        0
  SINCE DEC 1      0                         0      0        0
  SINCE JAN 1    563                       381    182      443
..................................................................


WIND (MPH)
  HIGHEST WIND SPEED    22   HIGHEST WIND DIRECTION     W (280)
  HIGHEST GUST SPEED    34   HIGHEST GUST DIRECTION    NW (300)
  AVERAGE WIND SPEED    12.9


SKY COVER
  AVERAGE SKY COVER 1.0


WEATHER CONDITIONS
 THE FOLLOWING WEATHER WAS RECORDED TODAY.
  HEAVY RAIN
  RAIN
  LIGHT RAIN
  FOG


RELATIVE HUMIDITY (PERCENT)
 HIGHEST   100           400 AM
 LOWEST     64           300 PM
 AVERAGE    82

..........................................................


THE BINGHAMTON NY CLIMATE NORMALS FOR TOMORROW
                         NORMAL    RECORD    YEAR
 MAXIMUM TEMPERATURE (F)   38        60      1982
 MINIMUM TEMPERATURE (F)   26         0      1976


SUNRISE AND SUNSET
DECEMBER  1 2016......SUNRISE   714 AM EST   SUNSET   433 PM EST
DECEMBER  2 2016......SUNRISE   715 AM EST   SUNSET   432 PM EST


-  INDICATES NEGATIVE NUMBERS.
R  INDICATES RECORD WAS SET OR TIED.
MM INDICATES DATA IS MISSING.
T  INDICATES TRACE AMOUNT.




$$
