296
CDUS41 KBGM 160528
CLIBGM


CLIMATE REPORT
NATIONAL WEATHER SERVICE BINGHAMTON NY
1226 AM EST TUE JAN 16 2018


...................................

...THE BINGHAMTON NY CLIMATE SUMMARY FOR JANUARY 15 2018...

CLIMATE NORMAL PERIOD 1981 TO 2010
CLIMATE RECORD PERIOD 1951 TO 2018


WEATHER ITEM   OBSERVED TIME   RECORD YEAR NORMAL DEPARTURE LAST
                VALUE   (LST)  VALUE       VALUE  FROM      YEAR
                                                  NORMAL
..................................................................
TEMPERATURE (F)
 YESTERDAY
  MAXIMUM         19   1159 PM  59    1995  28     -9       26
  MINIMUM         -3    714 AM -20    1957  15    -18       19
  AVERAGE          8                        22    -14       23

PRECIPITATION (IN)
  YESTERDAY        0.01          1.05 1983   0.07  -0.06     0.01
  MONTH TO DATE    1.82                      1.19   0.63     1.66
  SINCE DEC 1      3.23                      4.02  -0.79     5.25
  SINCE JAN 1      1.82                      1.19   0.63     1.66

SNOWFALL (IN)
  YESTERDAY        T            16.1  1983   0.8   -0.8      0.1
  MONTH TO DATE    8.5                      10.9   -2.4      1.1
  SINCE DEC 1     19.8                      28.7   -8.9     30.9
  SINCE JUL 1     21.6                      35.5  -13.9     59.5
  SNOW DEPTH       5

DEGREE DAYS
 HEATING
  YESTERDAY       57                        43     14       42
  MONTH TO DATE  733                       639     94      612
  SINCE DEC 1   2005                      1809    196     1788
  SINCE JUL 1   3403                      3384     19     3137

 COOLING
  YESTERDAY        0                         0      0        0
  MONTH TO DATE    0                         0      0        0
  SINCE DEC 1      0                         0      0        0
  SINCE JAN 1      0                         0      0        0
..................................................................


WIND (MPH)
  HIGHEST WIND SPEED    15   HIGHEST WIND DIRECTION    SE (140)
  HIGHEST GUST SPEED    18   HIGHEST GUST DIRECTION    SE (140)
  AVERAGE WIND SPEED     8.0


SKY COVER
  AVERAGE SKY COVER 0.6


WEATHER CONDITIONS
 THE FOLLOWING WEATHER WAS RECORDED YESTERDAY.
  LIGHT SNOW
  FOG
  HAZE


RELATIVE HUMIDITY (PERCENT)
 HIGHEST    86           300 AM
 LOWEST     73           500 PM
 AVERAGE    80

..........................................................


THE BINGHAMTON NY CLIMATE NORMALS FOR TODAY
                         NORMAL    RECORD    YEAR
 MAXIMUM TEMPERATURE (F)   28        58      1995
 MINIMUM TEMPERATURE (F)   15       -13      1994


SUNRISE AND SUNSET
JANUARY 16 2018.......SUNRISE   730 AM EST   SUNSET   458 PM EST
JANUARY 17 2018.......SUNRISE   729 AM EST   SUNSET   459 PM EST


-  INDICATES NEGATIVE NUMBERS.
R  INDICATES RECORD WAS SET OR TIED.
MM INDICATES DATA IS MISSING.
T  INDICATES TRACE AMOUNT.

$$
