000
CDUS41 KBGM 260528
CLIBGM


CLIMATE REPORT
NATIONAL WEATHER SERVICE BINGHAMTON NY
126 AM EDT TUE SEP 26 2017


...................................

...THE BINGHAMTON NY CLIMATE SUMMARY FOR SEPTEMBER 25 2017...

CLIMATE NORMAL PERIOD 1981 TO 2010
CLIMATE RECORD PERIOD 1951 TO 2017


WEATHER ITEM   OBSERVED TIME   RECORD YEAR NORMAL DEPARTURE LAST
                VALUE   (LST)  VALUE       VALUE  FROM      YEAR
                                                  NORMAL
..................................................................
TEMPERATURE (F)
 YESTERDAY
  MAXIMUM         87R   242 PM  86    2007  65     22       62
  MINIMUM         63    559 AM  31    1989  47     16       41
  AVERAGE         75                        56     19       52

PRECIPITATION (IN)
  YESTERDAY        0.00          2.83 1975   0.12  -0.12     0.00
  MONTH TO DATE    1.16                      3.00  -1.84     0.69
  SINCE SEP 1      1.16                      3.00  -1.84     0.69
  SINCE JAN 1     40.90                     29.21  11.69    24.24

SNOWFALL (IN)
  YESTERDAY        0.0           0.0  2002   0.0    0.0      0.0
                                      2001
                                      2000
  MONTH TO DATE    0.0                       0.0    0.0      0.0
  SINCE SEP 1      0.0                       0.0    0.0      0.0
  SINCE JUL 1      0.0                       0.0    0.0      0.0
  SNOW DEPTH       0

DEGREE DAYS
 HEATING
  YESTERDAY        0                         9     -9       13
  MONTH TO DATE  114                       141    -27       60
  SINCE SEP 1    114                       141    -27       60
  SINCE JUL 1    195                       204     -9       69

 COOLING
  YESTERDAY       10                         0     10        0
  MONTH TO DATE   42                        29     13       48
  SINCE SEP 1     42                        29     13       48
  SINCE JAN 1    313                       377    -64      559
..................................................................


WIND (MPH)
  HIGHEST WIND SPEED     8   HIGHEST WIND DIRECTION    SE (140)
  HIGHEST GUST SPEED    13   HIGHEST GUST DIRECTION    NE (50)
  AVERAGE WIND SPEED     3.5


SKY COVER
  AVERAGE SKY COVER 0.0


WEATHER CONDITIONS
 THE FOLLOWING WEATHER WAS RECORDED YESTERDAY.
  FOG


RELATIVE HUMIDITY (PERCENT)
 HIGHEST   100           400 AM
 LOWEST     42           400 PM
 AVERAGE    71

..........................................................


THE BINGHAMTON NY CLIMATE NORMALS FOR TODAY
                         NORMAL    RECORD    YEAR
 MAXIMUM TEMPERATURE (F)   64        84      2007
 MINIMUM TEMPERATURE (F)   47        34      1978
                                             1957


SUNRISE AND SUNSET
SEPTEMBER 26 2017.....SUNRISE   656 AM EDT   SUNSET   654 PM EDT
SEPTEMBER 27 2017.....SUNRISE   657 AM EDT   SUNSET   652 PM EDT


-  INDICATES NEGATIVE NUMBERS.
R  INDICATES RECORD WAS SET OR TIED.
MM INDICATES DATA IS MISSING.
T  INDICATES TRACE AMOUNT.

$$
