000
CDUS41 KBGM 270551
CLIBGM


CLIMATE REPORT
NATIONAL WEATHER SERVICE BINGHAMTON NY
150 AM EDT THU JUL 27 2017


...................................

...THE BINGHAMTON NY CLIMATE SUMMARY FOR JULY 26 2017...

CLIMATE NORMAL PERIOD 1981 TO 2010
CLIMATE RECORD PERIOD 1951 TO 2017


WEATHER ITEM   OBSERVED TIME   RECORD YEAR NORMAL DEPARTURE LAST
                VALUE   (LST)  VALUE       VALUE  FROM      YEAR
                                                  NORMAL
..................................................................
TEMPERATURE (F)
 YESTERDAY
  MAXIMUM         70    500 PM  93    2005  78     -8       82
  MINIMUM         57    220 AM  48    1976  60     -3       64
  AVERAGE         64                        69     -5       73

PRECIPITATION (IN)
  YESTERDAY        0.01          1.26 1988   0.12  -0.11     0.00
  MONTH TO DATE    6.89                      3.11   3.78     1.48
  SINCE JUN 1     12.63                      7.42   5.21     4.52
  SINCE JAN 1     37.08                     22.17  14.91    16.91

SNOWFALL (IN)
  YESTERDAY        0.0           T    2015   0.0    0.0      0.0
  MONTH TO DATE    0.0                       0.0    0.0      0.0
  SINCE JUN 1      T                         0.0    0.0      0.0
  SINCE JUL 1      0.0                       0.0    0.0      0.0
  SNOW DEPTH       0

DEGREE DAYS
 HEATING
  YESTERDAY        1                         1      0        0
  MONTH TO DATE    6                        26    -20        3
  SINCE JUN 1    101                       117    -16       72
  SINCE JUL 1      6                        26    -20        3

 COOLING
  YESTERDAY        0                         5     -5        8
  MONTH TO DATE   99                       121    -22      184
  SINCE JUN 1    172                       195    -23      247
  SINCE JAN 1    193                       218    -25      293
..................................................................


WIND (MPH)
  HIGHEST WIND SPEED    12   HIGHEST WIND DIRECTION    SW (230)
  HIGHEST GUST SPEED    16   HIGHEST GUST DIRECTION    SE (150)
  AVERAGE WIND SPEED     5.3


SKY COVER
  AVERAGE SKY COVER 0.7


WEATHER CONDITIONS
 THE FOLLOWING WEATHER WAS RECORDED YESTERDAY.
  LIGHT RAIN
  FOG


RELATIVE HUMIDITY (PERCENT)
 HIGHEST   100          1200 AM
 LOWEST     66           300 PM
 AVERAGE    83

..........................................................


THE BINGHAMTON NY CLIMATE NORMALS FOR TODAY
                         NORMAL    RECORD    YEAR
 MAXIMUM TEMPERATURE (F)   78        90      1955
 MINIMUM TEMPERATURE (F)   60        48      2001
                                             1962


SUNRISE AND SUNSET
JULY 27 2017..........SUNRISE   552 AM EDT   SUNSET   828 PM EDT
JULY 28 2017..........SUNRISE   553 AM EDT   SUNSET   827 PM EDT


-  INDICATES NEGATIVE NUMBERS.
R  INDICATES RECORD WAS SET OR TIED.
MM INDICATES DATA IS MISSING.
T  INDICATES TRACE AMOUNT.




$$
