000
CDUS41 KBGM 022118
CLIBGM


CLIMATE REPORT
NATIONAL WEATHER SERVICE BINGHAMTON NY
518 PM EDT THU JUL 2 2015


...................................

...THE BINGHAMTON NY CLIMATE SUMMARY FOR JULY 2 2015...
VALID TODAY AS OF 0500 PM LOCAL TIME.

CLIMATE NORMAL PERIOD 1981 TO 2010
CLIMATE RECORD PERIOD 1951 TO 2015


WEATHER ITEM   OBSERVED TIME   RECORD YEAR NORMAL DEPARTURE LAST
                VALUE   (LST)  VALUE       VALUE  FROM      YEAR
                                                  NORMAL
..................................................................
TEMPERATURE (F)
 TODAY
  MAXIMUM         72    338 PM  92    1966  77     -5       82
  MINIMUM         56    428 AM  45    2001  59     -3       69
  AVERAGE         64                        68     -4       76

PRECIPITATION (IN)
  TODAY            0.00          1.43 1961   0.12  -0.12     0.10
  MONTH TO DATE    0.69                      0.24   0.45     0.10
  SINCE JUN 1     10.43                      4.55   5.88     4.47
  SINCE JAN 1     23.98                     19.30   4.68    19.83

SNOWFALL (IN)
  TODAY            0.0           0.0  2002   0.0    0.0      0.0
                                      2000
                                      2001
  MONTH TO DATE    0.0                       0.0    0.0      0.0
  SINCE JUN 1      0.0                       0.0    0.0      0.0
  SINCE JUL 1      0.0                       0.0    0.0      0.0
  SNOW DEPTH       0

DEGREE DAYS
 HEATING
  TODAY            1                         1      0        0
  MONTH TO DATE    1                         2     -1        0
  SINCE JUN 1     78                        93    -15       45
  SINCE JUL 1      1                         2     -1        0

 COOLING
  TODAY            0                         4     -4       11
  MONTH TO DATE    1                         8     -7       24
  SINCE JUN 1     51                        82    -31      109
  SINCE JAN 1    124                       105     19      134
..................................................................


WIND (MPH)
  HIGHEST WIND SPEED    13   HIGHEST WIND DIRECTION     N (360)
  HIGHEST GUST SPEED    17   HIGHEST GUST DIRECTION     N (350)
  AVERAGE WIND SPEED     4.9


SKY COVER
  AVERAGE SKY COVER 0.7


WEATHER CONDITIONS
 THE FOLLOWING WEATHER WAS RECORDED TODAY.
  FOG


RELATIVE HUMIDITY (PERCENT)
 HIGHEST   100           600 AM
 LOWEST     53           300 PM
 AVERAGE    77

..........................................................


THE BINGHAMTON NY CLIMATE NORMALS FOR TOMORROW
                         NORMAL    RECORD    YEAR
 MAXIMUM TEMPERATURE (F)   77        95      1966
 MINIMUM TEMPERATURE (F)   59        47      2001


SUNRISE AND SUNSET
JULY  2 2015..........SUNRISE   532 AM EDT   SUNSET   844 PM EDT
JULY  3 2015..........SUNRISE   532 AM EDT   SUNSET   844 PM EDT


-  INDICATES NEGATIVE NUMBERS.
R  INDICATES RECORD WAS SET OR TIED.
MM INDICATES DATA IS MISSING.
T  INDICATES TRACE AMOUNT.




$$
