000
CDUS41 KBGM 160542
CLIBGM


CLIMATE REPORT
NATIONAL WEATHER SERVICE BINGHAMTON NY
142 AM EDT WED APR 16 2014


...................................

...THE BINGHAMTON NY CLIMATE SUMMARY FOR APRIL 15 2014...

CLIMATE NORMAL PERIOD 1981 TO 2010
CLIMATE RECORD PERIOD 1951 TO 2014


WEATHER ITEM   OBSERVED TIME   RECORD YEAR NORMAL DEPARTURE LAST
                VALUE   (LST)  VALUE       VALUE  FROM      YEAR
                                                  NORMAL
..................................................................
TEMPERATURE (F)
 YESTERDAY
  MAXIMUM         61    634 AM  83    1994  54      7       64
  MINIMUM         24   1159 PM  21    1957  36    -12       34
  AVERAGE         43                        45     -2       49

PRECIPITATION (IN)
  YESTERDAY        0.65          1.95 1983   0.12   0.53     0.00
  MONTH TO DATE    1.67                      1.77  -0.10     1.67
  SINCE MAR 1      4.35                      4.76  -0.41     3.57
  SINCE JAN 1     10.04                      9.52   0.52     8.12

SNOWFALL (IN)
  YESTERDAY        0.9           1.9  2007   0.1    0.8      0.0
  MONTH TO DATE    0.9                       2.9   -2.0      0.9
  SINCE MAR 1      2.8                      18.0  -15.2     15.3
  SINCE JUL 1     85.3                      81.9    3.4     69.1
  SNOW DEPTH       0

DEGREE DAYS
 HEATING
  YESTERDAY       22                        20      2       16
  MONTH TO DATE  289                       346    -57      365
  SINCE MAR 1   1489                      1343    146     1436
  SINCE JUL 1   6960                      6542    418     6320

 COOLING
  YESTERDAY        0                         0      0        0
  MONTH TO DATE    2                         0      2        0
  SINCE MAR 1      2                         0      2        0
  SINCE JAN 1      2                         0      2        0
..................................................................


WIND (MPH)
  HIGHEST WIND SPEED    23   HIGHEST WIND DIRECTION    NW (330)
  HIGHEST GUST SPEED    32   HIGHEST GUST DIRECTION    NW (310)
  AVERAGE WIND SPEED    12.6


SKY COVER
  AVERAGE SKY COVER 0.9


WEATHER CONDITIONS
 THE FOLLOWING WEATHER WAS RECORDED YESTERDAY.
  HEAVY RAIN
  RAIN
  LIGHT RAIN
  SNOW
  LIGHT SNOW
  FOG


RELATIVE HUMIDITY (PERCENT)
 HIGHEST    93           800 AM
 LOWEST     72           200 AM
 AVERAGE    83

..........................................................


THE BINGHAMTON NY CLIMATE NORMALS FOR TODAY
                         NORMAL    RECORD    YEAR
 MAXIMUM TEMPERATURE (F)   55        85      2002
 MINIMUM TEMPERATURE (F)   36        24      1980
                                             1962


SUNRISE AND SUNSET
APRIL 16 2014.........SUNRISE   622 AM EDT   SUNSET   746 PM EDT
APRIL 17 2014.........SUNRISE   620 AM EDT   SUNSET   748 PM EDT


-  INDICATES NEGATIVE NUMBERS.
R  INDICATES RECORD WAS SET OR TIED.
MM INDICATES DATA IS MISSING.
T  INDICATES TRACE AMOUNT.




$$
