000
CDUS41 KBGM 150544
CLIBGM


CLIMATE REPORT
NATIONAL WEATHER SERVICE BINGHAMTON NY
143 AM EDT FRI SEP 15 2017


...................................

...THE BINGHAMTON NY CLIMATE SUMMARY FOR SEPTEMBER 14 2017...

CLIMATE NORMAL PERIOD 1981 TO 2010
CLIMATE RECORD PERIOD 1951 TO 2017


WEATHER ITEM   OBSERVED TIME   RECORD YEAR NORMAL DEPARTURE LAST
                VALUE   (LST)  VALUE       VALUE  FROM      YEAR
                                                  NORMAL
..................................................................
TEMPERATURE (F)
 YESTERDAY
  MAXIMUM         69   1219 PM  89    1952  69      0       74
  MINIMUM         61   1159 PM  33    1963  51     10       50
  AVERAGE         65                        60      5       62

PRECIPITATION (IN)
  YESTERDAY        0.01          1.38 1977   0.12  -0.11     0.00
  MONTH TO DATE    0.96                      1.63  -0.67     0.14
  SINCE SEP 1      0.96                      1.63  -0.67     0.14
  SINCE JAN 1     40.70                     27.84  12.86    23.69

SNOWFALL (IN)
  YESTERDAY        0.0           0.0  2002   0.0    0.0      0.0
                                      2001
                                      2000
  MONTH TO DATE    0.0                       0.0    0.0      0.0
  SINCE SEP 1      0.0                       0.0    0.0      0.0
  SINCE JUL 1      0.0                       0.0    0.0      0.0
  SNOW DEPTH       0

DEGREE DAYS
 HEATING
  YESTERDAY        0                         6     -6        3
  MONTH TO DATE  114                        57     57       19
  SINCE SEP 1    114                        57     57       19
  SINCE JUL 1    195                       120     75       28

 COOLING
  YESTERDAY        0                         1     -1        0
  MONTH TO DATE    0                        21    -21       37
  SINCE SEP 1      0                        21    -21       37
  SINCE JAN 1    271                       369    -98      548
..................................................................


WIND (MPH)
  HIGHEST WIND SPEED    10   HIGHEST WIND DIRECTION    SW (210)
  HIGHEST GUST SPEED    13   HIGHEST GUST DIRECTION    SW (220)
  AVERAGE WIND SPEED     4.8


SKY COVER
  AVERAGE SKY COVER 1.0


WEATHER CONDITIONS
 THE FOLLOWING WEATHER WAS RECORDED YESTERDAY.
  THUNDERSTORM
  LIGHT RAIN
  FOG


RELATIVE HUMIDITY (PERCENT)
 HIGHEST   100           200 AM
 LOWEST     81          1100 AM
 AVERAGE    91

..........................................................


THE BINGHAMTON NY CLIMATE NORMALS FOR TODAY
                         NORMAL    RECORD    YEAR
 MAXIMUM TEMPERATURE (F)   69        82      1958
 MINIMUM TEMPERATURE (F)   51        36      2013


SUNRISE AND SUNSET
SEPTEMBER 15 2017.....SUNRISE   644 AM EDT   SUNSET   713 PM EDT
SEPTEMBER 16 2017.....SUNRISE   645 AM EDT   SUNSET   711 PM EDT


-  INDICATES NEGATIVE NUMBERS.
R  INDICATES RECORD WAS SET OR TIED.
MM INDICATES DATA IS MISSING.
T  INDICATES TRACE AMOUNT.




$$
