000
CDUS41 KBGM 092218
CLIBGM


CLIMATE REPORT
NATIONAL WEATHER SERVICE BINGHAMTON NY
517 PM EST TUE JAN 9 2018


...................................

...THE BINGHAMTON NY CLIMATE SUMMARY FOR JANUARY 9 2018...
VALID TODAY AS OF 0500 PM LOCAL TIME.

CLIMATE NORMAL PERIOD 1981 TO 2010
CLIMATE RECORD PERIOD 1951 TO 2018


WEATHER ITEM   OBSERVED TIME   RECORD YEAR NORMAL DEPARTURE LAST
                VALUE   (LST)  VALUE       VALUE  FROM      YEAR
                                                  NORMAL
..................................................................
TEMPERATURE (F)
 TODAY
  MAXIMUM         33    415 AM  56    2008  29      4       16
                                      1998
  MINIMUM         28    459 PM -15    1968  16     12        2
  AVERAGE         31                        22      9        9

PRECIPITATION (IN)
  TODAY            T             0.84 1999   0.07  -0.07      T
  MONTH TO DATE    0.10                      0.71  -0.61     0.64
  SINCE DEC 1      1.51                      3.54  -2.03     4.23
  SINCE JAN 1      0.10                      0.71  -0.61     0.64

SNOWFALL (IN)
  TODAY            T             6.3  1974   0.7   -0.7       T
  MONTH TO DATE    3.3                       6.3   -3.0      0.7
  SINCE DEC 1     14.6                      24.1   -9.5     30.5
  SINCE JUL 1     16.4                      30.9  -14.5     59.1
  SNOW DEPTH       4

DEGREE DAYS
 HEATING
  TODAY           34                        43     -9       56
  MONTH TO DATE  489                       381    108      395
  SINCE DEC 1   1761                      1551    210     1571
  SINCE JUL 1   3159                      3126     33     2920

 COOLING
  TODAY            0                         0      0        0
  MONTH TO DATE    0                         0      0        0
  SINCE DEC 1      0                         0      0        0
  SINCE JAN 1      0                         0      0        0
..................................................................


WIND (MPH)
  HIGHEST WIND SPEED    23   HIGHEST WIND DIRECTION    NW (300)
  HIGHEST GUST SPEED    32   HIGHEST GUST DIRECTION     W (290)
  AVERAGE WIND SPEED    11.4


SKY COVER
  AVERAGE SKY COVER 0.9


WEATHER CONDITIONS
 THE FOLLOWING WEATHER WAS RECORDED TODAY.
  LIGHT SNOW
  HAZE


RELATIVE HUMIDITY (PERCENT)
 HIGHEST    85          1200 AM
 LOWEST     63           400 AM
 AVERAGE    74

..........................................................


THE BINGHAMTON NY CLIMATE NORMALS FOR TOMORROW
                         NORMAL    RECORD    YEAR
 MAXIMUM TEMPERATURE (F)   29        49      2016
 MINIMUM TEMPERATURE (F)   16       -14      2004


SUNRISE AND SUNSET
JANUARY  9 2018.......SUNRISE   732 AM EST   SUNSET   450 PM EST
JANUARY 10 2018.......SUNRISE   732 AM EST   SUNSET   451 PM EST


-  INDICATES NEGATIVE NUMBERS.
R  INDICATES RECORD WAS SET OR TIED.
MM INDICATES DATA IS MISSING.
T  INDICATES TRACE AMOUNT.




$$
