000
CDUS41 KBGM 260602
CLIBGM


CLIMATE REPORT
NATIONAL WEATHER SERVICE BINGHAMTON NY
201 AM EDT TUE APR 26 2016


...................................

...THE BINGHAMTON NY CLIMATE SUMMARY FOR APRIL 25 2016...

CLIMATE NORMAL PERIOD 1981 TO 2010
CLIMATE RECORD PERIOD 1951 TO 2016


WEATHER ITEM   OBSERVED TIME   RECORD YEAR NORMAL DEPARTURE LAST
                VALUE   (LST)  VALUE       VALUE  FROM      YEAR
                                                  NORMAL
..................................................................
TEMPERATURE (F)
 YESTERDAY
  MAXIMUM         61    255 PM  85    2009  58      3       49
  MINIMUM         42    326 AM  25    1967  39      3       26
  AVERAGE         52                        49      3       38

PRECIPITATION (IN)
  YESTERDAY        0.01          0.99 1976   0.11  -0.10     0.00
  MONTH TO DATE    2.32                      2.87  -0.55     4.20
  SINCE MAR 1      3.72                      5.86  -2.14     6.19
  SINCE JAN 1      9.03                     10.62  -1.59    10.13

SNOWFALL (IN)
  YESTERDAY        0.0           2.4  1983   0.1   -0.1      0.0
  MONTH TO DATE    9.3                       4.0    5.3      2.8
  SINCE MAR 1     10.3                      19.1   -8.8     17.6
  SINCE JUL 1     32.0                      83.0  -51.0     93.4
  SNOW DEPTH       0

DEGREE DAYS
 HEATING
  YESTERDAY       13                        16     -3       27
  MONTH TO DATE  574                       526     48      522
  SINCE MAR 1   1345                      1523   -178     1692
  SINCE JUL 1   5703                      6722  -1019     7224

 COOLING
  YESTERDAY        0                         0      0        0
  MONTH TO DATE    0                         0      0        0
  SINCE MAR 1      0                         0      0        0
  SINCE JAN 1      0                         0      0        0
..................................................................


WIND (MPH)
  HIGHEST WIND SPEED    12   HIGHEST WIND DIRECTION     E (70)
  HIGHEST GUST SPEED    15   HIGHEST GUST DIRECTION     E (100)
  AVERAGE WIND SPEED     4.3


SKY COVER
  AVERAGE SKY COVER 0.8


WEATHER CONDITIONS
 THE FOLLOWING WEATHER WAS RECORDED YESTERDAY.
  LIGHT RAIN


RELATIVE HUMIDITY (PERCENT)
 HIGHEST    61          1000 PM
 LOWEST     35          1200 PM
 AVERAGE    48

..........................................................


THE BINGHAMTON NY CLIMATE NORMALS FOR TODAY
                         NORMAL    RECORD    YEAR
 MAXIMUM TEMPERATURE (F)   59        84      1962
 MINIMUM TEMPERATURE (F)   40        26      1967


SUNRISE AND SUNSET
APRIL 26 2016.........SUNRISE   606 AM EDT   SUNSET   758 PM EDT
APRIL 27 2016.........SUNRISE   604 AM EDT   SUNSET   759 PM EDT


-  INDICATES NEGATIVE NUMBERS.
R  INDICATES RECORD WAS SET OR TIED.
MM INDICATES DATA IS MISSING.
T  INDICATES TRACE AMOUNT.




$$
