000
CDUS41 KBGM 102222
CLIBGM


CLIMATE REPORT
NATIONAL WEATHER SERVICE BINGHAMTON NY
522 PM EST FRI NOV 10 2017


...................................

...THE BINGHAMTON NY CLIMATE SUMMARY FOR NOVEMBER 10 2017...
VALID TODAY AS OF 0500 PM LOCAL TIME.

CLIMATE NORMAL PERIOD 1981 TO 2010
CLIMATE RECORD PERIOD 1951 TO 2017


WEATHER ITEM   OBSERVED TIME   RECORD YEAR NORMAL DEPARTURE LAST
                VALUE   (LST)  VALUE       VALUE  FROM      YEAR
                                                  NORMAL
..................................................................
TEMPERATURE (F)
 TODAY
  MAXIMUM         34   1258 AM  65    1975  48    -14       53
  MINIMUM         17R   459 PM  18    1956  33    -16       31
  AVERAGE         26                        40    -14       42

PRECIPITATION (IN)
  TODAY            0.01          1.65 2015   0.10  -0.09     0.00
  MONTH TO DATE    0.97                      1.10  -0.13     0.27
  SINCE SEP 1      6.36                      8.06  -1.70     7.13
  SINCE JAN 1     46.10                     34.27  11.83    30.68

SNOWFALL (IN)
  TODAY            1.0           3.8  1955   0.1    0.9      0.0
  MONTH TO DATE    1.0                       1.1   -0.1      0.0
  SINCE SEP 1      1.0                       2.1   -1.1      1.0
  SINCE JUL 1      1.0                       2.1   -1.1      1.0
  SNOW DEPTH       T

DEGREE DAYS
 HEATING
  TODAY           39                        25     14       23
  MONTH TO DATE  242                       232     10      205
  SINCE SEP 1    719                       941   -222      807
  SINCE JUL 1    800                      1004   -204      816

 COOLING
  TODAY            0                         0      0        0
  MONTH TO DATE    0                         0      0        0
  SINCE SEP 1     78                        33     45       52
  SINCE JAN 1    349                       381    -32      563
..................................................................


WIND (MPH)
  HIGHEST WIND SPEED    26   HIGHEST WIND DIRECTION     N (340)
  HIGHEST GUST SPEED    37   HIGHEST GUST DIRECTION    NW (310)
  AVERAGE WIND SPEED    16.0


SKY COVER
  AVERAGE SKY COVER 0.7


WEATHER CONDITIONS
 THE FOLLOWING WEATHER WAS RECORDED TODAY.
  HEAVY SNOW
  SNOW
  LIGHT SNOW
  FOG
  HAZE


RELATIVE HUMIDITY (PERCENT)
 HIGHEST    85           200 AM
 LOWEST     49          1200 PM
 AVERAGE    67

..........................................................


THE BINGHAMTON NY CLIMATE NORMALS FOR TOMORROW
                         NORMAL    RECORD    YEAR
 MAXIMUM TEMPERATURE (F)   47        68      2012
 MINIMUM TEMPERATURE (F)   33        16      1956


SUNRISE AND SUNSET
NOVEMBER 10 2017......SUNRISE   648 AM EST   SUNSET   447 PM EST
NOVEMBER 11 2017......SUNRISE   650 AM EST   SUNSET   446 PM EST


-  INDICATES NEGATIVE NUMBERS.
R  INDICATES RECORD WAS SET OR TIED.
MM INDICATES DATA IS MISSING.
T  INDICATES TRACE AMOUNT.




$$
