000
CDUS41 KBGM 210746
CLIBGM


CLIMATE REPORT
NATIONAL WEATHER SERVICE BINGHAMTON NY
346 AM EDT THU APR 21 2016


...................................

...THE BINGHAMTON NY CLIMATE SUMMARY FOR APRIL 20 2016...

CLIMATE NORMAL PERIOD 1981 TO 2010
CLIMATE RECORD PERIOD 1951 TO 2016


WEATHER ITEM   OBSERVED TIME   RECORD YEAR NORMAL DEPARTURE LAST
                VALUE   (LST)  VALUE       VALUE  FROM      YEAR
                                                  NORMAL
..................................................................
TEMPERATURE (F)
 YESTERDAY
  MAXIMUM         64    459 PM  80    1954  56      8       58
  MINIMUM         37    541 AM  24    1988  38     -1       41
                                      1953
  AVERAGE         51                        47      4       50

PRECIPITATION (IN)
  YESTERDAY        0.00          0.78 1964   0.10  -0.10     0.74
  MONTH TO DATE    2.21                      2.32  -0.11     3.42
  SINCE MAR 1      3.61                      5.31  -1.70     5.41
  SINCE JAN 1      8.92                     10.07  -1.15     9.35

SNOWFALL (IN)
  YESTERDAY        0.0           5.2  1983   0.1   -0.1      0.0
  MONTH TO DATE    9.3                       3.5    5.8      2.3
  SINCE MAR 1     10.3                      18.6   -8.3     17.1
  SINCE JUL 1     32.0                      82.5  -50.5     92.9
  SNOW DEPTH       0

DEGREE DAYS
 HEATING
  YESTERDAY       14                        18     -4       15
  MONTH TO DATE  506                       441     65      388
  SINCE MAR 1   1277                      1438   -161     1558
  SINCE JUL 1   5635                      6637  -1002     7090

 COOLING
  YESTERDAY        0                         0      0        0
  MONTH TO DATE    0                         0      0        0
  SINCE MAR 1      0                         0      0        0
  SINCE JAN 1      0                         0      0        0
..................................................................


WIND (MPH)
  HIGHEST WIND SPEED    15   HIGHEST WIND DIRECTION     N (10)
  HIGHEST GUST SPEED    19   HIGHEST GUST DIRECTION     N (20)
  AVERAGE WIND SPEED     7.4


SKY COVER
  AVERAGE SKY COVER 0.0


WEATHER CONDITIONS
 THE FOLLOWING WEATHER WAS RECORDED YESTERDAY.
  NO SIGNIFICANT WEATHER WAS OBSERVED.


RELATIVE HUMIDITY (PERCENT)
 HIGHEST    64           400 AM
 LOWEST     14           300 PM
 AVERAGE    39

..........................................................


THE BINGHAMTON NY CLIMATE NORMALS FOR TODAY
                         NORMAL    RECORD    YEAR
 MAXIMUM TEMPERATURE (F)   57        82      1985
                                             1976
 MINIMUM TEMPERATURE (F)   38        21      1956


SUNRISE AND SUNSET
APRIL 21 2016.........SUNRISE   613 AM EDT   SUNSET   753 PM EDT
APRIL 22 2016.........SUNRISE   612 AM EDT   SUNSET   754 PM EDT


-  INDICATES NEGATIVE NUMBERS.
R  INDICATES RECORD WAS SET OR TIED.
MM INDICATES DATA IS MISSING.
T  INDICATES TRACE AMOUNT.




$$
