000
CDUS41 KBGM 230526
CLIBGM


CLIMATE REPORT
NATIONAL WEATHER SERVICE BINGHAMTON NY
1225 AM EST THU FEB 23 2017


...................................

...THE BINGHAMTON NY CLIMATE SUMMARY FOR FEBRUARY 22 2017...

CLIMATE NORMAL PERIOD 1981 TO 2010
CLIMATE RECORD PERIOD 1951 TO 2017


WEATHER ITEM   OBSERVED TIME   RECORD YEAR NORMAL DEPARTURE LAST
                VALUE   (LST)  VALUE       VALUE  FROM      YEAR
                                                  NORMAL
..................................................................
TEMPERATURE (F)
 YESTERDAY
  MAXIMUM         57        MM  60    1997  34     23       36
  MINIMUM         35        MM  -5    1963  19     16       21
  AVERAGE         46                        26     20       29

PRECIPITATION (IN)
  YESTERDAY        T             0.64 1974   0.08  -0.08     0.00
  MONTH TO DATE    1.85                      1.78   0.07     2.73
  SINCE DEC 1      9.23                      7.06   2.17     7.65
  SINCE JAN 1      5.64                      4.23   1.41     4.04

SNOWFALL (IN)
  YESTERDAY        0.0           2.9  1980   0.6   -0.6      0.0
  MONTH TO DATE   22.9                      13.4    9.5      7.3
  SINCE DEC 1     64.7                      53.4   11.3     19.7
  SINCE JUL 1     93.3                      60.2   33.1     20.8
  SNOW DEPTH       0

DEGREE DAYS
 HEATING
  YESTERDAY       19                        39    -20       36
  MONTH TO DATE  805                       899    -94      860
  SINCE DEC 1   3138                      3396   -258     2868
  SINCE JUL 1   4487                      4971   -484     4138

 COOLING
  YESTERDAY        0                         0      0        0
  MONTH TO DATE    0                         0      0        0
  SINCE DEC 1      0                         0      0        0
  SINCE JAN 1      0                         0      0        0
..................................................................


WIND (MPH)
  HIGHEST WIND SPEED    10   HIGHEST WIND DIRECTION     S (200)
  HIGHEST GUST SPEED    MM   HIGHEST GUST DIRECTION    MM
  AVERAGE WIND SPEED     4.9


SKY COVER
  AVERAGE SKY COVER 0.6


WEATHER CONDITIONS
 THE FOLLOWING WEATHER WAS RECORDED YESTERDAY.
  NO SIGNIFICANT WEATHER WAS OBSERVED.


RELATIVE HUMIDITY (PERCENT)
 HIGHEST    77           800 PM
 LOWEST     54           100 PM
 AVERAGE    66

..........................................................


THE BINGHAMTON NY CLIMATE NORMALS FOR TODAY
                         NORMAL    RECORD    YEAR
 MAXIMUM TEMPERATURE (F)   34        60      1985
 MINIMUM TEMPERATURE (F)   19        -7      2015


SUNRISE AND SUNSET
FEBRUARY 23 2017......SUNRISE   648 AM EST   SUNSET   547 PM EST
FEBRUARY 24 2017......SUNRISE   647 AM EST   SUNSET   548 PM EST


-  INDICATES NEGATIVE NUMBERS.
R  INDICATES RECORD WAS SET OR TIED.
MM INDICATES DATA IS MISSING.
T  INDICATES TRACE AMOUNT.




$$
