000
CDUS41 KBGM 190643
CLIBGM


CLIMATE REPORT
NATIONAL WEATHER SERVICE BINGHAMTON NY
242 AM EDT MON JUN 19 2017


...................................

...THE BINGHAMTON NY CLIMATE SUMMARY FOR JUNE 18 2017...

CLIMATE NORMAL PERIOD 1981 TO 2010
CLIMATE RECORD PERIOD 1951 TO 2017


WEATHER ITEM   OBSERVED TIME   RECORD YEAR NORMAL DEPARTURE LAST
                VALUE   (LST)  VALUE       VALUE  FROM      YEAR
                                                  NORMAL
..................................................................
TEMPERATURE (F)
 YESTERDAY
  MAXIMUM         83    343 PM  92    1957  74      9       82
  MINIMUM         66   1021 PM  43    1986  56     10       56
  AVERAGE         75                        65     10       69

PRECIPITATION (IN)
  YESTERDAY        0.86          1.17 2009   0.15   0.71     0.00
  MONTH TO DATE    3.69                      2.61   1.08     1.80
  SINCE JUN 1      3.69                      2.61   1.08     1.80
  SINCE JAN 1     28.14                     17.36  10.78    14.19

SNOWFALL (IN)
  YESTERDAY        0.0           0.0  2002   0.0    0.0      0.0
                                      2001
  MONTH TO DATE    0.0                       0.0    0.0      0.0
  SINCE JUN 1      0.0                       0.0    0.0      0.0
  SINCE JUL 1    135.2                      83.4   51.8     32.0
  SNOW DEPTH       0

DEGREE DAYS
 HEATING
  YESTERDAY        0                         2     -2        0
  MONTH TO DATE   75                        71      4       68
  SINCE JUN 1     75                        71      4       68
  SINCE JUL 1   6591                      7175   -584     6197

 COOLING
  YESTERDAY       10                         3      7        4
  MONTH TO DATE   48                        35     13       18
  SINCE JUN 1     48                        35     13       18
  SINCE JAN 1     69                        58     11       64
..................................................................


WIND (MPH)
  HIGHEST WIND SPEED    28   HIGHEST WIND DIRECTION     W (270)
  HIGHEST GUST SPEED    36   HIGHEST GUST DIRECTION     W (270)
  AVERAGE WIND SPEED    10.2


SKY COVER
  AVERAGE SKY COVER 0.7


WEATHER CONDITIONS
 THE FOLLOWING WEATHER WAS RECORDED YESTERDAY.
  THUNDERSTORM
  HEAVY RAIN
  RAIN
  LIGHT RAIN
  FOG
  HAZE


RELATIVE HUMIDITY (PERCENT)
 HIGHEST   100          1000 PM
 LOWEST     63           400 PM
 AVERAGE    82

..........................................................


THE BINGHAMTON NY CLIMATE NORMALS FOR TODAY
                         NORMAL    RECORD    YEAR
 MAXIMUM TEMPERATURE (F)   75        90      2007
 MINIMUM TEMPERATURE (F)   56        44      1956


SUNRISE AND SUNSET
JUNE 19 2017..........SUNRISE   527 AM EDT   SUNSET   843 PM EDT
JUNE 20 2017..........SUNRISE   528 AM EDT   SUNSET   844 PM EDT


-  INDICATES NEGATIVE NUMBERS.
R  INDICATES RECORD WAS SET OR TIED.
MM INDICATES DATA IS MISSING.
T  INDICATES TRACE AMOUNT.




$$
