000
CDUS41 KBGM 160540
CLIBGM


CLIMATE REPORT
NATIONAL WEATHER SERVICE BINGHAMTON NY
140 AM EDT THU OCT 16 2014


...................................

...THE BINGHAMTON NY CLIMATE SUMMARY FOR OCTOBER 15 2014...

CLIMATE NORMAL PERIOD 1981 TO 2010
CLIMATE RECORD PERIOD 1951 TO 2014


WEATHER ITEM   OBSERVED TIME   RECORD YEAR NORMAL DEPARTURE LAST
                VALUE   (LST)  VALUE       VALUE  FROM      YEAR
                                                  NORMAL
..................................................................
TEMPERATURE (F)
 YESTERDAY
  MAXIMUM         68   1008 AM  78    1956  57     11       69
  MINIMUM         60    655 PM  28    1999  40     20       52
                                      1996
  AVERAGE         64                        49     15       61

PRECIPITATION (IN)
  YESTERDAY        1.94          3.38 1955   0.11   1.83     0.00
  MONTH TO DATE    2.43                      1.67   0.76     1.66
  SINCE SEP 1      4.34                      5.30  -0.96     4.57
  SINCE JAN 1     33.37                     31.51   1.86    34.86

SNOWFALL (IN)
  YESTERDAY        0.0           T    1995   0.1   -0.1      0.0
  MONTH TO DATE    0.0                       0.2   -0.2      0.0
  SINCE SEP 1      0.0                       0.2   -0.2      0.0
  SINCE JUL 1      T                         0.2   -0.2      0.0
  SNOW DEPTH       0

DEGREE DAYS
 HEATING
  YESTERDAY        1                        16    -15        4
  MONTH TO DATE  160                       210    -50       88
  SINCE SEP 1    321                       404    -83      329
  SINCE JUL 1    387                       467    -80      380

 COOLING
  YESTERDAY        0                         0      0        0
  MONTH TO DATE    1                         0      1       12
  SINCE SEP 1     39                        31      8       53
  SINCE JAN 1    341                       379    -38      480
..................................................................


WIND (MPH)
  HIGHEST WIND SPEED    24   HIGHEST WIND DIRECTION     W (250)
  HIGHEST GUST SPEED    32   HIGHEST GUST DIRECTION    SE (150)
  AVERAGE WIND SPEED    10.4


SKY COVER
  AVERAGE SKY COVER 1.0


WEATHER CONDITIONS
 THE FOLLOWING WEATHER WAS RECORDED YESTERDAY.
  HEAVY RAIN
  RAIN
  LIGHT RAIN
  FOG
  FOG W/VISIBILITY <= 1/4 MILE


RELATIVE HUMIDITY (PERCENT)
 HIGHEST   100           500 PM
 LOWEST     76          1200 AM
 AVERAGE    88

..........................................................


THE BINGHAMTON NY CLIMATE NORMALS FOR TODAY
                         NORMAL    RECORD    YEAR
 MAXIMUM TEMPERATURE (F)   57        79      1956
 MINIMUM TEMPERATURE (F)   40        30      2009


SUNRISE AND SUNSET
OCTOBER 16 2014.......SUNRISE   718 AM EDT   SUNSET   621 PM EDT
OCTOBER 17 2014.......SUNRISE   719 AM EDT   SUNSET   619 PM EDT


-  INDICATES NEGATIVE NUMBERS.
R  INDICATES RECORD WAS SET OR TIED.
MM INDICATES DATA IS MISSING.
T  INDICATES TRACE AMOUNT.




$$
