000
CDUS41 KBGM 272223
CLIBGM


CLIMATE REPORT
NATIONAL WEATHER SERVICE BINGHAMTON NY
523 PM EST FRI FEB 27 2015


...................................

...THE BINGHAMTON NY CLIMATE SUMMARY FOR FEBRUARY 27 2015...
VALID TODAY AS OF 0500 PM LOCAL TIME.

CLIMATE NORMAL PERIOD 1981 TO 2010
CLIMATE RECORD PERIOD 1951 TO 2015


WEATHER ITEM   OBSERVED TIME   RECORD YEAR NORMAL DEPARTURE LAST
                VALUE   (LST)  VALUE       VALUE  FROM      YEAR
                                                  NORMAL
..................................................................
TEMPERATURE (F)
 TODAY
  MAXIMUM         16    305 PM  62    1997  35    -19       19
  MINIMUM          1    728 AM  -5    1963  20    -19        0
  AVERAGE          9                        27    -18       10

PRECIPITATION (IN)
  TODAY            T             0.85 1997   0.09  -0.09     0.01
  MONTH TO DATE    2.01                      2.22  -0.21     2.75
  SINCE DEC 1      7.24                      7.50  -0.26     9.13
  SINCE JAN 1      3.94                      4.67  -0.73     5.69

SNOWFALL (IN)
  TODAY            T            11.0  2007   0.6   -0.6      0.2
  MONTH TO DATE   32.9                      16.5   16.4     26.1
  SINCE DEC 1     62.1                      56.5    5.6     74.3
  SINCE JUL 1     75.8                      63.3   12.5     82.5
  SNOW DEPTH      17

DEGREE DAYS
 HEATING
  TODAY           56                        38     18       55
  MONTH TO DATE 1412                      1090    322     1202
  SINCE DEC 1   3941                      3587    354     3821
  SINCE JUL 1   5476                      5162    314     5412

 COOLING
  TODAY            0                         0      0        0
  MONTH TO DATE    0                         0      0        0
  SINCE DEC 1      0                         0      0        0
  SINCE JAN 1      0                         0      0        0
..................................................................


WIND (MPH)
  HIGHEST WIND SPEED    15   HIGHEST WIND DIRECTION     N (350)
  HIGHEST GUST SPEED    20   HIGHEST GUST DIRECTION     N (340)
  AVERAGE WIND SPEED     7.9


SKY COVER
  AVERAGE SKY COVER 0.3


WEATHER CONDITIONS
 THE FOLLOWING WEATHER WAS RECORDED TODAY.
  FOG
  HAZE


RELATIVE HUMIDITY (PERCENT)
 HIGHEST    95           600 AM
 LOWEST     46           200 PM
 AVERAGE    71

..........................................................


THE BINGHAMTON NY CLIMATE NORMALS FOR TOMORROW
                         NORMAL    RECORD    YEAR
 MAXIMUM TEMPERATURE (F)   36        54      1954
 MINIMUM TEMPERATURE (F)   20        -4      2014


SUNRISE AND SUNSET
FEBRUARY 27 2015......SUNRISE   643 AM EST   SUNSET   551 PM EST
FEBRUARY 28 2015......SUNRISE   641 AM EST   SUNSET   552 PM EST


-  INDICATES NEGATIVE NUMBERS.
R  INDICATES RECORD WAS SET OR TIED.
MM INDICATES DATA IS MISSING.
T  INDICATES TRACE AMOUNT.




$$
