000
CDUS41 KBGM 250552
CLIBGM


CLIMATE REPORT
NATIONAL WEATHER SERVICE BINGHAMTON NY
152 AM EDT MON MAY 25 2015


...................................

...THE BINGHAMTON NY CLIMATE SUMMARY FOR MAY 24 2015...

CLIMATE NORMAL PERIOD 1981 TO 2010
CLIMATE RECORD PERIOD 1951 TO 2015


WEATHER ITEM   OBSERVED TIME   RECORD YEAR NORMAL DEPARTURE LAST
                VALUE   (LST)  VALUE       VALUE  FROM      YEAR
                                                  NORMAL
..................................................................
TEMPERATURE (F)
 YESTERDAY
  MAXIMUM         75    402 PM  87    1980  68      7       69
                                      1975
  MINIMUM         48    517 AM  28    1963  49     -1       52
  AVERAGE         62                        58      4       61

PRECIPITATION (IN)
  YESTERDAY        0.00          1.38 2003   0.13  -0.13     0.00
  MONTH TO DATE    2.93                      2.72   0.21     3.70
  SINCE MAR 1      9.13                      9.14  -0.01     9.15
  SINCE JAN 1     13.07                     13.90  -0.83    14.84

SNOWFALL (IN)
  YESTERDAY        0.0           T    2013   0.0    0.0      0.0
  MONTH TO DATE    0.0                       0.1   -0.1       T
  SINCE MAR 1     17.6                      19.5   -1.9      2.9
  SINCE JUL 1     93.4                      83.4   10.0     85.4
  SNOW DEPTH       0

DEGREE DAYS
 HEATING
  YESTERDAY        3                         8     -5        4
  MONTH TO DATE  148                       259   -111      193
  SINCE MAR 1   1921                      1859     62     1995
  SINCE JUL 1   7453                      7058    395     7466

 COOLING
  YESTERDAY        0                         1     -1        0
  MONTH TO DATE   42                        12     30       13
  SINCE MAR 1     42                        16     26       15
  SINCE JAN 1     42                        16     26       15
..................................................................


WIND (MPH)
  HIGHEST WIND SPEED    14   HIGHEST WIND DIRECTION     W (260)
  HIGHEST GUST SPEED    17   HIGHEST GUST DIRECTION     W (270)
  AVERAGE WIND SPEED     7.0


SKY COVER
  AVERAGE SKY COVER 0.1


WEATHER CONDITIONS
 THE FOLLOWING WEATHER WAS RECORDED YESTERDAY.
  HAZE


RELATIVE HUMIDITY (PERCENT)
 HIGHEST    56           600 AM
 LOWEST     23           300 PM
 AVERAGE    40

..........................................................


THE BINGHAMTON NY CLIMATE NORMALS FOR TODAY
                         NORMAL    RECORD    YEAR
 MAXIMUM TEMPERATURE (F)   68        85      2007
                                             1981
 MINIMUM TEMPERATURE (F)   49        31      1956


SUNRISE AND SUNSET
MAY 25 2015...........SUNRISE   534 AM EDT   SUNSET   828 PM EDT
MAY 26 2015...........SUNRISE   534 AM EDT   SUNSET   829 PM EDT


-  INDICATES NEGATIVE NUMBERS.
R  INDICATES RECORD WAS SET OR TIED.
MM INDICATES DATA IS MISSING.
T  INDICATES TRACE AMOUNT.




$$
