103
CDUS41 KBGM 182228
CLIBGM


CLIMATE REPORT
NATIONAL WEATHER SERVICE BINGHAMTON NY
528 PM EST THU JAN 18 2018


...................................

...THE BINGHAMTON NY CLIMATE SUMMARY FOR JANUARY 18 2018...
VALID TODAY AS OF 0500 PM LOCAL TIME.

CLIMATE NORMAL PERIOD 1981 TO 2010
CLIMATE RECORD PERIOD 1951 TO 2018


WEATHER ITEM   OBSERVED TIME   RECORD YEAR NORMAL DEPARTURE LAST
                VALUE   (LST)  VALUE       VALUE  FROM      YEAR
                                                  NORMAL
..................................................................
TEMPERATURE (F)
 TODAY
  MAXIMUM         20    409 PM  54    1973  28     -8       36
  MINIMUM          4    750 AM -11    1982  15    -11       33
                                      1976
  AVERAGE         12                        22    -10       35

PRECIPITATION (IN)
  TODAY            0.00          1.36 2006   0.08  -0.08     0.14
  MONTH TO DATE    2.18                      1.43   0.75     2.31
  SINCE DEC 1      3.59                      4.26  -0.67     5.90
  SINCE JAN 1      2.18                      1.43   0.75     2.31

SNOWFALL (IN)
  TODAY            0.0           3.8  2009   0.7   -0.7      0.0
  MONTH TO DATE   13.2                      13.1    0.1      1.1
  SINCE DEC 1     24.5                      30.9   -6.4     30.9
  SINCE JUL 1     26.3                      37.7  -11.4     59.5
  SNOW DEPTH       8

DEGREE DAYS
 HEATING
  TODAY           53                        43     10       30
  MONTH TO DATE  878                       768    110      714
  SINCE DEC 1   2150                      1938    212     1890
  SINCE JUL 1   3548                      3513     35     3239

 COOLING
  TODAY            0                         0      0        0
  MONTH TO DATE    0                         0      0        0
  SINCE DEC 1      0                         0      0        0
  SINCE JAN 1      0                         0      0        0
..................................................................


WIND (MPH)
  HIGHEST WIND SPEED    14   HIGHEST WIND DIRECTION    NW (310)
  HIGHEST GUST SPEED    19   HIGHEST GUST DIRECTION     W (290)
  AVERAGE WIND SPEED     9.5


SKY COVER
  AVERAGE SKY COVER 0.0


WEATHER CONDITIONS
 THE FOLLOWING WEATHER WAS RECORDED TODAY.
  NO SIGNIFICANT WEATHER WAS OBSERVED.


RELATIVE HUMIDITY (PERCENT)
 HIGHEST    83           800 AM
 LOWEST     61          1200 PM
 AVERAGE    72

..........................................................


THE BINGHAMTON NY CLIMATE NORMALS FOR TOMORROW
                         NORMAL    RECORD    YEAR
 MAXIMUM TEMPERATURE (F)   28        55      1996
 MINIMUM TEMPERATURE (F)   15       -15      1994


SUNRISE AND SUNSET
JANUARY 18 2018.......SUNRISE   728 AM EST   SUNSET   501 PM EST
JANUARY 19 2018.......SUNRISE   728 AM EST   SUNSET   502 PM EST


-  INDICATES NEGATIVE NUMBERS.
R  INDICATES RECORD WAS SET OR TIED.
MM INDICATES DATA IS MISSING.
T  INDICATES TRACE AMOUNT.




$$
