904
CDUS41 KBGM 190124
CLIBGM


CLIMATE REPORT
NATIONAL WEATHER SERVICE BINGHAMTON NY
924 PM EDT TUE APR 18 2017


...................................

...THE BINGHAMTON NY CLIMATE SUMMARY FOR APRIL 17 2017...

CLIMATE NORMAL PERIOD 1981 TO 2010
CLIMATE RECORD PERIOD 1951 TO 2017


WEATHER ITEM   OBSERVED TIME   RECORD YEAR NORMAL DEPARTURE LAST
                VALUE   (LST)  VALUE       VALUE  FROM      YEAR
                                                  NORMAL
..................................................................
TEMPERATURE (F)
 YESTERDAY
  MAXIMUM         59    202 PM  86    2002  55      4       74
  MINIMUM         40   1159 PM  22    1980  37      3       44
  AVERAGE         50                        46      4       59

PRECIPITATION (IN)
  YESTERDAY        0.01          0.79 1982   0.12  -0.11     0.00
  MONTH TO DATE    2.77                      2.00   0.77     2.21
  SINCE MAR 1      8.37                      4.99   3.38     3.61
  SINCE JAN 1     14.64                      9.75   4.89     8.92

SNOWFALL (IN)
  YESTERDAY        0.0           3.0  1965   0.2   -0.2      0.0
  MONTH TO DATE    2.1                       3.2   -1.1      9.3
  SINCE MAR 1     41.7                      18.3   23.4     10.3
  SINCE JUL 1    135.2                      82.2   53.0     32.0
  SNOW DEPTH       0

DEGREE DAYS
 HEATING
  YESTERDAY       15                        19     -4        6
  MONTH TO DATE  284                       385   -101      469
  SINCE MAR 1   1396                      1382     14     1240
  SINCE JUL 1   6009                      6581   -572     5598

 COOLING
  YESTERDAY        0                         0      0        0
  MONTH TO DATE    4                         0      4        0
  SINCE MAR 1      4                         0      4        0
  SINCE JAN 1      4                         0      4        0
..................................................................


WIND (MPH)
  HIGHEST WIND SPEED    25   HIGHEST WIND DIRECTION    NW (300)
  HIGHEST GUST SPEED    36   HIGHEST GUST DIRECTION     W (290)
  AVERAGE WIND SPEED    11.0


SKY COVER
  AVERAGE SKY COVER 0.2


WEATHER CONDITIONS
 THE FOLLOWING WEATHER WAS RECORDED YESTERDAY.
  FOG


RELATIVE HUMIDITY (PERCENT)
 HIGHEST    93          1200 AM
 LOWEST     33           200 PM
 AVERAGE    63

..........................................................


THE BINGHAMTON NY CLIMATE NORMALS FOR TODAY
                         NORMAL    RECORD    YEAR
 MAXIMUM TEMPERATURE (F)   55        85      1976
 MINIMUM TEMPERATURE (F)   37        25      2001


SUNRISE AND SUNSET
APRIL 18 2017.........SUNRISE   618 AM EDT   SUNSET   749 PM EDT
APRIL 19 2017.........SUNRISE   617 AM EDT   SUNSET   750 PM EDT


-  INDICATES NEGATIVE NUMBERS.
R  INDICATES RECORD WAS SET OR TIED.
MM INDICATES DATA IS MISSING.
T  INDICATES TRACE AMOUNT.




$$
