484
CDUS41 KBGM 200526
CLIBGM


CLIMATE REPORT
NATIONAL WEATHER SERVICE BINGHAMTON NY
1225 AM EST FRI JAN 20 2017


...................................

...THE BINGHAMTON NY CLIMATE SUMMARY FOR JANUARY 19 2017...

CLIMATE NORMAL PERIOD 1981 TO 2010
CLIMATE RECORD PERIOD 1951 TO 2017


WEATHER ITEM   OBSERVED TIME   RECORD YEAR NORMAL DEPARTURE LAST
                VALUE   (LST)  VALUE       VALUE  FROM      YEAR
                                                  NORMAL
..................................................................
TEMPERATURE (F)
 YESTERDAY
  MAXIMUM         36    131 PM  55    1996  28      8       20
  MINIMUM         32   1159 PM -15    1994  15     17        8
  AVERAGE         34                        22     12       14

PRECIPITATION (IN)
  YESTERDAY        T             1.64 1996   0.08  -0.08     0.01
  MONTH TO DATE    2.31                      1.51   0.80     1.29
  SINCE DEC 1      5.90                      4.34   1.56     4.90
  SINCE JAN 1      2.31                      1.51   0.80     1.29

SNOWFALL (IN)
  YESTERDAY        T            11.8  2002   0.7   -0.7      0.6
  MONTH TO DATE    1.1                      13.8  -12.7      8.1
  SINCE DEC 1     30.9                      31.6   -0.7     10.3
  SINCE JUL 1     59.5                      38.4   21.1     11.4
  SNOW DEPTH       0

DEGREE DAYS
 HEATING
  YESTERDAY       31                        43    -12       51
  MONTH TO DATE  745                       811    -66      784
  SINCE DEC 1   1921                      1981    -60     1539
  SINCE JUL 1   3270                      3556   -286     2809

 COOLING
  YESTERDAY        0                         0      0        0
  MONTH TO DATE    0                         0      0        0
  SINCE DEC 1      0                         0      0        0
  SINCE JAN 1      0                         0      0        0
..................................................................


WIND (MPH)
  HIGHEST WIND SPEED     9   HIGHEST WIND DIRECTION     N (340)
  HIGHEST GUST SPEED    13   HIGHEST GUST DIRECTION     W (280)
  AVERAGE WIND SPEED     5.0


SKY COVER
  AVERAGE SKY COVER 1.0


WEATHER CONDITIONS
 THE FOLLOWING WEATHER WAS RECORDED YESTERDAY.
  LIGHT SNOW
  FOG
  FOG W/VISIBILITY <= 1/4 MILE


RELATIVE HUMIDITY (PERCENT)
 HIGHEST   100          1200 AM
 LOWEST     89          1000 AM
 AVERAGE    95

..........................................................


THE BINGHAMTON NY CLIMATE NORMALS FOR TODAY
                         NORMAL    RECORD    YEAR
 MAXIMUM TEMPERATURE (F)   28        53      2006
 MINIMUM TEMPERATURE (F)   15       -12      1994


SUNRISE AND SUNSET
JANUARY 20 2017.......SUNRISE   727 AM EST   SUNSET   503 PM EST
JANUARY 21 2017.......SUNRISE   726 AM EST   SUNSET   505 PM EST


-  INDICATES NEGATIVE NUMBERS.
R  INDICATES RECORD WAS SET OR TIED.
MM INDICATES DATA IS MISSING.
T  INDICATES TRACE AMOUNT.




$$
