804
CDUS41 KBGM 210535
CLIBGM


CLIMATE REPORT
NATIONAL WEATHER SERVICE BINGHAMTON NY
134 AM EDT SUN MAY 21 2017


...................................

...THE BINGHAMTON NY CLIMATE SUMMARY FOR MAY 20 2017...

CLIMATE NORMAL PERIOD 1981 TO 2010
CLIMATE RECORD PERIOD 1951 TO 2017


WEATHER ITEM   OBSERVED TIME   RECORD YEAR NORMAL DEPARTURE LAST
                VALUE   (LST)  VALUE       VALUE  FROM      YEAR
                                                  NORMAL
..................................................................
TEMPERATURE (F)
 YESTERDAY
  MAXIMUM         67    459 PM  89    1996  67      0       70
  MINIMUM         46    518 AM  30    2002  47     -1       40
  AVERAGE         57                        57      0       55

PRECIPITATION (IN)
  YESTERDAY        T             1.40 1971   0.13  -0.13     0.00
  MONTH TO DATE    3.71                      2.22   1.49     2.47
  SINCE MAR 1     14.92                      8.64   6.28     6.70
  SINCE JAN 1     21.19                     13.40   7.79    12.01

SNOWFALL (IN)
  YESTERDAY        0.0           T    2008   0.0    0.0      0.0
                                      2002
  MONTH TO DATE    0.0                       0.1   -0.1       T
  SINCE MAR 1     41.7                      19.5   22.2     10.3
  SINCE JUL 1    135.2                      83.4   51.8     32.0
  SNOW DEPTH       0

DEGREE DAYS
 HEATING
  YESTERDAY        8                         9     -1       10
  MONTH TO DATE  278                       227     51      302
  SINCE MAR 1   1825                      1827     -2     1752
  SINCE JUL 1   6438                      7026   -588     6110

 COOLING
  YESTERDAY        0                         1     -1        0
  MONTH TO DATE   17                         8      9        0
  SINCE MAR 1     21                        12      9        0
  SINCE JAN 1     21                        12      9        0
..................................................................


WIND (MPH)
  HIGHEST WIND SPEED    13   HIGHEST WIND DIRECTION     N (20)
  HIGHEST GUST SPEED    16   HIGHEST GUST DIRECTION     N (20)
  AVERAGE WIND SPEED     5.0


SKY COVER
  AVERAGE SKY COVER 0.6


WEATHER CONDITIONS
 THE FOLLOWING WEATHER WAS RECORDED YESTERDAY.
  LIGHT RAIN


RELATIVE HUMIDITY (PERCENT)
 HIGHEST    86           100 AM
 LOWEST     32           500 PM
 AVERAGE    59

..........................................................


THE BINGHAMTON NY CLIMATE NORMALS FOR TODAY
                         NORMAL    RECORD    YEAR
 MAXIMUM TEMPERATURE (F)   67        86      1977
 MINIMUM TEMPERATURE (F)   48        28      2002


SUNRISE AND SUNSET
MAY 21 2017...........SUNRISE   537 AM EDT   SUNSET   824 PM EDT
MAY 22 2017...........SUNRISE   536 AM EDT   SUNSET   825 PM EDT


-  INDICATES NEGATIVE NUMBERS.
R  INDICATES RECORD WAS SET OR TIED.
MM INDICATES DATA IS MISSING.
T  INDICATES TRACE AMOUNT.




$$
