000
CDUS41 KBGM 210627
CLIBGM


CLIMATE REPORT
NATIONAL WEATHER SERVICE BINGHAMTON NY
127 AM EST WED JAN 21 2015


...................................

...THE BINGHAMTON NY CLIMATE SUMMARY FOR JANUARY 20 2015...

CLIMATE NORMAL PERIOD 1981 TO 2010
CLIMATE RECORD PERIOD 1951 TO 2015


WEATHER ITEM   OBSERVED TIME   RECORD YEAR NORMAL DEPARTURE LAST
                VALUE   (LST)  VALUE       VALUE  FROM      YEAR
                                                  NORMAL
..................................................................
TEMPERATURE (F)
 YESTERDAY
  MAXIMUM         25    155 PM  53    2006  28     -3       30
  MINIMUM         11   1131 PM -12    1994  15     -4       11
  AVERAGE         18                        22     -4       21

PRECIPITATION (IN)
  YESTERDAY        T             0.73 1995   0.08  -0.08     0.02
  MONTH TO DATE    1.53                      1.59  -0.06     2.85
  SINCE DEC 1      4.83                      4.42   0.41     6.29
  SINCE JAN 1      1.53                      1.59  -0.06     2.85

SNOWFALL (IN)
  YESTERDAY        T             7.1  1978   0.8   -0.8      0.5
  MONTH TO DATE   10.8                      14.6   -3.8     20.6
  SINCE DEC 1     23.9                      32.4   -8.5     45.6
  SINCE JUL 1     37.6                      39.2   -1.6     53.8
  SNOW DEPTH       3

DEGREE DAYS
 HEATING
  YESTERDAY       47                        43      4       44
  MONTH TO DATE  931                       854     77      856
  SINCE DEC 1   2000                      2024    -24     2004
  SINCE JUL 1   3535                      3599    -64     3595

 COOLING
  YESTERDAY        0                         0      0        0
  MONTH TO DATE    0                         0      0        0
  SINCE DEC 1      0                         0      0        0
  SINCE JAN 1      0                         0      0        0
..................................................................


WIND (MPH)
  HIGHEST WIND SPEED    14   HIGHEST WIND DIRECTION     N (360)
  HIGHEST GUST SPEED    20   HIGHEST GUST DIRECTION     W (270)
  AVERAGE WIND SPEED     8.0


SKY COVER
  AVERAGE SKY COVER 0.6


WEATHER CONDITIONS
 THE FOLLOWING WEATHER WAS RECORDED YESTERDAY.
  LIGHT SNOW


RELATIVE HUMIDITY (PERCENT)
 HIGHEST    84           700 AM
 LOWEST     60           100 PM
 AVERAGE    72

..........................................................


THE BINGHAMTON NY CLIMATE NORMALS FOR TODAY
                         NORMAL    RECORD    YEAR
 MAXIMUM TEMPERATURE (F)   29        58      1959
 MINIMUM TEMPERATURE (F)   15       -15      1985


SUNRISE AND SUNSET
JANUARY 21 2015.......SUNRISE   727 AM EST   SUNSET   504 PM EST
JANUARY 22 2015.......SUNRISE   726 AM EST   SUNSET   505 PM EST


-  INDICATES NEGATIVE NUMBERS.
R  INDICATES RECORD WAS SET OR TIED.
MM INDICATES DATA IS MISSING.
T  INDICATES TRACE AMOUNT.




$$

HEDEN
