000
CDUS41 KBGM 240547
CLIBGM


CLIMATE REPORT
NATIONAL WEATHER SERVICE BINGHAMTON NY
1245 AM EST WED DEC 24 2014


...................................

...THE BINGHAMTON NY CLIMATE SUMMARY FOR DECEMBER 23 2014...

CLIMATE NORMAL PERIOD 1981 TO 2010
CLIMATE RECORD PERIOD 1951 TO 2014


WEATHER ITEM   OBSERVED TIME   RECORD YEAR NORMAL DEPARTURE LAST
                VALUE   (LST)  VALUE       VALUE  FROM      YEAR
                                                  NORMAL
..................................................................
TEMPERATURE (F)
 YESTERDAY
  MAXIMUM         41   1159 PM  59    1990  31     10       44
  MINIMUM         35    335 AM  -6    1989  19     16       27
  AVERAGE         38                        25     13       36

PRECIPITATION (IN)
  YESTERDAY        0.11          0.72 2007   0.09   0.02     0.10
  MONTH TO DATE    2.34                      2.18   0.16     2.14
  SINCE DEC 1      2.34                      2.18   0.16     2.14
  SINCE JAN 1     38.67                     38.65   0.02    41.65

SNOWFALL (IN)
  YESTERDAY        0.0           6.3  1982   0.7   -0.7       T
  MONTH TO DATE   11.6                      12.7   -1.1     16.2
  SINCE DEC 1     11.6                      12.7   -1.1     16.2
  SINCE JUL 1     25.3                      19.5    5.8     24.4
  SNOW DEPTH       T

DEGREE DAYS
 HEATING
  YESTERDAY       27                        40    -13       29
  MONTH TO DATE  822                       841    -19      821
  SINCE DEC 1    822                       841    -19      821
  SINCE JUL 1   2357                      2416    -59     2412

 COOLING
  YESTERDAY        0                         0      0        0
  MONTH TO DATE    0                         0      0        0
  SINCE DEC 1      0                         0      0        0
  SINCE JAN 1    341                       381    -40      480
..................................................................


WIND (MPH)
  HIGHEST WIND SPEED    16   HIGHEST WIND DIRECTION    SE (140)
  HIGHEST GUST SPEED    20   HIGHEST GUST DIRECTION    SE (150)
  AVERAGE WIND SPEED    10.3


SKY COVER
  AVERAGE SKY COVER 0.8


WEATHER CONDITIONS
 THE FOLLOWING WEATHER WAS RECORDED YESTERDAY.
  LIGHT RAIN
  FOG


RELATIVE HUMIDITY (PERCENT)
 HIGHEST   100           400 AM
 LOWEST     92          1200 PM
 AVERAGE    96

..........................................................


THE BINGHAMTON NY CLIMATE NORMALS FOR TODAY
                         NORMAL    RECORD    YEAR
 MAXIMUM TEMPERATURE (F)   31        51      1965
 MINIMUM TEMPERATURE (F)   19       -11      1989


SUNRISE AND SUNSET
DECEMBER 24 2014......SUNRISE   731 AM EST   SUNSET   437 PM EST
DECEMBER 25 2014......SUNRISE   731 AM EST   SUNSET   437 PM EST


-  INDICATES NEGATIVE NUMBERS.
R  INDICATES RECORD WAS SET OR TIED.
MM INDICATES DATA IS MISSING.
T  INDICATES TRACE AMOUNT.

$$
