000
CDUS41 KBGM 190718
CLIBGM


CLIMATE REPORT
NATIONAL WEATHER SERVICE BINGHAMTON NY
318 AM EDT WED JUL 19 2017


...................................

...THE BINGHAMTON NY CLIMATE SUMMARY FOR JULY 18 2017...

CLIMATE NORMAL PERIOD 1981 TO 2010
CLIMATE RECORD PERIOD 1951 TO 2017


WEATHER ITEM   OBSERVED TIME   RECORD YEAR NORMAL DEPARTURE LAST
                VALUE   (LST)  VALUE       VALUE  FROM      YEAR
                                                  NORMAL
..................................................................
TEMPERATURE (F)
 YESTERDAY
  MAXIMUM         81    520 PM  93    1953  78      3       80
  MINIMUM         60    518 AM  47    1971  60      0       65
  AVERAGE         71                        69      2       73

PRECIPITATION (IN)
  YESTERDAY        0.00          0.73 1986   0.12  -0.12     0.09
  MONTH TO DATE    3.13                      2.17   0.96     0.62
  SINCE JUN 1      8.87                      6.48   2.39     3.66
  SINCE JAN 1     33.32                     21.23  12.09    16.05

SNOWFALL (IN)
  YESTERDAY        0.0           0.0  2002   0.0    0.0      0.0
                                      2000
                                      2001
  MONTH TO DATE    0.0                       0.0    0.0      0.0
  SINCE JUN 1      T                         0.0    0.0      0.0
  SINCE JUL 1      0.0                       0.0    0.0      0.0
  SNOW DEPTH       0

DEGREE DAYS
 HEATING
  YESTERDAY        0                         1     -1        0
  MONTH TO DATE    1                        18    -17        3
  SINCE JUN 1     96                       109    -13       72
  SINCE JUL 1      1                        18    -17        3

 COOLING
  YESTERDAY        6                         5      1        8
  MONTH TO DATE   65                        81    -16      114
  SINCE JUN 1    138                       155    -17      177
  SINCE JAN 1    159                       178    -19      223
..................................................................


WIND (MPH)
  HIGHEST WIND SPEED    12   HIGHEST WIND DIRECTION     W (260)
  HIGHEST GUST SPEED    19   HIGHEST GUST DIRECTION     W (280)
  AVERAGE WIND SPEED     4.9


SKY COVER
  AVERAGE SKY COVER 0.2


WEATHER CONDITIONS
 THE FOLLOWING WEATHER WAS RECORDED YESTERDAY.
  FOG


RELATIVE HUMIDITY (PERCENT)
 HIGHEST   100          1200 AM
 LOWEST     54           300 PM
 AVERAGE    77

..........................................................


THE BINGHAMTON NY CLIMATE NORMALS FOR TODAY
                         NORMAL    RECORD    YEAR
 MAXIMUM TEMPERATURE (F)   78        91      1991
                                             1972
 MINIMUM TEMPERATURE (F)   60        50      2003


SUNRISE AND SUNSET
JULY 19 2017..........SUNRISE   545 AM EDT   SUNSET   835 PM EDT
JULY 20 2017..........SUNRISE   546 AM EDT   SUNSET   835 PM EDT


-  INDICATES NEGATIVE NUMBERS.
R  INDICATES RECORD WAS SET OR TIED.
MM INDICATES DATA IS MISSING.
T  INDICATES TRACE AMOUNT.




$$
