000
CDUS41 KBGM 150317
CLIBGM


CLIMATE REPORT
NATIONAL WEATHER SERVICE BINGHAMTON NY
1017 PM EST SUN DEC 14 2014


...................................

...THE BINGHAMTON NY CLIMATE SUMMARY FOR DECEMBER 14 2014...
VALID AS OF 1000 PM LOCAL TIME.

CLIMATE NORMAL PERIOD 1981 TO 2010
CLIMATE RECORD PERIOD 1951 TO 2014


WEATHER ITEM   OBSERVED TIME   RECORD YEAR NORMAL DEPARTURE LAST
                VALUE   (LST)  VALUE       VALUE  FROM      YEAR
                                                  NORMAL
..................................................................
TEMPERATURE (F)
 TODAY
  MAXIMUM         35    159 PM  55    2006  34      1       19
  MINIMUM         29    530 AM  -6    2005  22      7       13
  AVERAGE         32                        28      4       16

PRECIPITATION (IN)
  TODAY            0.03          1.06 1956   0.08  -0.05     0.42
  MONTH TO DATE    2.02                      1.40   0.62     1.10
  SINCE DEC 1      2.02                      1.40   0.62     1.10
  SINCE JAN 1     38.35                     37.87   0.48    40.61

SNOWFALL (IN)
  TODAY           MM            11.5  2003   0.5   MM        7.6
  MONTH TO DATE   10.9                       7.2    3.7     13.5
  SINCE DEC 1     10.9                       7.2    3.7     13.5
  SINCE JUL 1     24.6                      14.0   10.6     21.7
  SNOW DEPTH       5

DEGREE DAYS
 HEATING
  TODAY           33                        37     -4       49
  MONTH TO DATE  512                       491     21      523
  SINCE DEC 1    512                       491     21      523
  SINCE JUL 1   2047                      2066    -19     2114

 COOLING
  TODAY            0                         0      0        0
  MONTH TO DATE    0                         0      0        0
  SINCE DEC 1      0                         0      0        0
  SINCE JAN 1    341                       381    -40      480
..................................................................


WIND (MPH)
  HIGHEST WIND SPEED    13   HIGHEST WIND DIRECTION    NW (330)
  HIGHEST GUST SPEED    20   HIGHEST GUST DIRECTION    NW (310)
  AVERAGE WIND SPEED     6.6


SKY COVER
  AVERAGE SKY COVER 1.0


WEATHER CONDITIONS
 THE FOLLOWING WEATHER WAS RECORDED TODAY.
  LIGHT SNOW
  FOG
  FOG W/VISIBILITY <= 1/4 MILE


RELATIVE HUMIDITY (PERCENT)
 HIGHEST   100          1200 AM
 LOWEST     89           500 PM
 AVERAGE    95

..........................................................


THE BINGHAMTON NY CLIMATE NORMALS FOR TOMORROW
                         NORMAL    RECORD    YEAR
 MAXIMUM TEMPERATURE (F)   33        56      1971
 MINIMUM TEMPERATURE (F)   21         1      1962


SUNRISE AND SUNSET
DECEMBER 14 2014......SUNRISE   725 AM EST   SUNSET   432 PM EST
DECEMBER 15 2014......SUNRISE   726 AM EST   SUNSET   433 PM EST


-  INDICATES NEGATIVE NUMBERS.
R  INDICATES RECORD WAS SET OR TIED.
MM INDICATES DATA IS MISSING.
T  INDICATES TRACE AMOUNT.




$$
