161
CDUS41 KBGM 130104
CLIBGM


CLIMATE REPORT
NATIONAL WEATHER SERVICE BINGHAMTON NY
904 PM EDT TUE MAY 12 2015


...................................

...THE BINGHAMTON NY CLIMATE SUMMARY FOR MAY 12 2015...
VALID TODAY AS OF 0500 PM LOCAL TIME.

CLIMATE NORMAL PERIOD 1981 TO 2010
CLIMATE RECORD PERIOD 1951 TO 2015


WEATHER ITEM   OBSERVED TIME   RECORD YEAR NORMAL DEPARTURE LAST
                VALUE   (LST)  VALUE       VALUE  FROM      YEAR
                                                  NORMAL
..................................................................
TEMPERATURE (F)
 TODAY
  MAXIMUM         74   1110 AM  83    1985  64     10       78
  MINIMUM         61    109 PM  31    1996  45     16       51
                                      1988
  AVERAGE         68                        55     13       65

PRECIPITATION (IN)
  TODAY            0.04          1.06 2000   0.11  -0.07      T
  MONTH TO DATE    0.25                      1.30  -1.05     1.18
  SINCE MAR 1      6.45                      7.72  -1.27     6.63
  SINCE JAN 1     10.39                     12.48  -2.09    12.32

SNOWFALL (IN)
  TODAY            0.0           0.6  1996   0.0    0.0      0.0
  MONTH TO DATE    0.0                       0.1   -0.1      0.0
  SINCE MAR 1     17.6                      19.5   -1.9      2.9
  SINCE JUL 1     93.4                      83.4   10.0     85.4
  SNOW DEPTH       0

DEGREE DAYS
 HEATING
  TODAY            0                        11    -11        0
  MONTH TO DATE   29                       150   -121      109
  SINCE MAR 1   1802                      1750     52     1911
  SINCE JUL 1   7334                      6949    385     7382

 COOLING
  TODAY            3                         0      3        0
  MONTH TO DATE   34                         0     34        3
  SINCE MAR 1     34                         4     30        5
  SINCE JAN 1     34                         4     30        5
..................................................................


WIND (MPH)
  HIGHEST WIND SPEED    25   HIGHEST WIND DIRECTION     W (250)
  HIGHEST GUST SPEED    35   HIGHEST GUST DIRECTION    SW (240)
  AVERAGE WIND SPEED    11.7


SKY COVER
  AVERAGE SKY COVER 0.6


WEATHER CONDITIONS
 THE FOLLOWING WEATHER WAS RECORDED TODAY.
  LIGHT RAIN
  FOG


RELATIVE HUMIDITY (PERCENT)
 HIGHEST    87           200 AM
 LOWEST     49          1100 AM
 AVERAGE    68

..........................................................


THE BINGHAMTON NY CLIMATE NORMALS FOR TOMORROW
                         NORMAL    RECORD    YEAR
 MAXIMUM TEMPERATURE (F)   65        83      1985
 MINIMUM TEMPERATURE (F)   45        29      2005


SUNRISE AND SUNSET
MAY 12 2015...........SUNRISE   546 AM EDT   SUNSET   815 PM EDT
MAY 13 2015...........SUNRISE   545 AM EDT   SUNSET   816 PM EDT


-  INDICATES NEGATIVE NUMBERS.
R  INDICATES RECORD WAS SET OR TIED.
MM INDICATES DATA IS MISSING.
T  INDICATES TRACE AMOUNT.




$$
