000
CDUS41 KBGM 230541
CLIBGM


CLIMATE REPORT
NATIONAL WEATHER SERVICE BINGHAMTON NY
140 AM EDT FRI SEP 23 2016


...................................

...THE BINGHAMTON NY CLIMATE SUMMARY FOR SEPTEMBER 22 2016...

CLIMATE NORMAL PERIOD 1981 TO 2010
CLIMATE RECORD PERIOD 1951 TO 2016


WEATHER ITEM   OBSERVED TIME   RECORD YEAR NORMAL DEPARTURE LAST
                VALUE   (LST)  VALUE       VALUE  FROM      YEAR
                                                  NORMAL
..................................................................
TEMPERATURE (F)
 YESTERDAY
  MAXIMUM         79    259 PM  85    1980  66     13       69
                                      1965
  MINIMUM         52    602 AM  35    1991  48      4       51
  AVERAGE         66                        57      9       60

PRECIPITATION (IN)
  YESTERDAY        0.00          1.53 1995   0.13  -0.13      T
  MONTH TO DATE    0.69                      2.63  -1.94     0.50
  SINCE SEP 1      0.69                      2.63  -1.94     0.50
  SINCE JAN 1     24.24                     28.84  -4.60    32.02

SNOWFALL (IN)
  YESTERDAY        0.0           0.0  2002   0.0    0.0      0.0
                                      2001
                                      2000
  MONTH TO DATE    0.0                       0.0    0.0      0.0
  SINCE SEP 1      0.0                       0.0    0.0      0.0
  SINCE JUL 1      0.0                       0.0    0.0       T
  SNOW DEPTH       0

DEGREE DAYS
 HEATING
  YESTERDAY        0                         8     -8        5
  MONTH TO DATE   37                       114    -77       50
  SINCE SEP 1     37                       114    -77       50
  SINCE JUL 1     46                       177   -131       99

 COOLING
  YESTERDAY        1                         1      0        0
  MONTH TO DATE   47                        29     18       99
  SINCE SEP 1     47                        29     18       99
  SINCE JAN 1    558                       377    181      441
..................................................................


WIND (MPH)
  HIGHEST WIND SPEED    14   HIGHEST WIND DIRECTION    SW (230)
  HIGHEST GUST SPEED    17   HIGHEST GUST DIRECTION     S (200)
  AVERAGE WIND SPEED     5.3


SKY COVER
  AVERAGE SKY COVER 0.0


WEATHER CONDITIONS
 THE FOLLOWING WEATHER WAS RECORDED YESTERDAY.
  NO SIGNIFICANT WEATHER WAS OBSERVED.


RELATIVE HUMIDITY (PERCENT)
 HIGHEST    93           400 AM
 LOWEST     30           200 PM
 AVERAGE    62

..........................................................


THE BINGHAMTON NY CLIMATE NORMALS FOR TODAY
                         NORMAL    RECORD    YEAR
 MAXIMUM TEMPERATURE (F)   66        85      1959
 MINIMUM TEMPERATURE (F)   48        32      1963


SUNRISE AND SUNSET
SEPTEMBER 23 2016.....SUNRISE   653 AM EDT   SUNSET   659 PM EDT
SEPTEMBER 24 2016.....SUNRISE   654 AM EDT   SUNSET   657 PM EDT


-  INDICATES NEGATIVE NUMBERS.
R  INDICATES RECORD WAS SET OR TIED.
MM INDICATES DATA IS MISSING.
T  INDICATES TRACE AMOUNT.




$$
