000
CDUS41 KBGM 150539
CLIBGM


CLIMATE REPORT
NATIONAL WEATHER SERVICE BINGHAMTON NY
138 AM EDT SAT JUL 15 2017


...................................

...THE BINGHAMTON NY CLIMATE SUMMARY FOR JULY 14 2017...

CLIMATE NORMAL PERIOD 1981 TO 2010
CLIMATE RECORD PERIOD 1951 TO 2017


WEATHER ITEM   OBSERVED TIME   RECORD YEAR NORMAL DEPARTURE LAST
                VALUE   (LST)  VALUE       VALUE  FROM      YEAR
                                                  NORMAL
..................................................................
TEMPERATURE (F)
 YESTERDAY
  MAXIMUM         78    340 PM  93    1995  78      0       86
                                      1954
  MINIMUM         64   1153 PM  50    2009  60      4       68
  AVERAGE         71                        69      2       77

PRECIPITATION (IN)
  YESTERDAY        1.17R         0.95 1954   0.11   1.06     0.12
  MONTH TO DATE    2.76                      1.70   1.06     0.41
  SINCE JUN 1      8.50                      6.01   2.49     3.45
  SINCE JAN 1     32.95                     20.76  12.19    15.84

SNOWFALL (IN)
  YESTERDAY        0.0           T    1954   0.0    0.0      0.0
  MONTH TO DATE    0.0                       0.0    0.0      0.0
  SINCE JUN 1      T                         0.0    0.0      0.0
  SINCE JUL 1      0.0                       0.0    0.0      0.0
  SNOW DEPTH       0

DEGREE DAYS
 HEATING
  YESTERDAY        0                         1     -1        0
  MONTH TO DATE    1                        14    -13        3
  SINCE JUN 1     96                       105     -9       72
  SINCE JUL 1      1                        14    -13        3

 COOLING
  YESTERDAY        6                         5      1       12
  MONTH TO DATE   51                        61    -10       83
  SINCE JUN 1    124                       135    -11      146
  SINCE JAN 1    145                       158    -13      192
..................................................................


WIND (MPH)
  HIGHEST WIND SPEED    21   HIGHEST WIND DIRECTION     N (360)
  HIGHEST GUST SPEED    26   HIGHEST GUST DIRECTION     N (10)
  AVERAGE WIND SPEED     7.3


SKY COVER
  AVERAGE SKY COVER 0.8


WEATHER CONDITIONS
 THE FOLLOWING WEATHER WAS RECORDED YESTERDAY.
  THUNDERSTORM
  HEAVY RAIN
  RAIN
  LIGHT RAIN
  FOG
  FOG W/VISIBILITY <= 1/4 MILE


RELATIVE HUMIDITY (PERCENT)
 HIGHEST   100           500 AM
 LOWEST     69           300 PM
 AVERAGE    85

..........................................................


THE BINGHAMTON NY CLIMATE NORMALS FOR TODAY
                         NORMAL    RECORD    YEAR
 MAXIMUM TEMPERATURE (F)   78        96      1995
                                             1983
 MINIMUM TEMPERATURE (F)   60        51      2009
                                             1989
                                             1986


SUNRISE AND SUNSET
JULY 15 2017..........SUNRISE   541 AM EDT   SUNSET   838 PM EDT
JULY 16 2017..........SUNRISE   542 AM EDT   SUNSET   838 PM EDT


-  INDICATES NEGATIVE NUMBERS.
R  INDICATES RECORD WAS SET OR TIED.
MM INDICATES DATA IS MISSING.
T  INDICATES TRACE AMOUNT.




$$
