599
CDUS41 KBGM 250317
CLIBGM


CLIMATE REPORT
NATIONAL WEATHER SERVICE BINGHAMTON NY
1017 PM EST SAT FEB 24 2018


...................................

...THE BINGHAMTON NY CLIMATE SUMMARY FOR FEBRUARY 24 2018...
VALID AS OF 1000 PM LOCAL TIME.

CLIMATE NORMAL PERIOD 1981 TO 2010
CLIMATE RECORD PERIOD 1951 TO 2018


WEATHER ITEM   OBSERVED TIME   RECORD YEAR NORMAL DEPARTURE LAST
                VALUE   (LST)  VALUE       VALUE  FROM      YEAR
                                                  NORMAL
..................................................................
TEMPERATURE (F)
 TODAY
  MAXIMUM         40    327 AM  70    2017  34      6       70
  MINIMUM         34    959 PM -10    2015  19     15       46
  AVERAGE         37                        27     10       58

PRECIPITATION (IN)
  TODAY            T             1.80 1998   0.09  -0.09     0.00
  MONTH TO DATE    2.89                      1.96   0.93     1.86
  SINCE DEC 1      7.10                      7.24  -0.14     9.24
  SINCE JAN 1      5.69                      4.41   1.28     5.65

SNOWFALL (IN)
  TODAY            T            18.1  1998   0.6   -0.6      0.0
  MONTH TO DATE   20.1                      14.6    5.5     22.9
  SINCE DEC 1     46.3                      54.6   -8.3     64.7
  SINCE JUL 1     48.1                      61.4  -13.3     93.3
  SNOW DEPTH       1

DEGREE DAYS
 HEATING
  TODAY           28                        38    -10        7
  MONTH TO DATE  850                       976   -126      824
  SINCE DEC 1   3472                      3473     -1     3157
  SINCE JUL 1   4870                      5048   -178     4506

 COOLING
  TODAY            0                         0      0        0
  MONTH TO DATE    0                         0      0        0
  SINCE DEC 1      0                         0      0        0
  SINCE JAN 1      0                         0      0        0
..................................................................


WIND (MPH)
  HIGHEST WIND SPEED    12   HIGHEST WIND DIRECTION     N (360)
  HIGHEST GUST SPEED    14   HIGHEST GUST DIRECTION    NW (330)
  AVERAGE WIND SPEED     5.6


SKY COVER
  AVERAGE SKY COVER 1.0


WEATHER CONDITIONS
 THE FOLLOWING WEATHER WAS RECORDED TODAY.
  MIXED PRECIP
  LIGHT RAIN
  FOG
  FOG W/VISIBILITY <= 1/4 MILE


RELATIVE HUMIDITY (PERCENT)
 HIGHEST   100           100 AM
 LOWEST     76           100 PM
 AVERAGE    88

..........................................................


THE BINGHAMTON NY CLIMATE NORMALS FOR TOMORROW
                         NORMAL    RECORD    YEAR
 MAXIMUM TEMPERATURE (F)   35        60      2017
 MINIMUM TEMPERATURE (F)   19        -2      1990


SUNRISE AND SUNSET
FEBRUARY 24 2018......SUNRISE   647 AM EST   SUNSET   548 PM EST
FEBRUARY 25 2018......SUNRISE   645 AM EST   SUNSET   549 PM EST


-  INDICATES NEGATIVE NUMBERS.
R  INDICATES RECORD WAS SET OR TIED.
MM INDICATES DATA IS MISSING.
T  INDICATES TRACE AMOUNT.




$$
