000
CDUS41 KBGM 300541
CLIBGM


CLIMATE REPORT
NATIONAL WEATHER SERVICE BINGHAMTON NY
141 AM EDT TUE JUN 30 2015


...................................

...THE BINGHAMTON NY CLIMATE SUMMARY FOR JUNE 29 2015...

CLIMATE NORMAL PERIOD 1981 TO 2010
CLIMATE RECORD PERIOD 1951 TO 2015


WEATHER ITEM   OBSERVED TIME   RECORD YEAR NORMAL DEPARTURE LAST
                VALUE   (LST)  VALUE       VALUE  FROM      YEAR
                                                  NORMAL
..................................................................
TEMPERATURE (F)
 YESTERDAY
  MAXIMUM         71    446 PM  90    2012  77     -6       82
  MINIMUM         54    341 AM  46    1988  58     -4       64
  AVERAGE         63                        67     -4       73

PRECIPITATION (IN)
  YESTERDAY        0.01          1.27 1982   0.14  -0.13     0.00
  MONTH TO DATE    8.64                      4.17   4.47     4.37
  SINCE JUN 1      8.64                      4.17   4.47     4.37
  SINCE JAN 1     22.19                     18.92   3.27    19.73

SNOWFALL (IN)
  YESTERDAY        0.0           T    2000   0.0    0.0      0.0
  MONTH TO DATE    0.0                       0.0    0.0      0.0
  SINCE JUN 1      0.0                       0.0    0.0      0.0
  SINCE JUL 1     93.4                      83.4   10.0     85.4
  SNOW DEPTH       0

DEGREE DAYS
 HEATING
  YESTERDAY        2                         1      1        0
  MONTH TO DATE   77                        89    -12       45
  SINCE JUN 1     77                        89    -12       45
  SINCE JUL 1   7535                      7193    342     7539

 COOLING
  YESTERDAY        0                         4     -4        8
  MONTH TO DATE   50                        70    -20       76
  SINCE JUN 1     50                        70    -20       76
  SINCE JAN 1    123                        93     30      101
..................................................................


WIND (MPH)
  HIGHEST WIND SPEED    16   HIGHEST WIND DIRECTION     W (280)
  HIGHEST GUST SPEED    20   HIGHEST GUST DIRECTION     W (280)
  AVERAGE WIND SPEED     6.8


SKY COVER
  AVERAGE SKY COVER 0.7


WEATHER CONDITIONS
 THE FOLLOWING WEATHER WAS RECORDED YESTERDAY.
  LIGHT RAIN
  FOG


RELATIVE HUMIDITY (PERCENT)
 HIGHEST   100          1200 AM
 LOWEST     57           600 PM
 AVERAGE    79

..........................................................


THE BINGHAMTON NY CLIMATE NORMALS FOR TODAY
                         NORMAL    RECORD    YEAR
 MAXIMUM TEMPERATURE (F)   77        92      1964
 MINIMUM TEMPERATURE (F)   59        46      2010


SUNRISE AND SUNSET
JUNE 30 2015..........SUNRISE   531 AM EDT   SUNSET   844 PM EDT
JULY  1 2015..........SUNRISE   531 AM EDT   SUNSET   844 PM EDT


-  INDICATES NEGATIVE NUMBERS.
R  INDICATES RECORD WAS SET OR TIED.
MM INDICATES DATA IS MISSING.
T  INDICATES TRACE AMOUNT.




$$
