000
CDUS41 KBGM 150533
CLIBGM


CLIMATE REPORT
NATIONAL WEATHER SERVICE BINGHAMTON NY
1231 AM EST THU FEB 15 2018


...................................

...THE BINGHAMTON NY CLIMATE SUMMARY FOR FEBRUARY 14 2018...

CLIMATE NORMAL PERIOD 1981 TO 2010
CLIMATE RECORD PERIOD 1951 TO 2018


WEATHER ITEM   OBSERVED TIME   RECORD YEAR NORMAL DEPARTURE LAST
                VALUE   (LST)  VALUE       VALUE  FROM      YEAR
                                                  NORMAL
..................................................................
TEMPERATURE (F)
 YESTERDAY
  MAXIMUM         40    522 PM  52    1984  32      8       37
  MINIMUM         28    110 AM -18    2016  17     11       18
  AVERAGE         34                        24     10       28

PRECIPITATION (IN)
  YESTERDAY        0.03          1.41 1960   0.08  -0.05      T
  MONTH TO DATE    1.49                      1.12   0.37     1.72
  SINCE DEC 1      5.70                      6.40  -0.70     9.10
  SINCE JAN 1      4.29                      3.57   0.72     5.51

SNOWFALL (IN)
  YESTERDAY        0.0          14.3  2007   0.6   -0.6       T
  MONTH TO DATE   13.6                       8.5    5.1     19.1
  SINCE DEC 1     39.8                      48.5   -8.7     60.9
  SINCE JUL 1     41.6                      55.3  -13.7     89.5
  SNOW DEPTH       3

DEGREE DAYS
 HEATING
  YESTERDAY       31                        41    -10       37
  MONTH TO DATE  573                       582     -9      554
  SINCE DEC 1   3195                      3079    116     2887
  SINCE JUL 1   4593                      4654    -61     4236

 COOLING
  YESTERDAY        0                         0      0        0
  MONTH TO DATE    0                         0      0        0
  SINCE DEC 1      0                         0      0        0
  SINCE JAN 1      0                         0      0        0
..................................................................


WIND (MPH)
  HIGHEST WIND SPEED    14   HIGHEST WIND DIRECTION    SW (210)
  HIGHEST GUST SPEED    19   HIGHEST GUST DIRECTION     S (200)
  AVERAGE WIND SPEED     7.8


SKY COVER
  AVERAGE SKY COVER 0.8


WEATHER CONDITIONS
 THE FOLLOWING WEATHER WAS RECORDED YESTERDAY.
  LIGHT RAIN
  FOG


RELATIVE HUMIDITY (PERCENT)
 HIGHEST    85           700 AM
 LOWEST     53          1200 AM
 AVERAGE    69

..........................................................


THE BINGHAMTON NY CLIMATE NORMALS FOR TODAY
                         NORMAL    RECORD    YEAR
 MAXIMUM TEMPERATURE (F)   32        58      1954
 MINIMUM TEMPERATURE (F)   17       -10      1987


SUNRISE AND SUNSET
FEBRUARY 15 2018......SUNRISE   700 AM EST   SUNSET   537 PM EST
FEBRUARY 16 2018......SUNRISE   659 AM EST   SUNSET   538 PM EST


-  INDICATES NEGATIVE NUMBERS.
R  INDICATES RECORD WAS SET OR TIED.
MM INDICATES DATA IS MISSING.
T  INDICATES TRACE AMOUNT.




$$
