000
CDUS41 KBGM 200548
CLIBGM


CLIMATE REPORT
NATIONAL WEATHER SERVICE BINGHAMTON NY
146 AM EDT WED APR 20 2016


...................................

...THE BINGHAMTON NY CLIMATE SUMMARY FOR APRIL 19 2016...

CLIMATE NORMAL PERIOD 1981 TO 2010
CLIMATE RECORD PERIOD 1951 TO 2016


WEATHER ITEM   OBSERVED TIME   RECORD YEAR NORMAL DEPARTURE LAST
                VALUE   (LST)  VALUE       VALUE  FROM      YEAR
                                                  NORMAL
..................................................................
TEMPERATURE (F)
 YESTERDAY
  MAXIMUM         57    223 AM  85    1976  56      1       65
  MINIMUM         41   1159 PM  22    2001  37      4       36
  AVERAGE         49                        47      2       51

PRECIPITATION (IN)
  YESTERDAY        0.00          1.53 1998   0.11  -0.11     0.00
  MONTH TO DATE    2.21                      2.22  -0.01     2.68
  SINCE MAR 1      3.61                      5.21  -1.60     4.67
  SINCE JAN 1      8.92                      9.97  -1.05     8.61

SNOWFALL (IN)
  YESTERDAY        0.0           6.9  1983   0.1   -0.1      0.0
  MONTH TO DATE    9.3                       3.4    5.9      2.3
  SINCE MAR 1     10.3                      18.5   -8.2     17.1
  SINCE JUL 1     32.0                      82.4  -50.4     92.9
  SNOW DEPTH       0

DEGREE DAYS
 HEATING
  YESTERDAY       16                        19     -3       14
  MONTH TO DATE  492                       423     69      373
  SINCE MAR 1   1263                      1420   -157     1543
  SINCE JUL 1   5621                      6619   -998     7075

 COOLING
  YESTERDAY        0                         0      0        0
  MONTH TO DATE    0                         0      0        0
  SINCE MAR 1      0                         0      0        0
  SINCE JAN 1      0                         0      0        0
..................................................................


WIND (MPH)
  HIGHEST WIND SPEED    25   HIGHEST WIND DIRECTION     N (350)
  HIGHEST GUST SPEED    33   HIGHEST GUST DIRECTION     N (350)
  AVERAGE WIND SPEED    12.7


SKY COVER
  AVERAGE SKY COVER 0.4


WEATHER CONDITIONS
 THE FOLLOWING WEATHER WAS RECORDED YESTERDAY.
  NO SIGNIFICANT WEATHER WAS OBSERVED.


RELATIVE HUMIDITY (PERCENT)
 HIGHEST    82           900 AM
 LOWEST     26           300 PM
 AVERAGE    54

..........................................................


THE BINGHAMTON NY CLIMATE NORMALS FOR TODAY
                         NORMAL    RECORD    YEAR
 MAXIMUM TEMPERATURE (F)   56        80      1954
 MINIMUM TEMPERATURE (F)   38        24      1988
                                             1953


SUNRISE AND SUNSET
APRIL 20 2016.........SUNRISE   615 AM EDT   SUNSET   752 PM EDT
APRIL 21 2016.........SUNRISE   613 AM EDT   SUNSET   753 PM EDT


-  INDICATES NEGATIVE NUMBERS.
R  INDICATES RECORD WAS SET OR TIED.
MM INDICATES DATA IS MISSING.
T  INDICATES TRACE AMOUNT.




$$
