000
CDUS41 KBGM 200526
CLIBGM


CLIMATE REPORT
NATIONAL WEATHER SERVICE BINGHAMTON NY
126 AM EDT SAT MAY 20 2017


...................................

...THE BINGHAMTON NY CLIMATE SUMMARY FOR MAY 19 2017...

CLIMATE NORMAL PERIOD 1981 TO 2010
CLIMATE RECORD PERIOD 1951 TO 2017


WEATHER ITEM   OBSERVED TIME   RECORD YEAR NORMAL DEPARTURE LAST
                VALUE   (LST)  VALUE       VALUE  FROM      YEAR
                                                  NORMAL
..................................................................
TEMPERATURE (F)
 YESTERDAY
  MAXIMUM         74   1142 AM  87    1996  67      7       63
                                      1962
  MINIMUM         48   1159 PM  31    2009  47      1       39
                                      2002
  AVERAGE         61                        57      4       51

PRECIPITATION (IN)
  YESTERDAY        T             2.06 1988   0.12  -0.12     0.00
  MONTH TO DATE    3.71                      2.09   1.62     2.47
  SINCE MAR 1     14.92                      8.51   6.41     6.70
  SINCE JAN 1     21.19                     13.27   7.92    12.01

SNOWFALL (IN)
  YESTERDAY        0.0           T    2008   0.0    0.0      0.0
                                      2002
                                      1976
  MONTH TO DATE    0.0                       0.1   -0.1       T
  SINCE MAR 1     41.7                      19.5   22.2     10.3
  SINCE JUL 1    135.2                      83.4   51.8     32.0
  SNOW DEPTH       0

DEGREE DAYS
 HEATING
  YESTERDAY        4                         9     -5       14
  MONTH TO DATE  270                       218     52      292
  SINCE MAR 1   1817                      1818     -1     1742
  SINCE JUL 1   6430                      7017   -587     6100

 COOLING
  YESTERDAY        0                         1     -1        0
  MONTH TO DATE   17                         7     10        0
  SINCE MAR 1     21                        11     10        0
  SINCE JAN 1     21                        11     10        0
..................................................................


WIND (MPH)
  HIGHEST WIND SPEED    23   HIGHEST WIND DIRECTION     N (360)
  HIGHEST GUST SPEED    34   HIGHEST GUST DIRECTION     W (270)
  AVERAGE WIND SPEED    12.2


SKY COVER
  AVERAGE SKY COVER 0.3


WEATHER CONDITIONS
 THE FOLLOWING WEATHER WAS RECORDED YESTERDAY.
  LIGHT RAIN


RELATIVE HUMIDITY (PERCENT)
 HIGHEST    87           600 AM
 LOWEST     53          1100 AM
 AVERAGE    70

..........................................................


THE BINGHAMTON NY CLIMATE NORMALS FOR TODAY
                         NORMAL    RECORD    YEAR
 MAXIMUM TEMPERATURE (F)   67        89      1996
 MINIMUM TEMPERATURE (F)   47        30      2002


SUNRISE AND SUNSET
MAY 20 2017...........SUNRISE   538 AM EDT   SUNSET   824 PM EDT
MAY 21 2017...........SUNRISE   537 AM EDT   SUNSET   824 PM EDT


-  INDICATES NEGATIVE NUMBERS.
R  INDICATES RECORD WAS SET OR TIED.
MM INDICATES DATA IS MISSING.
T  INDICATES TRACE AMOUNT.




$$
