000
CDUS41 KBGM 130218
CLIBGM


CLIMATE REPORT
NATIONAL WEATHER SERVICE BINGHAMTON NY
1017 PM EDT WED JUL 12 2017


...................................

...THE BINGHAMTON NY CLIMATE SUMMARY FOR JULY 12 2017...
VALID AS OF 1000 PM LOCAL TIME.

CLIMATE NORMAL PERIOD 1981 TO 2010
CLIMATE RECORD PERIOD 1951 TO 2017


WEATHER ITEM   OBSERVED TIME   RECORD YEAR NORMAL DEPARTURE LAST
                VALUE   (LST)  VALUE       VALUE  FROM      YEAR
                                                  NORMAL
..................................................................
TEMPERATURE (F)
 TODAY
  MAXIMUM         77    402 PM  91    1966  78     -1       85
  MINIMUM         67    308 AM  48    2002  60      7       56
                                      1999
  AVERAGE         72                        69      3       71

PRECIPITATION (IN)
  TODAY            0.13          1.70 1986   0.12   0.01     0.00
  MONTH TO DATE    1.45                      1.47  -0.02     0.29
  SINCE JUN 1      7.19                      5.78   1.41     3.33
  SINCE JAN 1     31.64                     20.53  11.11    15.72

SNOWFALL (IN)
  TODAY            0.0           0.0  2002   0.0    0.0      0.0
                                      2001
                                      2000
  MONTH TO DATE    0.0                       0.0    0.0      0.0
  SINCE JUN 1      T                         0.0    0.0      0.0
  SINCE JUL 1      0.0                       0.0    0.0      0.0
  SNOW DEPTH       0

DEGREE DAYS
 HEATING
  TODAY            0                         1     -1        0
  MONTH TO DATE    1                        12    -11        3
  SINCE JUN 1     96                       103     -7       72
  SINCE JUL 1      1                        12    -11        3

 COOLING
  TODAY            7                         5      2        6
  MONTH TO DATE   39                        51    -12       60
  SINCE JUN 1    112                       125    -13      123
  SINCE JAN 1    133                       148    -15      169
..................................................................


WIND (MPH)
  HIGHEST WIND SPEED    20   HIGHEST WIND DIRECTION     N (20)
  HIGHEST GUST SPEED    25   HIGHEST GUST DIRECTION     N (20)
  AVERAGE WIND SPEED     4.4


SKY COVER
  AVERAGE SKY COVER 0.8


WEATHER CONDITIONS
 THE FOLLOWING WEATHER WAS RECORDED TODAY.
  THUNDERSTORM
  RAIN
  LIGHT RAIN
  FOG


RELATIVE HUMIDITY (PERCENT)
 HIGHEST   100           300 AM
 LOWEST     82           200 PM
 AVERAGE    91

..........................................................


THE BINGHAMTON NY CLIMATE NORMALS FOR TOMORROW
                         NORMAL    RECORD    YEAR
 MAXIMUM TEMPERATURE (F)   78        92      1966
 MINIMUM TEMPERATURE (F)   60        51      2009
                                             2001


SUNRISE AND SUNSET
JULY 12 2017..........SUNRISE   539 AM EDT   SUNSET   840 PM EDT
JULY 13 2017..........SUNRISE   540 AM EDT   SUNSET   839 PM EDT


-  INDICATES NEGATIVE NUMBERS.
R  INDICATES RECORD WAS SET OR TIED.
MM INDICATES DATA IS MISSING.
T  INDICATES TRACE AMOUNT.




$$
