000
CDUS41 KBGM 140554
CLIBGM


CLIMATE REPORT
NATIONAL WEATHER SERVICE BINGHAMTON NY
1254 AM EST SUN DEC 14 2014


...................................

...THE BINGHAMTON NY CLIMATE SUMMARY FOR DECEMBER 13 2014...

CLIMATE NORMAL PERIOD 1981 TO 2010
CLIMATE RECORD PERIOD 1951 TO 2014


WEATHER ITEM   OBSERVED TIME   RECORD YEAR NORMAL DEPARTURE LAST
                VALUE   (LST)  VALUE       VALUE  FROM      YEAR
                                                  NORMAL
..................................................................
TEMPERATURE (F)
 YESTERDAY
  MAXIMUM         31   1159 PM  56    1984  34     -3       23
  MINIMUM         27    544 AM  -1    1976  22      5       14
  AVERAGE         29                        28      1       19

PRECIPITATION (IN)
  YESTERDAY        0.01          2.66 1983   0.09  -0.08     0.01
  MONTH TO DATE    1.99                      1.32   0.67     0.68
  SINCE DEC 1      1.99                      1.32   0.67     0.68
  SINCE JAN 1     38.32                     37.79   0.53    40.19

SNOWFALL (IN)
  YESTERDAY        T             6.8  2007   0.6   -0.6      0.8
  MONTH TO DATE   10.9                       6.7    4.2      5.9
  SINCE DEC 1     10.9                       6.7    4.2      5.9
  SINCE JUL 1     24.6                      13.5   11.1     14.1
  SNOW DEPTH       7

DEGREE DAYS
 HEATING
  YESTERDAY       36                        37     -1       46
  MONTH TO DATE  479                       454     25      474
  SINCE DEC 1    479                       454     25      474
  SINCE JUL 1   2014                      2029    -15     2065

 COOLING
  YESTERDAY        0                         0      0        0
  MONTH TO DATE    0                         0      0        0
  SINCE DEC 1      0                         0      0        0
  SINCE JAN 1    341                       381    -40      480
..................................................................


WIND (MPH)
  HIGHEST WIND SPEED    20   HIGHEST WIND DIRECTION    NW (330)
  HIGHEST GUST SPEED    27   HIGHEST GUST DIRECTION    NW (330)
  AVERAGE WIND SPEED     8.6


SKY COVER
  AVERAGE SKY COVER 1.0


WEATHER CONDITIONS
 THE FOLLOWING WEATHER WAS RECORDED YESTERDAY.
  LIGHT SNOW
  FOG
  FOG W/VISIBILITY <= 1/4 MILE


RELATIVE HUMIDITY (PERCENT)
 HIGHEST   100           500 PM
 LOWEST     85           600 AM
 AVERAGE    93

..........................................................


THE BINGHAMTON NY CLIMATE NORMALS FOR TODAY
                         NORMAL    RECORD    YEAR
 MAXIMUM TEMPERATURE (F)   34        55      2006
 MINIMUM TEMPERATURE (F)   22        -6      2005


SUNRISE AND SUNSET
DECEMBER 14 2014......SUNRISE   725 AM EST   SUNSET   432 PM EST
DECEMBER 15 2014......SUNRISE   726 AM EST   SUNSET   433 PM EST


-  INDICATES NEGATIVE NUMBERS.
R  INDICATES RECORD WAS SET OR TIED.
MM INDICATES DATA IS MISSING.
T  INDICATES TRACE AMOUNT.




$$
