000
CDUS41 KBGM 190535
CLIBGM


CLIMATE REPORT
NATIONAL WEATHER SERVICE BINGHAMTON NY
134 AM EDT WED APR 19 2017


...................................

...THE BINGHAMTON NY CLIMATE SUMMARY FOR APRIL 18 2017...

CLIMATE NORMAL PERIOD 1981 TO 2010
CLIMATE RECORD PERIOD 1951 TO 2017


WEATHER ITEM   OBSERVED TIME   RECORD YEAR NORMAL DEPARTURE LAST
                VALUE   (LST)  VALUE       VALUE  FROM      YEAR
                                                  NORMAL
..................................................................
TEMPERATURE (F)
 YESTERDAY
  MAXIMUM         58    420 PM  85    1976  55      3       72
  MINIMUM         35    456 AM  25    2001  37     -2       44
  AVERAGE         47                        46      1       58

PRECIPITATION (IN)
  YESTERDAY        0.00          0.62 1965   0.11  -0.11     0.00
  MONTH TO DATE    2.77                      2.11   0.66     2.21
  SINCE MAR 1      8.37                      5.10   3.27     3.61
  SINCE JAN 1     14.64                      9.86   4.78     8.92

SNOWFALL (IN)
  YESTERDAY        0.0           7.1  1965   0.1   -0.1      0.0
  MONTH TO DATE    2.1                       3.3   -1.2      9.3
  SINCE MAR 1     41.7                      18.4   23.3     10.3
  SINCE JUL 1    135.2                      82.3   52.9     32.0
  SNOW DEPTH       0

DEGREE DAYS
 HEATING
  YESTERDAY       18                        19     -1        7
  MONTH TO DATE  302                       404   -102      476
  SINCE MAR 1   1414                      1401     13     1247
  SINCE JUL 1   6027                      6600   -573     5605

 COOLING
  YESTERDAY        0                         0      0        0
  MONTH TO DATE    4                         0      4        0
  SINCE MAR 1      4                         0      4        0
  SINCE JAN 1      4                         0      4        0
..................................................................


WIND (MPH)
  HIGHEST WIND SPEED    15   HIGHEST WIND DIRECTION    SE (150)
  HIGHEST GUST SPEED    21   HIGHEST GUST DIRECTION     S (160)
  AVERAGE WIND SPEED     5.7


SKY COVER
  AVERAGE SKY COVER 0.3


WEATHER CONDITIONS
 THE FOLLOWING WEATHER WAS RECORDED YESTERDAY.
  NO SIGNIFICANT WEATHER WAS OBSERVED.


RELATIVE HUMIDITY (PERCENT)
 HIGHEST    92           400 AM
 LOWEST     30           500 PM
 AVERAGE    61

..........................................................


THE BINGHAMTON NY CLIMATE NORMALS FOR TODAY
                         NORMAL    RECORD    YEAR
 MAXIMUM TEMPERATURE (F)   56        85      1976
 MINIMUM TEMPERATURE (F)   37        22      2001


SUNRISE AND SUNSET
APRIL 19 2017.........SUNRISE   617 AM EDT   SUNSET   750 PM EDT
APRIL 20 2017.........SUNRISE   615 AM EDT   SUNSET   751 PM EDT


-  INDICATES NEGATIVE NUMBERS.
R  INDICATES RECORD WAS SET OR TIED.
MM INDICATES DATA IS MISSING.
T  INDICATES TRACE AMOUNT.

$$
