000
CDUS41 KBGM 130224
CLIBGM


CLIMATE REPORT
NATIONAL WEATHER SERVICE BINGHAMTON NY
1023 PM EDT MON JUN 12 2017


...................................

...THE BINGHAMTON NY CLIMATE SUMMARY FOR JUNE 12 2017...
VALID AS OF 1000 PM LOCAL TIME.

CLIMATE NORMAL PERIOD 1981 TO 2010
CLIMATE RECORD PERIOD 1951 TO 2017


WEATHER ITEM   OBSERVED TIME   RECORD YEAR NORMAL DEPARTURE LAST
                VALUE   (LST)  VALUE       VALUE  FROM      YEAR
                                                  NORMAL
..................................................................
TEMPERATURE (F)
 TODAY
  MAXIMUM         85    313 PM  86    1973  73     12       70
                                      1969
  MINIMUM         64    334 AM  35    1979  55      9       50
  AVERAGE         75                        64     11       60

PRECIPITATION (IN)
  TODAY            0.00          1.22 1968   0.14  -0.14      T
  MONTH TO DATE    2.49                      1.69   0.80     1.76
  SINCE JUN 1      2.49                      1.69   0.80     1.76
  SINCE JAN 1     26.94                     16.44  10.50    14.15

SNOWFALL (IN)
  TODAY            0.0           T    1954   0.0    0.0      0.0
  MONTH TO DATE    0.0                       0.0    0.0      0.0
  SINCE JUN 1      0.0                       0.0    0.0      0.0
  SINCE JUL 1    135.2                      83.4   51.8     32.0
  SNOW DEPTH       0

DEGREE DAYS
 HEATING
  TODAY            0                         3     -3        5
  MONTH TO DATE   70                        54     16       47
  SINCE JUN 1     70                        54     16       47
  SINCE JUL 1   6586                      7158   -572     6176

 COOLING
  TODAY           10                         2      8        0
  MONTH TO DATE   22                        21      1       10
  SINCE JUN 1     22                        21      1       10
  SINCE JAN 1     43                        44     -1       56
..................................................................


WIND (MPH)
  HIGHEST WIND SPEED    15   HIGHEST WIND DIRECTION    SW (240)
  HIGHEST GUST SPEED    20   HIGHEST GUST DIRECTION     W (270)
  AVERAGE WIND SPEED     8.0


SKY COVER
  AVERAGE SKY COVER 0.1


WEATHER CONDITIONS
 THE FOLLOWING WEATHER WAS RECORDED TODAY.
  NO SIGNIFICANT WEATHER WAS OBSERVED.


RELATIVE HUMIDITY (PERCENT)
 HIGHEST    78           300 AM
 LOWEST     44           400 PM
 AVERAGE    61

..........................................................


THE BINGHAMTON NY CLIMATE NORMALS FOR TOMORROW
                         NORMAL    RECORD    YEAR
 MAXIMUM TEMPERATURE (F)   73        89      1984
                                             1956
 MINIMUM TEMPERATURE (F)   55        40      1979


SUNRISE AND SUNSET
JUNE 12 2017..........SUNRISE   527 AM EDT   SUNSET   841 PM EDT
JUNE 13 2017..........SUNRISE   527 AM EDT   SUNSET   841 PM EDT


-  INDICATES NEGATIVE NUMBERS.
R  INDICATES RECORD WAS SET OR TIED.
MM INDICATES DATA IS MISSING.
T  INDICATES TRACE AMOUNT.




$$
