000
CDUS41 KBGM 200220
CLIBGM


CLIMATE REPORT
NATIONAL WEATHER SERVICE BINGHAMTON NY
1019 PM EDT THU MAY 19 2016


...................................

...THE BINGHAMTON NY CLIMATE SUMMARY FOR MAY 19 2016...
VALID AS OF 1000 PM LOCAL TIME.

CLIMATE NORMAL PERIOD 1981 TO 2010
CLIMATE RECORD PERIOD 1951 TO 2016


WEATHER ITEM   OBSERVED TIME   RECORD YEAR NORMAL DEPARTURE LAST
                VALUE   (LST)  VALUE       VALUE  FROM      YEAR
                                                  NORMAL
..................................................................
TEMPERATURE (F)
 TODAY
  MAXIMUM         63    350 PM  87    1996  67     -4       79
                                      1962
  MINIMUM         39    445 AM  31    2009  47     -8       48
                                      2002
  AVERAGE         51                        57     -6       64

PRECIPITATION (IN)
  TODAY            0.00          2.06 1988   0.12  -0.12     0.01
  MONTH TO DATE    2.47                      2.09   0.38     2.93
  SINCE MAR 1      6.70                      8.51  -1.81     9.13
  SINCE JAN 1     12.01                     13.27  -1.26    13.07

SNOWFALL (IN)
  TODAY            0.0           T    2008   0.0    0.0      0.0
                                      2002
                                      1976
  MONTH TO DATE    T                         0.1   -0.1      0.0
  SINCE MAR 1     10.3                      19.5   -9.2     17.6
  SINCE JUL 1     32.0                      83.4  -51.4     93.4
  SNOW DEPTH       0

DEGREE DAYS
 HEATING
  TODAY           14                         9      5        1
  MONTH TO DATE  292                       218     74       77
  SINCE MAR 1   1742                      1818    -76     1850
  SINCE JUL 1   6100                      7017   -917     7382

 COOLING
  TODAY            0                         1     -1        0
  MONTH TO DATE    0                         7     -7       42
  SINCE MAR 1      0                        11    -11       42
  SINCE JAN 1      0                        11    -11       42
..................................................................


WIND (MPH)
  HIGHEST WIND SPEED    16   HIGHEST WIND DIRECTION     N (350)
  HIGHEST GUST SPEED    21   HIGHEST GUST DIRECTION     N (350)
  AVERAGE WIND SPEED     7.8


SKY COVER
  AVERAGE SKY COVER 0.3


WEATHER CONDITIONS
 THE FOLLOWING WEATHER WAS RECORDED TODAY.
  NO SIGNIFICANT WEATHER WAS OBSERVED.


RELATIVE HUMIDITY (PERCENT)
 HIGHEST    85           500 AM
 LOWEST     36           200 PM
 AVERAGE    61

..........................................................


THE BINGHAMTON NY CLIMATE NORMALS FOR TOMORROW
                         NORMAL    RECORD    YEAR
 MAXIMUM TEMPERATURE (F)   67        89      1996
 MINIMUM TEMPERATURE (F)   47        30      2002


SUNRISE AND SUNSET
MAY 19 2016...........SUNRISE   539 AM EDT   SUNSET   823 PM EDT
MAY 20 2016...........SUNRISE   538 AM EDT   SUNSET   824 PM EDT


-  INDICATES NEGATIVE NUMBERS.
R  INDICATES RECORD WAS SET OR TIED.
MM INDICATES DATA IS MISSING.
T  INDICATES TRACE AMOUNT.




$$
