000
CDUS41 KBGM 150819
CLIBGM


CLIMATE REPORT
NATIONAL WEATHER SERVICE BINGHAMTON NY
318 AM EST SAT NOV 15 2014


...................................

...THE BINGHAMTON NY CLIMATE SUMMARY FOR NOVEMBER 14 2014...

CLIMATE NORMAL PERIOD 1981 TO 2010
CLIMATE RECORD PERIOD 1951 TO 2014


WEATHER ITEM   OBSERVED TIME   RECORD YEAR NORMAL DEPARTURE LAST
                VALUE   (LST)  VALUE       VALUE  FROM      YEAR
                                                  NORMAL
..................................................................
TEMPERATURE (F)
 YESTERDAY
  MAXIMUM         33    254 PM  66    1989  46    -13       48
  MINIMUM         21    549 AM  12    1986  32    -11       27
  AVERAGE         27                        39    -12       38

PRECIPITATION (IN)
  YESTERDAY        0.01          1.54 1972   0.11  -0.10     0.00
  MONTH TO DATE    0.45                      1.51  -1.06     1.19
  SINCE SEP 1      5.65                      8.47  -2.82     6.91
  SINCE JAN 1     34.68                     34.68   0.00    37.20

SNOWFALL (IN)
  YESTERDAY        0.3          10.8  1995   0.1    0.2      0.0
  MONTH TO DATE    1.6                       1.7   -0.1      2.0
  SINCE SEP 1      1.6                       2.7   -1.1      2.0
  SINCE JUL 1      1.6                       2.7   -1.1      2.0
  SNOW DEPTH       1

DEGREE DAYS
 HEATING
  YESTERDAY       38                        26     12       27
  MONTH TO DATE  332                       334     -2      374
  SINCE SEP 1    916                      1043   -127     1007
  SINCE JUL 1    982                      1106   -124     1058

 COOLING
  YESTERDAY        0                         0      0        0
  MONTH TO DATE    0                         0      0        0
  SINCE SEP 1     39                        33      6       53
  SINCE JAN 1    341                       381    -40      480
..................................................................


WIND (MPH)
  HIGHEST WIND SPEED    18   HIGHEST WIND DIRECTION     W (280)
  HIGHEST GUST SPEED    24   HIGHEST GUST DIRECTION    NW (310)
  AVERAGE WIND SPEED    10.2


SKY COVER
  AVERAGE SKY COVER 0.6


WEATHER CONDITIONS
 THE FOLLOWING WEATHER WAS RECORDED YESTERDAY.
  LIGHT SNOW
  FOG


RELATIVE HUMIDITY (PERCENT)
 HIGHEST    92          1200 AM
 LOWEST     54          1200 PM
 AVERAGE    73

..........................................................


THE BINGHAMTON NY CLIMATE NORMALS FOR TODAY
                         NORMAL    RECORD    YEAR
 MAXIMUM TEMPERATURE (F)   45        69      1956
 MINIMUM TEMPERATURE (F)   32        14      1967


SUNRISE AND SUNSET
NOVEMBER 15 2014......SUNRISE   654 AM EST   SUNSET   442 PM EST
NOVEMBER 16 2014......SUNRISE   656 AM EST   SUNSET   441 PM EST


-  INDICATES NEGATIVE NUMBERS.
R  INDICATES RECORD WAS SET OR TIED.
MM INDICATES DATA IS MISSING.
T  INDICATES TRACE AMOUNT.




$$
