000
CDUS41 KBGM 220606
CLIBGM


CLIMATE REPORT
NATIONAL WEATHER SERVICE BINGHAMTON NY
200 AM EDT FRI MAY 22 2015


...................................

...THE BINGHAMTON NY CLIMATE SUMMARY FOR MAY 21 2015...

CLIMATE NORMAL PERIOD 1981 TO 2010
CLIMATE RECORD PERIOD 1951 TO 2015


WEATHER ITEM   OBSERVED TIME   RECORD YEAR NORMAL DEPARTURE LAST
                VALUE   (LST)  VALUE       VALUE  FROM      YEAR
                                                  NORMAL
..................................................................
TEMPERATURE (F)
 YESTERDAY
  MAXIMUM         56    152 PM  86    1977  67    -11       65
  MINIMUM         41    559 AM  28    2002  48     -7       54
  AVERAGE         49                        57     -8       60

PRECIPITATION (IN)
  YESTERDAY        0.00          0.71 1986   0.12  -0.12     0.14
  MONTH TO DATE    2.93                      2.34   0.59     3.59
  SINCE MAR 1      9.13                      8.76   0.37     9.04
  SINCE JAN 1     13.07                     13.52  -0.45    14.73

SNOWFALL (IN)
  YESTERDAY        0.0           T    2002   0.0    0.0      0.0
  MONTH TO DATE    0.0                       0.1   -0.1      0.0
  SINCE MAR 1     17.6                      19.5   -1.9      2.9
  SINCE JUL 1     93.4                      83.4   10.0     85.4
  SNOW DEPTH       0

DEGREE DAYS
 HEATING
  YESTERDAY       16                         8      8        5
  MONTH TO DATE  112                       235   -123      177
  SINCE MAR 1   1885                      1835     50     1979
  SINCE JUL 1   7417                      7034    383     7450

 COOLING
  YESTERDAY        0                         1     -1        0
  MONTH TO DATE   42                         9     33       13
  SINCE MAR 1     42                        13     29       15
  SINCE JAN 1     42                        13     29       15
..................................................................


WIND (MPH)
  HIGHEST WIND SPEED    13   HIGHEST WIND DIRECTION    SW (240)
  HIGHEST GUST SPEED    16   HIGHEST GUST DIRECTION    SW (240)
  AVERAGE WIND SPEED     5.8


SKY COVER
  AVERAGE SKY COVER 0.9


WEATHER CONDITIONS
 THE FOLLOWING WEATHER WAS RECORDED YESTERDAY.
  NO SIGNIFICANT WEATHER WAS OBSERVED.


RELATIVE HUMIDITY (PERCENT)
 HIGHEST    82           700 AM
 LOWEST     50          1200 PM
 AVERAGE    66

..........................................................


THE BINGHAMTON NY CLIMATE NORMALS FOR TODAY
                         NORMAL    RECORD    YEAR
 MAXIMUM TEMPERATURE (F)   67        86      1975
 MINIMUM TEMPERATURE (F)   48        33      2002


SUNRISE AND SUNSET
MAY 22 2015...........SUNRISE   537 AM EDT   SUNSET   825 PM EDT
MAY 23 2015...........SUNRISE   536 AM EDT   SUNSET   826 PM EDT


-  INDICATES NEGATIVE NUMBERS.
R  INDICATES RECORD WAS SET OR TIED.
MM INDICATES DATA IS MISSING.
T  INDICATES TRACE AMOUNT.




$$
