000
CDUS41 KBGM 082216
CLIBGM


CLIMATE REPORT
NATIONAL WEATHER SERVICE BINGHAMTON NY
516 PM EST MON JAN 8 2018


...................................

...THE BINGHAMTON NY CLIMATE SUMMARY FOR JANUARY 8 2018...
VALID TODAY AS OF 0500 PM LOCAL TIME.

CLIMATE NORMAL PERIOD 1981 TO 2010
CLIMATE RECORD PERIOD 1951 TO 2018


WEATHER ITEM   OBSERVED TIME   RECORD YEAR NORMAL DEPARTURE LAST
                VALUE   (LST)  VALUE       VALUE  FROM      YEAR
                                                  NORMAL
..................................................................
TEMPERATURE (F)
 TODAY
  MAXIMUM         31    459 PM  63    2008  29      2       16
                                      1998
  MINIMUM         17   1232 AM -11    1968  16      1        4
  AVERAGE         24                        22      2       10

PRECIPITATION (IN)
  TODAY            T             1.00 1998   0.08  -0.08      T
  MONTH TO DATE    0.10                      0.64  -0.54     0.64
  SINCE DEC 1      1.51                      3.47  -1.96     4.23
  SINCE JAN 1      0.10                      0.64  -0.54     0.64

SNOWFALL (IN)
  TODAY            T             6.9  1988   0.7   -0.7      0.1
  MONTH TO DATE    3.3                       5.6   -2.3      0.7
  SINCE DEC 1     14.6                      23.4   -8.8     30.5
  SINCE JUL 1     16.4                      30.2  -13.8     59.1
  SNOW DEPTH       4

DEGREE DAYS
 HEATING
  TODAY           41                        43     -2       55
  MONTH TO DATE  455                       338    117      339
  SINCE DEC 1   1727                      1508    219     1515
  SINCE JUL 1   3125                      3083     42     2864

 COOLING
  TODAY            0                         0      0        0
  MONTH TO DATE    0                         0      0        0
  SINCE DEC 1      0                         0      0        0
  SINCE JAN 1      0                         0      0        0
..................................................................


WIND (MPH)
  HIGHEST WIND SPEED    16   HIGHEST WIND DIRECTION    SW (230)
  HIGHEST GUST SPEED    25   HIGHEST GUST DIRECTION    SW (210)
  AVERAGE WIND SPEED     9.5


SKY COVER
  AVERAGE SKY COVER 1.0


WEATHER CONDITIONS
 THE FOLLOWING WEATHER WAS RECORDED TODAY.
  LIGHT SNOW
  HAZE


RELATIVE HUMIDITY (PERCENT)
 HIGHEST    78           200 PM
 LOWEST     43           200 AM
 AVERAGE    61

..........................................................


THE BINGHAMTON NY CLIMATE NORMALS FOR TOMORROW
                         NORMAL    RECORD    YEAR
 MAXIMUM TEMPERATURE (F)   29        56      2008
                                             1998
 MINIMUM TEMPERATURE (F)   16       -15      1968


SUNRISE AND SUNSET
JANUARY  8 2018.......SUNRISE   732 AM EST   SUNSET   449 PM EST
JANUARY  9 2018.......SUNRISE   732 AM EST   SUNSET   450 PM EST


-  INDICATES NEGATIVE NUMBERS.
R  INDICATES RECORD WAS SET OR TIED.
MM INDICATES DATA IS MISSING.
T  INDICATES TRACE AMOUNT.




$$
