120
CDUS41 KBGM 140546
CLIBGM


CLIMATE REPORT
NATIONAL WEATHER SERVICE BINGHAMTON NY
145 AM EDT SAT OCT 14 2017


...................................

...THE BINGHAMTON NY CLIMATE SUMMARY FOR OCTOBER 13 2017...

CLIMATE NORMAL PERIOD 1981 TO 2010
CLIMATE RECORD PERIOD 1951 TO 2017


WEATHER ITEM   OBSERVED TIME   RECORD YEAR NORMAL DEPARTURE LAST
                VALUE   (LST)  VALUE       VALUE  FROM      YEAR
                                                  NORMAL
..................................................................
TEMPERATURE (F)
 YESTERDAY
  MAXIMUM         56    204 PM  78    1995  58     -2       56
  MINIMUM         43    654 AM  26    2012  41      2       39
  AVERAGE         50                        49      1       48

PRECIPITATION (IN)
  YESTERDAY        0.00          1.57 1990   0.10  -0.10     0.08
  MONTH TO DATE    0.97                      1.45  -0.48     0.56
  SINCE SEP 1      2.23                      5.08  -2.85     1.59
  SINCE JAN 1     41.97                     31.29  10.68    25.14

SNOWFALL (IN)
  YESTERDAY        0.0           0.3  1980   0.0    0.0      0.0
  MONTH TO DATE    0.0                       0.1   -0.1      0.0
  SINCE SEP 1      0.0                       0.1   -0.1      0.0
  SINCE JUL 1      0.0                       0.1   -0.1      0.0
  SNOW DEPTH       0

DEGREE DAYS
 HEATING
  YESTERDAY       15                        16     -1       17
  MONTH TO DATE   81                       178    -97      157
  SINCE SEP 1    236                       372   -136      271
  SINCE JUL 1    317                       435   -118      280

 COOLING
  YESTERDAY        0                         0      0        0
  MONTH TO DATE    9                         0      9        0
  SINCE SEP 1     78                        31     47       48
  SINCE JAN 1    349                       379    -30      559
..................................................................


WIND (MPH)
  HIGHEST WIND SPEED    16   HIGHEST WIND DIRECTION     S (180)
  HIGHEST GUST SPEED    24   HIGHEST GUST DIRECTION     S (170)
  AVERAGE WIND SPEED     9.1


SKY COVER
  AVERAGE SKY COVER 0.8


WEATHER CONDITIONS
 THE FOLLOWING WEATHER WAS RECORDED YESTERDAY.
  FOG


RELATIVE HUMIDITY (PERCENT)
 HIGHEST    93           800 PM
 LOWEST     76           200 AM
 AVERAGE    85

..........................................................


THE BINGHAMTON NY CLIMATE NORMALS FOR TODAY
                         NORMAL    RECORD    YEAR
 MAXIMUM TEMPERATURE (F)   58        80      1954
 MINIMUM TEMPERATURE (F)   41        24      1993


SUNRISE AND SUNSET
OCTOBER 14 2017.......SUNRISE   716 AM EDT   SUNSET   623 PM EDT
OCTOBER 15 2017.......SUNRISE   717 AM EDT   SUNSET   622 PM EDT


-  INDICATES NEGATIVE NUMBERS.
R  INDICATES RECORD WAS SET OR TIED.
MM INDICATES DATA IS MISSING.
T  INDICATES TRACE AMOUNT.




$$
