264
CDUS41 KBGM 200216
CLIBGM


CLIMATE REPORT
NATIONAL WEATHER SERVICE BINGHAMTON NY
1015 PM EDT TUE JUL 19 2016


...................................

...THE BINGHAMTON NY CLIMATE SUMMARY FOR JULY 19 2016...
VALID AS OF 1000 PM LOCAL TIME.

CLIMATE NORMAL PERIOD 1981 TO 2010
CLIMATE RECORD PERIOD 1951 TO 2016


WEATHER ITEM   OBSERVED TIME   RECORD YEAR NORMAL DEPARTURE LAST
                VALUE   (LST)  VALUE       VALUE  FROM      YEAR
                                                  NORMAL
..................................................................
TEMPERATURE (F)
 TODAY
  MAXIMUM         76    328 PM  91    1991  78     -2       86
                                      1972
  MINIMUM         57    512 AM  50    2003  60     -3       65
  AVERAGE         67                        69     -2       76

PRECIPITATION (IN)
  TODAY            0.00          1.52 2007   0.12  -0.12     1.10
  MONTH TO DATE    0.62                      2.29  -1.67     3.84
  SINCE JUN 1      3.66                      6.60  -2.94    13.58
  SINCE JAN 1     16.05                     21.35  -5.30    27.13

SNOWFALL (IN)
  TODAY            0.0           0.0  2002   0.0    0.0      0.0
                                      2000
                                      2001
  MONTH TO DATE    0.0                       0.0    0.0      0.0
  SINCE JUN 1      0.0                       0.0    0.0      0.0
  SINCE JUL 1      0.0                       0.0    0.0      0.0
  SNOW DEPTH       0

DEGREE DAYS
 HEATING
  TODAY            0                         1     -1        0
  MONTH TO DATE    3                        19    -16       20
  SINCE JUN 1     72                       110    -38       97
  SINCE JUL 1      3                        19    -16       20

 COOLING
  TODAY            2                         5     -3       11
  MONTH TO DATE  116                        86     30       55
  SINCE JUN 1    179                       160     19      105
  SINCE JAN 1    225                       183     42      178
..................................................................


WIND (MPH)
  HIGHEST WIND SPEED    20   HIGHEST WIND DIRECTION    NW (300)
  HIGHEST GUST SPEED    28   HIGHEST GUST DIRECTION    NW (300)
  AVERAGE WIND SPEED     8.4


SKY COVER
  AVERAGE SKY COVER 0.4


WEATHER CONDITIONS
 THE FOLLOWING WEATHER WAS RECORDED TODAY.
  HAZE


RELATIVE HUMIDITY (PERCENT)
 HIGHEST    80           400 AM
 LOWEST     38          1200 PM
 AVERAGE    59

..........................................................


THE BINGHAMTON NY CLIMATE NORMALS FOR TOMORROW
                         NORMAL    RECORD    YEAR
 MAXIMUM TEMPERATURE (F)   78        93      1991
 MINIMUM TEMPERATURE (F)   60        47      1965


SUNRISE AND SUNSET
JULY 19 2016..........SUNRISE   545 AM EDT   SUNSET   835 PM EDT
JULY 20 2016..........SUNRISE   546 AM EDT   SUNSET   834 PM EDT


-  INDICATES NEGATIVE NUMBERS.
R  INDICATES RECORD WAS SET OR TIED.
MM INDICATES DATA IS MISSING.
T  INDICATES TRACE AMOUNT.

$$
