000
CDUS41 KBGM 040547
CLIBGM


CLIMATE REPORT
NATIONAL WEATHER SERVICE BINGHAMTON NY
1245 AM EST MON DEC 4 2017


...................................

...THE BINGHAMTON NY CLIMATE SUMMARY FOR DECEMBER 3 2017...

CLIMATE NORMAL PERIOD 1981 TO 2010
CLIMATE RECORD PERIOD 1951 TO 2017


WEATHER ITEM   OBSERVED TIME   RECORD YEAR NORMAL DEPARTURE LAST
                VALUE   (LST)  VALUE       VALUE  FROM      YEAR
                                                  NORMAL
..................................................................
TEMPERATURE (F)
 YESTERDAY
  MAXIMUM         44    338 PM  58    1998  38      6       33
  MINIMUM         30   1153 PM  -1    1976  25      5       30
  AVERAGE         37                        32      5       32

PRECIPITATION (IN)
  YESTERDAY        0.00          0.77 1990   0.10  -0.10     0.07
  MONTH TO DATE    0.00                      0.31  -0.31     0.53
  SINCE DEC 1      0.00                      0.31  -0.31     0.53
  SINCE JAN 1     46.89                     36.78  10.11    33.05

SNOWFALL (IN)
  YESTERDAY        0.0           3.4  1990   0.5   -0.5      0.2
  MONTH TO DATE    0.0                       1.4   -1.4      0.3
  SINCE DEC 1      0.0                       1.4   -1.4      0.3
  SINCE JUL 1      1.8                       8.2   -6.4     28.9
  SNOW DEPTH       0

DEGREE DAYS
 HEATING
  YESTERDAY       28                        33     -5       33
  MONTH TO DATE   91                        99     -8       88
  SINCE DEC 1     91                        99     -8       88
  SINCE JUL 1   1489                      1674   -185     1437

 COOLING
  YESTERDAY        0                         0      0        0
  MONTH TO DATE    0                         0      0        0
  SINCE DEC 1      0                         0      0        0
  SINCE JAN 1    349                       381    -32      563
..................................................................


WIND (MPH)
  HIGHEST WIND SPEED     8   HIGHEST WIND DIRECTION     W (280)
  HIGHEST GUST SPEED    12   HIGHEST GUST DIRECTION     W (280)
  AVERAGE WIND SPEED     3.3


SKY COVER
  AVERAGE SKY COVER 0.4


WEATHER CONDITIONS
 THE FOLLOWING WEATHER WAS RECORDED YESTERDAY.
  NO SIGNIFICANT WEATHER WAS OBSERVED.


RELATIVE HUMIDITY (PERCENT)
 HIGHEST    85           300 AM
 LOWEST     53           300 PM
 AVERAGE    69

..........................................................


THE BINGHAMTON NY CLIMATE NORMALS FOR TODAY
                         NORMAL    RECORD    YEAR
 MAXIMUM TEMPERATURE (F)   37        64      2012
                                             1998
                                             1973
 MINIMUM TEMPERATURE (F)   25         1      1966


SUNRISE AND SUNSET
DECEMBER  4 2017......SUNRISE   716 AM EST   SUNSET   432 PM EST
DECEMBER  5 2017......SUNRISE   717 AM EST   SUNSET   432 PM EST


-  INDICATES NEGATIVE NUMBERS.
R  INDICATES RECORD WAS SET OR TIED.
MM INDICATES DATA IS MISSING.
T  INDICATES TRACE AMOUNT.




$$
