000
CDUS41 KBGM 192116
CLIBGM


CLIMATE REPORT
NATIONAL WEATHER SERVICE BINGHAMTON NY
516 PM EDT MON SEP 19 2016


...................................

...THE BINGHAMTON NY CLIMATE SUMMARY FOR SEPTEMBER 19 2016...
VALID TODAY AS OF 0500 PM LOCAL TIME.

CLIMATE NORMAL PERIOD 1981 TO 2010
CLIMATE RECORD PERIOD 1951 TO 2016


WEATHER ITEM   OBSERVED TIME   RECORD YEAR NORMAL DEPARTURE LAST
                VALUE   (LST)  VALUE       VALUE  FROM      YEAR
                                                  NORMAL
..................................................................
TEMPERATURE (F)
 TODAY
  MAXIMUM         74    259 PM  89    1983  67      7       80
  MINIMUM         63    408 AM  35    1959  50     13       57
  AVERAGE         69                        58     11       69

PRECIPITATION (IN)
  TODAY            T             1.12 1989   0.12  -0.12     0.20
  MONTH TO DATE    0.69                      2.25  -1.56     0.49
  SINCE SEP 1      0.69                      2.25  -1.56     0.49
  SINCE JAN 1     24.24                     28.46  -4.22    32.01

SNOWFALL (IN)
  TODAY            0.0           0.0  2002   0.0    0.0      0.0
                                      2001
                                      2000
  MONTH TO DATE    0.0                       0.0    0.0      0.0
  SINCE SEP 1      0.0                       0.0    0.0      0.0
  SINCE JUL 1      0.0                       0.0    0.0       T
  SNOW DEPTH       0

DEGREE DAYS
 HEATING
  TODAY            0                         7     -7        0
  MONTH TO DATE   37                        90    -53       23
  SINCE SEP 1     37                        90    -53       23
  SINCE JUL 1     46                       153   -107       72

 COOLING
  TODAY            4                         1      3        4
  MONTH TO DATE   45                        26     19       99
  SINCE SEP 1     45                        26     19       99
  SINCE JAN 1    556                       374    182      441
..................................................................


WIND (MPH)
  HIGHEST WIND SPEED    10   HIGHEST WIND DIRECTION     N (360)
  HIGHEST GUST SPEED    12   HIGHEST GUST DIRECTION     N (360)
  AVERAGE WIND SPEED     3.7


SKY COVER
  AVERAGE SKY COVER 0.7


WEATHER CONDITIONS
 THE FOLLOWING WEATHER WAS RECORDED TODAY.
  LIGHT RAIN
  FOG
  FOG W/VISIBILITY <= 1/4 MILE


RELATIVE HUMIDITY (PERCENT)
 HIGHEST   100          1200 AM
 LOWEST     64           200 PM
 AVERAGE    82

..........................................................


THE BINGHAMTON NY CLIMATE NORMALS FOR TOMORROW
                         NORMAL    RECORD    YEAR
 MAXIMUM TEMPERATURE (F)   67        89      1983
 MINIMUM TEMPERATURE (F)   49        29      1993


SUNRISE AND SUNSET
SEPTEMBER 19 2016.....SUNRISE   649 AM EDT   SUNSET   706 PM EDT
SEPTEMBER 20 2016.....SUNRISE   650 AM EDT   SUNSET   704 PM EDT


-  INDICATES NEGATIVE NUMBERS.
R  INDICATES RECORD WAS SET OR TIED.
MM INDICATES DATA IS MISSING.
T  INDICATES TRACE AMOUNT.




$$
