000
CDUS41 KBGM 260541
CLIBGM


CLIMATE REPORT
NATIONAL WEATHER SERVICE BINGHAMTON NY
139 AM EDT FRI JUN 26 2015


...................................

...THE BINGHAMTON NY CLIMATE SUMMARY FOR JUNE 25 2015...

CLIMATE NORMAL PERIOD 1981 TO 2010
CLIMATE RECORD PERIOD 1951 TO 2015


WEATHER ITEM   OBSERVED TIME   RECORD YEAR NORMAL DEPARTURE LAST
                VALUE   (LST)  VALUE       VALUE  FROM      YEAR
                                                  NORMAL
..................................................................
TEMPERATURE (F)
 YESTERDAY
  MAXIMUM         74    207 PM  93    1952  76     -2       77
  MINIMUM         55    411 AM  43    1979  58     -3       65
  AVERAGE         65                        67     -2       71

PRECIPITATION (IN)
  YESTERDAY        0.00          1.84 2014   0.15  -0.15     1.84
  MONTH TO DATE    6.80                      3.62   3.18     4.37
  SINCE JUN 1      6.80                      3.62   3.18     4.37
  SINCE JAN 1     20.35                     18.37   1.98    19.73

SNOWFALL (IN)
  YESTERDAY        0.0           0.0  2002   0.0    0.0      0.0
                                      2001
  MONTH TO DATE    0.0                       0.0    0.0      0.0
  SINCE JUN 1      0.0                       0.0    0.0      0.0
  SINCE JUL 1     93.4                      83.4   10.0     85.4
  SNOW DEPTH       0

DEGREE DAYS
 HEATING
  YESTERDAY        0                         2     -2        0
  MONTH TO DATE   61                        85    -24       45
  SINCE JUN 1     61                        85    -24       45
  SINCE JUL 1   7519                      7189    330     7539

 COOLING
  YESTERDAY        0                         3     -3        6
  MONTH TO DATE   50                        56     -6       53
  SINCE JUN 1     50                        56     -6       53
  SINCE JAN 1    123                        79     44       78
..................................................................


WIND (MPH)
  HIGHEST WIND SPEED    12   HIGHEST WIND DIRECTION     W (280)
  HIGHEST GUST SPEED    15   HIGHEST GUST DIRECTION     W (280)
  AVERAGE WIND SPEED     5.8


SKY COVER
  AVERAGE SKY COVER 0.2


WEATHER CONDITIONS
 THE FOLLOWING WEATHER WAS RECORDED YESTERDAY.
  NO SIGNIFICANT WEATHER WAS OBSERVED.


RELATIVE HUMIDITY (PERCENT)
 HIGHEST    86           300 AM
 LOWEST     49           100 PM
 AVERAGE    68

..........................................................


THE BINGHAMTON NY CLIMATE NORMALS FOR TODAY
                         NORMAL    RECORD    YEAR
 MAXIMUM TEMPERATURE (F)   76        94      1952
 MINIMUM TEMPERATURE (F)   58        41      1979


SUNRISE AND SUNSET
JUNE 26 2015..........SUNRISE   529 AM EDT   SUNSET   844 PM EDT
JUNE 27 2015..........SUNRISE   529 AM EDT   SUNSET   844 PM EDT


-  INDICATES NEGATIVE NUMBERS.
R  INDICATES RECORD WAS SET OR TIED.
MM INDICATES DATA IS MISSING.
T  INDICATES TRACE AMOUNT.




$$
