000
CDUS41 KBGM 302219
CLIBGM


CLIMATE REPORT
NATIONAL WEATHER SERVICE BINGHAMTON NY
519 PM EST THU NOV 30 2017


...................................

...THE BINGHAMTON NY CLIMATE SUMMARY FOR NOVEMBER 30 2017...
VALID TODAY AS OF 0500 PM LOCAL TIME.

CLIMATE NORMAL PERIOD 1981 TO 2010
CLIMATE RECORD PERIOD 1951 TO 2017


WEATHER ITEM   OBSERVED TIME   RECORD YEAR NORMAL DEPARTURE LAST
                VALUE   (LST)  VALUE       VALUE  FROM      YEAR
                                                  NORMAL
..................................................................
TEMPERATURE (F)
 TODAY
  MAXIMUM         44    255 PM  60    2006  39      5       50
                                      2001
                                      1991
  MINIMUM         23    433 AM   3    1976  27     -4       43
  AVERAGE         34                        33      1       47

PRECIPITATION (IN)
  TODAY            0.00          0.61 1977   0.11  -0.11     0.15
  MONTH TO DATE    1.65                      3.30  -1.65     2.11
  SINCE SEP 1      7.04                     10.26  -3.22     8.97
  SINCE JAN 1     46.78                     36.47  10.31    32.52

SNOWFALL (IN)
  TODAY            0.0           4.8  1972   0.4   -0.4      0.0
  MONTH TO DATE    1.8                       5.8   -4.0     27.6
  SINCE SEP 1      1.8                       6.8   -5.0     28.6
  SINCE JUL 1      1.8                       6.8   -5.0     28.6
  SNOW DEPTH       0

DEGREE DAYS
 HEATING
  TODAY           31                        32     -1       18
  MONTH TO DATE  840                       804     36      738
  SINCE SEP 1   1317                      1512   -195     1340
  SINCE JUL 1   1398                      1575   -177     1349

 COOLING
  TODAY            0                         0      0        0
  MONTH TO DATE    0                         0      0        0
  SINCE SEP 1     78                        33     45       52
  SINCE JAN 1    349                       381    -32      563
..................................................................


WIND (MPH)
  HIGHEST WIND SPEED    21   HIGHEST WIND DIRECTION     S (180)
  HIGHEST GUST SPEED    27   HIGHEST GUST DIRECTION     S (170)
  AVERAGE WIND SPEED     8.1


SKY COVER
  AVERAGE SKY COVER 0.1


WEATHER CONDITIONS
 THE FOLLOWING WEATHER WAS RECORDED TODAY.
  NO SIGNIFICANT WEATHER WAS OBSERVED.


RELATIVE HUMIDITY (PERCENT)
 HIGHEST    88           400 AM
 LOWEST     45           200 PM
 AVERAGE    67

..........................................................


THE BINGHAMTON NY CLIMATE NORMALS FOR TOMORROW
                         NORMAL    RECORD    YEAR
 MAXIMUM TEMPERATURE (F)   38        65      2006
 MINIMUM TEMPERATURE (F)   26         6      1989


SUNRISE AND SUNSET
NOVEMBER 30 2017......SUNRISE   712 AM EST   SUNSET   433 PM EST
DECEMBER  1 2017......SUNRISE   713 AM EST   SUNSET   433 PM EST


-  INDICATES NEGATIVE NUMBERS.
R  INDICATES RECORD WAS SET OR TIED.
MM INDICATES DATA IS MISSING.
T  INDICATES TRACE AMOUNT.




$$
