000
CDUS41 KBGM 080543
CLIBGM


CLIMATE REPORT
NATIONAL WEATHER SERVICE BINGHAMTON NY
1241 AM EST THU FEB 8 2018


...................................

...THE BINGHAMTON NY CLIMATE SUMMARY FOR FEBRUARY 7 2018...

CLIMATE NORMAL PERIOD 1981 TO 2010
CLIMATE RECORD PERIOD 1951 TO 2018


WEATHER ITEM   OBSERVED TIME   RECORD YEAR NORMAL DEPARTURE LAST
                VALUE   (LST)  VALUE       VALUE  FROM      YEAR
                                                  NORMAL
..................................................................
TEMPERATURE (F)
 YESTERDAY
  MAXIMUM         26    324 PM  49    2005  30     -4       41
  MINIMUM         17    624 AM  -8    1993  16      1       28
  AVERAGE         22                        23     -1       35

PRECIPITATION (IN)
  YESTERDAY        0.64R         0.60 1986   0.08   0.56     0.44
  MONTH TO DATE    1.16                      0.56   0.60     0.53
  SINCE DEC 1      5.37                      5.84  -0.47     7.91
  SINCE JAN 1      3.96                      3.01   0.95     4.32

SNOWFALL (IN)
  YESTERDAY        5.5           8.3  1986   0.6    4.9      0.0
  MONTH TO DATE   12.2                       4.3    7.9      2.1
  SINCE DEC 1     38.4                      44.3   -5.9     43.9
  SINCE JUL 1     40.2                      51.1  -10.9     72.5
  SNOW DEPTH       5

DEGREE DAYS
 HEATING
  YESTERDAY       43                        42      1       30
  MONTH TO DATE  309                       294     15      282
  SINCE DEC 1   2931                      2791    140     2615
  SINCE JUL 1   4329                      4366    -37     3964

 COOLING
  YESTERDAY        0                         0      0        0
  MONTH TO DATE    0                         0      0        0
  SINCE DEC 1      0                         0      0        0
  SINCE JAN 1      0                         0      0        0
..................................................................


WIND (MPH)
  HIGHEST WIND SPEED    22   HIGHEST WIND DIRECTION    NW (300)
  HIGHEST GUST SPEED    33   HIGHEST GUST DIRECTION    NW (310)
  AVERAGE WIND SPEED    10.6


SKY COVER
  AVERAGE SKY COVER 0.9


WEATHER CONDITIONS
 THE FOLLOWING WEATHER WAS RECORDED YESTERDAY.
  SNOW
  LIGHT SNOW
  FOG
  FOG W/VISIBILITY <= 1/4 MILE
  HAZE


RELATIVE HUMIDITY (PERCENT)
 HIGHEST   100           200 PM
 LOWEST     67          1200 AM
 AVERAGE    84

..........................................................


THE BINGHAMTON NY CLIMATE NORMALS FOR TODAY
                         NORMAL    RECORD    YEAR
 MAXIMUM TEMPERATURE (F)   31        47      2017
 MINIMUM TEMPERATURE (F)   16       -14      1963


SUNRISE AND SUNSET
FEBRUARY  8 2018......SUNRISE   709 AM EST   SUNSET   528 PM EST
FEBRUARY  9 2018......SUNRISE   708 AM EST   SUNSET   529 PM EST


-  INDICATES NEGATIVE NUMBERS.
R  INDICATES RECORD WAS SET OR TIED.
MM INDICATES DATA IS MISSING.
T  INDICATES TRACE AMOUNT.




$$
