000
CDUS41 KBGM 030634
CLIBGM


CLIMATE REPORT
NATIONAL WEATHER SERVICE BINGHAMTON NY
233 AM EDT THU APR 3 2014


...................................

...THE BINGHAMTON NY CLIMATE SUMMARY FOR APRIL 2 2014...

CLIMATE NORMAL PERIOD 1981 TO 2010
CLIMATE RECORD PERIOD 1951 TO 2014


WEATHER ITEM   OBSERVED TIME   RECORD YEAR NORMAL DEPARTURE LAST
                VALUE   (LST)  VALUE       VALUE  FROM      YEAR
                                                  NORMAL
..................................................................
TEMPERATURE (F)
 YESTERDAY
  MAXIMUM         59    323 PM  79    2010  48     11       33
  MINIMUM         37   1159 PM  19    2013  31      6       19
  AVERAGE         48                        39      9       26

PRECIPITATION (IN)
  YESTERDAY        0.00          1.57 2005   0.12  -0.12     0.02
  MONTH TO DATE    0.00                      0.23  -0.23     0.18
  SINCE MAR 1      2.68                      3.22  -0.54     2.08
  SINCE JAN 1      8.37                      7.98   0.39     6.63

SNOWFALL (IN)
  YESTERDAY        0.0           1.8  1972   0.3   -0.3      0.5
  MONTH TO DATE    0.0                       0.5   -0.5      0.7
  SINCE MAR 1      1.9                      15.6  -13.7     15.1
  SINCE JUL 1     84.4                      79.5    4.9     68.9
  SNOW DEPTH       0

DEGREE DAYS
 HEATING
  YESTERDAY       17                        26     -9       39
  MONTH TO DATE   41                        52    -11       71
  SINCE MAR 1   1241                      1049    192     1142
  SINCE JUL 1   6712                      6248    464     6026

 COOLING
  YESTERDAY        0                         0      0        0
  MONTH TO DATE    0                         0      0        0
  SINCE MAR 1      0                         0      0        0
  SINCE JAN 1      0                         0      0        0
..................................................................


WIND (MPH)
  HIGHEST WIND SPEED    16   HIGHEST WIND DIRECTION     W (270)
  HIGHEST GUST SPEED    22   HIGHEST GUST DIRECTION     W (270)
  AVERAGE WIND SPEED     6.2


SKY COVER
  AVERAGE SKY COVER 0.1


WEATHER CONDITIONS
 THE FOLLOWING WEATHER WAS RECORDED YESTERDAY.
  NO SIGNIFICANT WEATHER WAS OBSERVED.


RELATIVE HUMIDITY (PERCENT)
 HIGHEST    70           800 AM
 LOWEST     30           400 PM
 AVERAGE    50

..........................................................


THE BINGHAMTON NY CLIMATE NORMALS FOR TODAY
                         NORMAL    RECORD    YEAR
 MAXIMUM TEMPERATURE (F)   49        79      2010
                                             1963
 MINIMUM TEMPERATURE (F)   31        12      1954


SUNRISE AND SUNSET
APRIL  3 2014.........SUNRISE   643 AM EDT   SUNSET   732 PM EDT
APRIL  4 2014.........SUNRISE   641 AM EDT   SUNSET   733 PM EDT


-  INDICATES NEGATIVE NUMBERS.
R  INDICATES RECORD WAS SET OR TIED.
MM INDICATES DATA IS MISSING.
T  INDICATES TRACE AMOUNT.




$$
