000
CDUS41 KBGM 072219
CLIBGM


CLIMATE REPORT
NATIONAL WEATHER SERVICE BINGHAMTON NY
518 PM EST SAT JAN 7 2017


...................................

...THE BINGHAMTON NY CLIMATE SUMMARY FOR JANUARY 7 2017...
VALID TODAY AS OF 0500 PM LOCAL TIME.

CLIMATE NORMAL PERIOD 1981 TO 2010
CLIMATE RECORD PERIOD 1951 TO 2017


WEATHER ITEM   OBSERVED TIME   RECORD YEAR NORMAL DEPARTURE LAST
                VALUE   (LST)  VALUE       VALUE  FROM      YEAR
                                                  NORMAL
..................................................................
TEMPERATURE (F)
 TODAY
  MAXIMUM         17    306 PM  59    2008  29    -12       40
  MINIMUM          7    746 AM  -8    2014  16     -9       18
  AVERAGE         12                        22    -10       29

PRECIPITATION (IN)
  TODAY            0.00          1.05 1979   0.08  -0.08     0.00
  MONTH TO DATE    0.64                      0.56   0.08     0.01
  SINCE DEC 1      4.23                      3.39   0.84     3.62
  SINCE JAN 1      0.64                      0.56   0.08     0.01

SNOWFALL (IN)
  TODAY            0.0           4.9  1994   0.8   -0.8      0.0
  MONTH TO DATE    0.6                       4.9   -4.3      0.8
  SINCE DEC 1     30.4                      22.7    7.7      3.0
  SINCE JUL 1     59.0                      29.5   29.5      4.1
  SNOW DEPTH       0

DEGREE DAYS
 HEATING
  TODAY           53                        43     10       36
  MONTH TO DATE  284                       295    -11      302
  SINCE DEC 1   1460                      1465     -5     1057
  SINCE JUL 1   2809                      3040   -231     2327

 COOLING
  TODAY            0                         0      0        0
  MONTH TO DATE    0                         0      0        0
  SINCE DEC 1      0                         0      0        0
  SINCE JAN 1      0                         0      0        0
..................................................................


WIND (MPH)
  HIGHEST WIND SPEED    13   HIGHEST WIND DIRECTION     N (360)
  HIGHEST GUST SPEED    15   HIGHEST GUST DIRECTION     N (360)
  AVERAGE WIND SPEED     3.4


SKY COVER
  AVERAGE SKY COVER 0.1


WEATHER CONDITIONS
 THE FOLLOWING WEATHER WAS RECORDED TODAY.
  NO SIGNIFICANT WEATHER WAS OBSERVED.


RELATIVE HUMIDITY (PERCENT)
 HIGHEST    83           600 AM
 LOWEST     53           200 PM
 AVERAGE    68

..........................................................


THE BINGHAMTON NY CLIMATE NORMALS FOR TOMORROW
                         NORMAL    RECORD    YEAR
 MAXIMUM TEMPERATURE (F)   29        63      2008
                                             1998
 MINIMUM TEMPERATURE (F)   16       -11      1968


SUNRISE AND SUNSET
JANUARY  7 2017.......SUNRISE   732 AM EST   SUNSET   449 PM EST
JANUARY  8 2017.......SUNRISE   732 AM EST   SUNSET   450 PM EST


-  INDICATES NEGATIVE NUMBERS.
R  INDICATES RECORD WAS SET OR TIED.
MM INDICATES DATA IS MISSING.
T  INDICATES TRACE AMOUNT.

$$
