000
CDUS41 KBGM 080521
CLIBGM


CLIMATE REPORT
NATIONAL WEATHER SERVICE BINGHAMTON NY
121 AM EDT FRI SEP 8 2017


...................................

...THE BINGHAMTON NY CLIMATE SUMMARY FOR SEPTEMBER 7 2017...

CLIMATE NORMAL PERIOD 1981 TO 2010
CLIMATE RECORD PERIOD 1951 TO 2017


WEATHER ITEM   OBSERVED TIME   RECORD YEAR NORMAL DEPARTURE LAST
                VALUE   (LST)  VALUE       VALUE  FROM      YEAR
                                                  NORMAL
..................................................................
TEMPERATURE (F)
 YESTERDAY
  MAXIMUM         64    241 PM  90    2007  72     -8       83
  MINIMUM         48   1056 PM  35    1984  54     -6       56
  AVERAGE         56                        63     -7       70

PRECIPITATION (IN)
  YESTERDAY        0.02          7.49 2011   0.11  -0.09      T
  MONTH TO DATE    0.92                      0.80   0.12     0.01
  SINCE SEP 1      0.92                      0.80   0.12     0.01
  SINCE JAN 1     40.66                     27.01  13.65    23.56

SNOWFALL (IN)
  YESTERDAY        0.0           0.0  2002   0.0    0.0      0.0
                                      2001
                                      2000
  MONTH TO DATE    0.0                       0.0    0.0      0.0
  SINCE SEP 1      0.0                       0.0    0.0      0.0
  SINCE JUL 1      0.0                       0.0    0.0      0.0
  SNOW DEPTH       0

DEGREE DAYS
 HEATING
  YESTERDAY        9                         4      5        0
  MONTH TO DATE   62                        23     39        8
  SINCE SEP 1     62                        23     39        8
  SINCE JUL 1    143                        86     57       17

 COOLING
  YESTERDAY        0                         2     -2        5
  MONTH TO DATE    0                        14    -14       10
  SINCE SEP 1      0                        14    -14       10
  SINCE JAN 1    271                       362    -91      521
..................................................................


WIND (MPH)
  HIGHEST WIND SPEED    17   HIGHEST WIND DIRECTION     W (250)
  HIGHEST GUST SPEED    22   HIGHEST GUST DIRECTION     W (280)
  AVERAGE WIND SPEED     7.7


SKY COVER
  AVERAGE SKY COVER 0.5


WEATHER CONDITIONS
 THE FOLLOWING WEATHER WAS RECORDED YESTERDAY.
  LIGHT RAIN
  FOG


RELATIVE HUMIDITY (PERCENT)
 HIGHEST   100          1200 AM
 LOWEST     56           200 PM
 AVERAGE    78

..........................................................


THE BINGHAMTON NY CLIMATE NORMALS FOR TODAY
                         NORMAL    RECORD    YEAR
 MAXIMUM TEMPERATURE (F)   71        88      2015
                                             2002
                                             1964
 MINIMUM TEMPERATURE (F)   54        40      1952


SUNRISE AND SUNSET
SEPTEMBER  8 2017.....SUNRISE   637 AM EDT   SUNSET   725 PM EDT
SEPTEMBER  9 2017.....SUNRISE   638 AM EDT   SUNSET   724 PM EDT


-  INDICATES NEGATIVE NUMBERS.
R  INDICATES RECORD WAS SET OR TIED.
MM INDICATES DATA IS MISSING.
T  INDICATES TRACE AMOUNT.




$$
